{"id":93,"date":"2015-07-12T18:04:08","date_gmt":"2015-07-12T18:04:08","guid":{"rendered":"http:\/\/vrigstadshembygdsforening.se\/?page_id=93"},"modified":"2020-08-18T15:16:54","modified_gmt":"2020-08-18T15:16:54","slug":"intervju-med-josef-karlsson","status":"publish","type":"page","link":"https:\/\/vrigstadshembygdsforening.se\/?page_id=93","title":{"rendered":"Intervju med Gustaf Dahl"},"content":{"rendered":"<p>Stig Marz&nbsp;intervjuar h\u00e4r&nbsp;Gustaf Dahl, tidigare borgm\u00e4staren i Sigtuna, som ber\u00e4ttar minnen fr\u00e5n sekelskiftets Vrigstad.<\/p>\n<audio class=\"wp-audio-shortcode\" id=\"audio-93-1\" preload=\"none\" style=\"width: 100%;\" controls=\"controls\"><source type=\"audio\/mpeg\" src=\"https:\/\/media.vrigstadshembygdsforening.se\/\/2015\/07\/4-Gustaf-Dahl-1-2.mp3?_=1\" \/><a href=\"https:\/\/media.vrigstadshembygdsforening.se\/\/2015\/07\/4-Gustaf-Dahl-1-2.mp3\">https:\/\/media.vrigstadshembygdsforening.se\/\/2015\/07\/4-Gustaf-Dahl-1-2.mp3<\/a><\/audio>\n<p>Om inte inspelningen startar via l\u00e4nken ovan kan du ladda ner filen (se nedan)&nbsp;till din dator och spela den i datorns mediaspelare.<\/p>\n<p><a href=\"https:\/\/media.vrigstadshembygdsforening.se\/\/2015\/07\/4-Gustaf-Dahl-1-2.mp3\">4 Gustaf Dahl 1-2<\/a>&nbsp;(10,9 MB)<\/p>\n<p>&nbsp;<\/p>\n<p>&nbsp;<\/p>\n","protected":false},"excerpt":{"rendered":"<p>Stig Marz&nbsp;intervjuar h\u00e4r&nbsp;Gustaf Dahl, tidigare borgm\u00e4staren i Sigtuna, som ber\u00e4ttar minnen fr\u00e5n sekelskiftets Vrigstad. Om inte inspelningen startar via l\u00e4nken<\/p>\n","protected":false},"author":1,"featured_media":0,"parent":0,"menu_order":0,"comment_status":"closed","ping_status":"open","template":"","meta":{"footnotes":""},"class_list":["post-93","page","type-page","status-publish","hentry"],"_links":{"self":[{"href":"https:\/\/vrigstadshembygdsforening.se\/index.php?rest_route=\/wp\/v2\/pages\/93","targetHints":{"allow":["GET"]}}],"collection":[{"href":"https:\/\/vrigstadshembygdsforening.se\/index.php?rest_route=\/wp\/v2\/pages"}],"about":[{"href":"https:\/\/vrigstadshembygdsforening.se\/index.php?rest_route=\/wp\/v2\/types\/page"}],"author":[{"embeddable":true,"href":"https:\/\/vrigstadshembygdsforening.se\/index.php?rest_route=\/wp\/v2\/users\/1"}],"replies":[{"embeddable":true,"href":"https:\/\/vrigstadshembygdsforening.se\/index.php?rest_route=%2Fwp%2Fv2%2Fcomments&post=93"}],"version-history":[{"count":7,"href":"https:\/\/vrigstadshembygdsforening.se\/index.php?rest_route=\/wp\/v2\/pages\/93\/revisions"}],"predecessor-version":[{"id":4249,"href":"https:\/\/vrigstadshembygdsforening.se\/index.php?rest_route=\/wp\/v2\/pages\/93\/revisions\/4249"}],"wp:attachment":[{"href":"https:\/\/vrigstadshembygdsforening.se\/index.php?rest_route=%2Fwp%2Fv2%2Fmedia&parent=93"}],"curies":[{"name":"wp","href":"https:\/\/api.w.org\/{rel}","templated":true}]}}

<p>Stig Marz&nbsp;intervjuar här&nbsp;Gustaf Dahl, tidigare borgmästaren i Sigtuna, som berättar minnen från sekelskiftets Vrigstad.</p>
<audio class="wp-audio-shortcode" id="audio-93-1" preload="none" style="width: 100%;" controls="controls"><source type="audio/mpeg" src="https://media.vrigstadshembygdsforening.se//2015/07/4-Gustaf-Dahl-1-2.mp3?_=1" /><a href="https://media.vrigstadshembygdsforening.se//2015/07/4-Gustaf-Dahl-1-2.mp3">https://media.vrigstadshembygdsforening.se//2015/07/4-Gustaf-Dahl-1-2.mp3</a></audio>
<p>Om inte inspelningen startar via länken ovan kan du ladda ner filen (se nedan)&nbsp;till din dator och spela den i datorns mediaspelare.</p>
<p><a href="https://media.vrigstadshembygdsforening.se//2015/07/4-Gustaf-Dahl-1-2.mp3">4 Gustaf Dahl 1-2</a>&nbsp;(10,9 MB)</p>
<p>&nbsp;</p>
<p>&nbsp;</p>

<p>Stig Marz&nbsp;intervjuar här&nbsp;Gustaf Dahl, tidigare borgmästaren i Sigtuna, som berättar minnen från sekelskiftets Vrigstad. Om inte inspelningen startar via länken</p>
