{"id":79,"date":"2015-07-12T17:44:46","date_gmt":"2015-07-12T17:44:46","guid":{"rendered":"http:\/\/vrigstadshembygdsforening.se\/?page_id=79"},"modified":"2020-08-18T15:37:06","modified_gmt":"2020-08-18T15:37:06","slug":"vrigstads-aldsta-hus","status":"publish","type":"page","link":"https:\/\/vrigstadshembygdsforening.se\/?page_id=79","title":{"rendered":"Vrigstads \u00e4ldsta hus"},"content":{"rendered":"<p>Vrigstads \u00e4ldsta hus ligger nordost om \u00e5bron, vid Torget. Det \u00e4r sannolikt byggt f\u00f6re \u00e5r 1700. Handlanden Albert Wadell, b\u00f6rdig fr\u00e5n Gr\u00e4nna, drev h\u00e4r speceri- och diversehandel fr\u00e5n mitten av 1860-talet.<br \/>\n<a href=\"https:\/\/media.vrigstadshembygdsforening.se\/\/2015\/07\/Aldsta_hus.jpg\"><img loading=\"lazy\" decoding=\"async\" class=\"alignnone size-full wp-image-80\" src=\"https:\/\/media.vrigstadshembygdsforening.se\/\/2015\/07\/Aldsta_hus.jpg\" alt=\"Aldsta_hus\" width=\"700\" height=\"386\" srcset=\"https:\/\/media.vrigstadshembygdsforening.se\/2015\/07\/Aldsta_hus.jpg 700w, https:\/\/media.vrigstadshembygdsforening.se\/2015\/07\/Aldsta_hus-300x165.jpg 300w\" sizes=\"auto, (max-width: 700px) 100vw, 700px\" \/><\/a><br \/>\nHuset t h l\u00e4t Albert Wadell bygga p\u00e5 1870-talet. Det brann ner 1956.<br \/>\n<a href=\"https:\/\/media.vrigstadshembygdsforening.se\/\/2015\/07\/Aldsta_hus1.jpg\"><img loading=\"lazy\" decoding=\"async\" class=\"alignnone size-full wp-image-83\" src=\"https:\/\/media.vrigstadshembygdsforening.se\/\/2015\/07\/Aldsta_hus1.jpg\" alt=\"Aldsta_hus1\" width=\"700\" height=\"339\" srcset=\"https:\/\/media.vrigstadshembygdsforening.se\/2015\/07\/Aldsta_hus1.jpg 700w, https:\/\/media.vrigstadshembygdsforening.se\/2015\/07\/Aldsta_hus1-300x145.jpg 300w\" sizes=\"auto, (max-width: 700px) 100vw, 700px\" \/><\/a><br \/>\n(Bildarkivet).<\/p>\n<p>Aff\u00e4r och fastighet \u00f6vertogs 1901 av J.K. Bengtsson, vanligen kallad &#8221;Kilo&#8221;, som 1931 eftertr\u00e4ddes av John Johansson. Efter en \u00f6ver 100-\u00e5rig tillvaro upph\u00f6rde aff\u00e4ren 1968. Den har sedan varit bibliotek men fungerar numera \u00e5terigen som aff\u00e4rslokal.<\/p>\n<p>\u00c5r 1895 \u00f6ppnade Telefon AB L M Ericsson telefonstation i huset. Jochen Dahlstr\u00f6m var f\u00f6rest\u00e5ndare. Han hade f\u00f6ljande sju abonnenter att betj\u00e4na: handlanden Albert Wadell, gods\u00e4garen Hugo Wessberg p\u00e5 Lundholmen, fabrik\u00f6ren Fredrik Runstedt, patronen Johan Ek, kronol\u00e4nsmannen Alfred Dahl, provinsiall\u00e4karen F A Lindegren och h\u00e4radsh\u00f6vdingen Geijer p\u00e5 Nydala herrg\u00e5rd.<br \/>\n1906 \u00f6vertogs telefonstationen av Televerket och flyttades tv\u00e4rs \u00f6ver gatan till Torget 2, d\u00e4r den f\u00f6rblev till automatiseringen 1962.<\/p>\n","protected":false},"excerpt":{"rendered":"<p>Vrigstads \u00e4ldsta hus ligger nordost om \u00e5bron, vid Torget. Det \u00e4r sannolikt byggt f\u00f6re \u00e5r 1700. Handlanden Albert Wadell, b\u00f6rdig<\/p>\n","protected":false},"author":1,"featured_media":0,"parent":0,"menu_order":0,"comment_status":"closed","ping_status":"open","template":"","meta":{"footnotes":""},"class_list":["post-79","page","type-page","status-publish","hentry"],"_links":{"self":[{"href":"https:\/\/vrigstadshembygdsforening.se\/index.php?rest_route=\/wp\/v2\/pages\/79","targetHints":{"allow":["GET"]}}],"collection":[{"href":"https:\/\/vrigstadshembygdsforening.se\/index.php?rest_route=\/wp\/v2\/pages"}],"about":[{"href":"https:\/\/vrigstadshembygdsforening.se\/index.php?rest_route=\/wp\/v2\/types\/page"}],"author":[{"embeddable":true,"href":"https:\/\/vrigstadshembygdsforening.se\/index.php?rest_route=\/wp\/v2\/users\/1"}],"replies":[{"embeddable":true,"href":"https:\/\/vrigstadshembygdsforening.se\/index.php?rest_route=%2Fwp%2Fv2%2Fcomments&post=79"}],"version-history":[{"count":3,"href":"https:\/\/vrigstadshembygdsforening.se\/index.php?rest_route=\/wp\/v2\/pages\/79\/revisions"}],"predecessor-version":[{"id":4291,"href":"https:\/\/vrigstadshembygdsforening.se\/index.php?rest_route=\/wp\/v2\/pages\/79\/revisions\/4291"}],"wp:attachment":[{"href":"https:\/\/vrigstadshembygdsforening.se\/index.php?rest_route=%2Fwp%2Fv2%2Fmedia&parent=79"}],"curies":[{"name":"wp","href":"https:\/\/api.w.org\/{rel}","templated":true}]}}