{"id":75,"date":"2015-07-12T16:31:19","date_gmt":"2015-07-12T16:31:19","guid":{"rendered":"http:\/\/vrigstadshembygdsforening.se\/?page_id=75"},"modified":"2015-07-12T16:31:19","modified_gmt":"2015-07-12T16:31:19","slug":"skolan-i-vrigstad","status":"publish","type":"page","link":"https:\/\/vrigstadshembygdsforening.se\/?page_id=75","title":{"rendered":"Skolan i Vrigstad"},"content":{"rendered":"<p>Skolan i Vrigstad har gamla anor, som g\u00e5r tillbaka \u00e4nda till \u00e5r 1648. D\u00e5 grundade friherren G\u00f6ran Gyllenstierna en skola och donerade \u00bd hemman Vrigstad M\u00e5nsag\u00e5rd till l\u00e4rarens l\u00f6n.<\/p>\n<p><a href=\"https:\/\/media.vrigstadshembygdsforening.se\/\/2015\/07\/Ga_skolan.jpg\"><img loading=\"lazy\" decoding=\"async\" class=\"alignnone size-full wp-image-76\" src=\"https:\/\/media.vrigstadshembygdsforening.se\/\/2015\/07\/Ga_skolan.jpg\" alt=\"Ga_skolan\" width=\"700\" height=\"380\" srcset=\"https:\/\/media.vrigstadshembygdsforening.se\/2015\/07\/Ga_skolan.jpg 700w, https:\/\/media.vrigstadshembygdsforening.se\/2015\/07\/Ga_skolan-300x163.jpg 300w\" sizes=\"auto, (max-width: 700px) 100vw, 700px\" \/><\/a><br \/>\nM\u00e5nsag\u00e5rden, i dagligt tal kallat Skolg\u00e5rden. (Bildarkivet)<\/p>\n<p>P\u00e5 M\u00e5nsag\u00e5rden, i dagligt tal fortfarande kallad Skolg\u00e5rden, h\u00f6lls skola i de utrymmen som var till hands, kanske i det lilla huset till h\u00f6ger om brof\u00e4stet p\u00e5 bilden. Men \u00e5r 1826 byggdes ett nytt skolhus p\u00e5 tillskyndan av biskop Esaias Tegn\u00e9r (huset t. h. p\u00e5 bilden). Det anv\u00e4ndes f\u00f6rst som skola, senare enbart som l\u00e4rarbostad. \u00c5r 1917 r\u00e4ddades det undan rivning av folkskoll\u00e4raren K A Hultkvist, som l\u00e4t flytta det till andra sidan \u00e5n, d\u00e4r det finns kvar i n\u00e4stan of\u00f6r\u00e4ndrat skick (St\u00e5lhammarska huset).<\/p>\n<p>N\u00e4r den allm\u00e4nna folkskolan inf\u00f6rdes i Sverige 1842 fick Vrigstad tv\u00e5 skolor. Dels den s k fasta skolan, som var inrymd i huset p\u00e5 bilden och som var en forts\u00e4ttning p\u00e5 friherrens pedagogi, dels en ambulatorisk skola med en l\u00e4rare, som ambulerade mellan de fyra skolrotarna och h\u00f6ll skola 10 veckor i varje rote. Till en b\u00f6rjan uppl\u00e4t b\u00f6nderna lokal i g\u00e5rdarna, men p\u00e5 1860-talet byggdes skolhusen i Virestorp, Holkaryd och \u00c5kak\u00f6p. Den f\u00f6rsta ambulerande l\u00e4raren hette C P Hultstedt, som \u00e5r 1852 eftertr\u00e4ddes av kantor Sven Granqvist. han eftertr\u00e4ddes 1884 i sin tur av J A Cel\u00e9n, som var den siste i egentlig mening ambulerande l\u00e4raren.<\/p>\n","protected":false},"excerpt":{"rendered":"<p>Skolan i Vrigstad har gamla anor, som g\u00e5r tillbaka \u00e4nda till \u00e5r 1648. D\u00e5 grundade friherren G\u00f6ran Gyllenstierna en skola<\/p>\n","protected":false},"author":1,"featured_media":0,"parent":0,"menu_order":0,"comment_status":"open","ping_status":"open","template":"","meta":{"footnotes":""},"class_list":["post-75","page","type-page","status-publish","hentry"],"_links":{"self":[{"href":"https:\/\/vrigstadshembygdsforening.se\/index.php?rest_route=\/wp\/v2\/pages\/75","targetHints":{"allow":["GET"]}}],"collection":[{"href":"https:\/\/vrigstadshembygdsforening.se\/index.php?rest_route=\/wp\/v2\/pages"}],"about":[{"href":"https:\/\/vrigstadshembygdsforening.se\/index.php?rest_route=\/wp\/v2\/types\/page"}],"author":[{"embeddable":true,"href":"https:\/\/vrigstadshembygdsforening.se\/index.php?rest_route=\/wp\/v2\/users\/1"}],"replies":[{"embeddable":true,"href":"https:\/\/vrigstadshembygdsforening.se\/index.php?rest_route=%2Fwp%2Fv2%2Fcomments&post=75"}],"version-history":[{"count":1,"href":"https:\/\/vrigstadshembygdsforening.se\/index.php?rest_route=\/wp\/v2\/pages\/75\/revisions"}],"predecessor-version":[{"id":78,"href":"https:\/\/vrigstadshembygdsforening.se\/index.php?rest_route=\/wp\/v2\/pages\/75\/revisions\/78"}],"wp:attachment":[{"href":"https:\/\/vrigstadshembygdsforening.se\/index.php?rest_route=%2Fwp%2Fv2%2Fmedia&parent=75"}],"curies":[{"name":"wp","href":"https:\/\/api.w.org\/{rel}","templated":true}]}}