{"id":694,"date":"2015-07-18T16:04:31","date_gmt":"2015-07-18T16:04:31","guid":{"rendered":"http:\/\/vrigstadshembygdsforening.se\/?page_id=694"},"modified":"2020-08-18T15:28:20","modified_gmt":"2020-08-18T15:28:20","slug":"skottet-i-gamla-bankgarden","status":"publish","type":"page","link":"https:\/\/vrigstadshembygdsforening.se\/?page_id=694","title":{"rendered":"Skottet i Gamla Bankg\u00e5rden"},"content":{"rendered":"<p>Cand phil Fritz Baggesen f\u00f6dd 1830 d\u00f6d 1891 st\u00e5r det p\u00e5 hans gravsten och det finns kanske n\u00e5gra av Er som har undrat vem det kan vara som ligger begravd d\u00e4r, och som vill bli lite n\u00e4rmare bekant med denne medlem av byalaget d\u00e4r p\u00e5 andra sidan muren.<\/p>\n<p>Som sagt: Fritz Baggesen hade titeln cand phil &#8211; tveksamt vad det innebar &#8211; det kan ha varit en examen fr\u00e5n universitetet &#8211; det kan ha varit ett s\u00e4tt att beteckna en person med r\u00e4tt att studera vid universitetet &#8211; os\u00e4kert.<\/p>\n<p>S\u00e4kert i alla fall att han hade en utbildning. Han var f\u00f6dd p\u00e5 Jylland 1827 enligt kyrkb\u00f6ckerna &#8211; inte 1830 som det st\u00e5r p\u00e5 gravstenen och han flyttade in till Vrigstad i maj 1871 fr\u00e5n Sj\u00e4lland och Nydala som st\u00e5r det i inflyttningsl\u00e4ngden.<\/p>\n<p>Han kom allts\u00e5 n\u00e4rmast fr\u00e5n Nydala hit och man kan undra d\u00e5 hur han hamnat i Nydala. Jag har inte hunnit unders\u00f6ka n\u00e4r han flyttade dit eller var han bodde &#8211; troligen hade hans flyttning samband med att Herrg\u00e5rden i Nydala \u00e4gdes av baronen Blixen-Finecke, som var av dansk sl\u00e4kt och m\u00f6jligen har Baggesen kommit till Herrg\u00e5rden som informator eller n\u00e5gon annan befattning. Flera bokh\u00e5llare och inspektorer p\u00e5 Nydala vid den h\u00e4r tiden var danskar.<\/p>\n<p>Hur som helst &#8211; 1871 kom Baggesen till Vrigstad. Han hade titeln privatl\u00e4rare. Han flyttade in i det r\u00f6da huset vid Gamla Bankg\u00e5rden &#8211; det huset som ligger l\u00e4ngs \u00e5n. Han var ensam, hans hustru hade d\u00f6tt 1865 och deras son bodde kvar hos sl\u00e4ktingar i K\u00f6penhamn.<\/p>\n<p>Samma \u00e5r fick han anst\u00e4llning i Sparbanken som sekreterare och kamrer, vilket innebar att han sk\u00f6tte den l\u00f6pande bokf\u00f6ringen och de skriverier som erfordrades. Banken var inrymd i samma hus &#8211; allts\u00e5 i det r\u00f6da vi n\u00e4mnde &#8211; och d\u00e4r sk\u00f6tte allts\u00e5 Baggesen Sparbanken tillsammans med ordf\u00f6randen doktor Lindskog, som f\u00f6rresten ocks\u00e5 \u00e4gde huset. Det var \u00f6ppet varje torsdag, d\u00e5 det ocks\u00e5 var torgdag i Vrigstad och folk \u00e4nd\u00e5 var i r\u00f6relse. Oms\u00e4ttningen var inte s\u00e5 stor p\u00e5 den tiden: n\u00e4r Baggesen b\u00f6rjade 1871 omsatte banken ca 50 000 kr och n\u00e4r han slutade 20 \u00e5r senare ca 170 000 kronor. I l\u00f6n fick han 300 kronor om \u00e5ret &#8211; den steg efter hand till 400 och n\u00e4r han slutade 1891 uppgick den till 500 kronor om \u00e5ret.<\/p>\n<p>Baggesen var som sagt ensam, n\u00e4r han kom till Vrigstad, men 1873 kunde han ta hit sin son August fr\u00e5n K\u00f6penhamn. Troligen var det d\u00e5 han b\u00f6rjade med ytterligare en verksamhet vid sidan om banktj\u00e4nsten. Han drev n\u00e4mligen en privat skola och f\u00f6rmodligen var hans f\u00f6rste elev just hans egen son, som d\u00e5 var 13 \u00e5r och som han f\u00f6rberedde f\u00f6r att komma in vid l\u00e4mplig l\u00e4roanstalt. L\u00e4rare var ju hans ursprungliga yrke s\u00e5 det kan mycket v\u00e4l t\u00e4nkas att andra f\u00f6r\u00e4ldrar med samma ambitioner f\u00f6r sina barr! skickade dem till Baggesens privatskola.<\/p>\n<p>Hans son flyttade s\u00e5 sm\u00e5ningom \u00f6ver till Apoteket p\u00e5 andra sidan v\u00e4gen &#8211; det var d\u00e5 inrymt i M\u00f6rkedala, nuvarande Perssons aff\u00e4r. Han skrevs d\u00e5 som provisor. Tv\u00e5 \u00e5r senare flyttade han till G\u00f6teborg och Baggesen var \u00e5ter ensam. Sonen blev f\u00f6rresten apotekare i Huskvarna \u00e5r 1906, d\u00e4r han sedan stannade till 1927.<\/p>\n<p>Det finns ett brev som en av Baggesens elever har skrivit, som ger oss en inblick hur det kunde g\u00e5 till i Baggesens privatskola i Vrigstad. Den som ber\u00e4ttar om skolan och l\u00e4raren heter Knut Lindvall och var son till kapten Lindvall p\u00e5 Moboda i Nydala. Han var f\u00f6dd 1876 och b\u00f6rjade tillsammans med en \u00e4ldre bror hos Baggesen n\u00e5gon g\u00e5ng i mitten p\u00e5 80-talet.<\/p>\n<p>Knut Lindvall n\u00e4mner i ett brev Baggesens stora intresse f\u00f6r botanik och det \u00e4r v\u00e4l inte f\u00f6r dj\u00e4rvt att anta, att Baggesen medverkade mycket aktivt till den Flora fr\u00e5n Vrigstad, som filosofie doktorn Vilgot Wetter, en son till kyrkoherde Wetter, och en annan av den tidens r\u00e4tt originella Vrigstadbor, sammanst\u00e4llde. Ni har kanske h\u00f6rt talas om den h\u00e4r Floran &#8211; den har varit omn\u00e4mnd i tidningen flera g\u00e5nger och en grupp botaniskt intresserade har med Vilgot Wetters Flora i handen arbetat med att inventera v\u00e4xtv\u00e4rlden h\u00e4r i Vrigstad.<\/p>\n<p>Till sist ska jag n\u00e4mna lite mer om Baggesens andra yrke, bankkamrerns. Han b\u00f6rjade som sagt i Sparbanken som sekreterare och kamrer redan 1871 &#8211; det var hans enda regelbundna inkomst. Verksamheten som privatl\u00e4rare var f\u00f6rmodligen b\u00e5de knapp och os\u00e4ker. Han fick lita till kamrersjobbet. 1886 flyttade banken ut fr\u00e5n det r\u00f6da huset d\u00e4r Baggesen bodde och d\u00e4r banken en g\u00e5ng hade b\u00f6rjat och hade fr\u00e5n och med det \u00e5ret sitt kontor vid Torget i det hus d\u00e4r nu Jotos \u00e4r. Det var stora f\u00f6r\u00e4ndringar som intr\u00e4ffade det \u00e5ret: det var dels flyttningen av kontoret, och dels byte p\u00e5 posten som ordf\u00f6rande och chef f\u00f6r banken. Bankens grundare och \u00e4garen till husen p\u00e5 Gamla Bankg\u00e5rden doktor Lindskog hade d\u00f6tt. Han eftertr\u00e4ddes av h\u00e4radsskrivaren Robert Samsioe, som fr\u00e5n och med nu blev Baggesens chef, vilket knappast var n\u00e5got f\u00f6rdelaktigt byte ur Baggesens synpunkt. Dessutom fick han ny hyresv\u00e4rd: ny \u00e4gare till fastigheterna blev \u00e4nkefru Elin Gustafsch\u00f6ld.<\/p>\n<p>F\u00f6r Baggesen var det mycket p\u00e5 en g\u00e5ng. Ingenting var l\u00e4ngre som f\u00f6rut som det varit i 15 \u00e5r, och nu b\u00f6rjade katastrofen n\u00e4rma sig. 1891 den 28 februari skulle huvudm\u00e4nnen ha sitt \u00e5rssammantr\u00e4de och de f\u00f6rsta tecknen p\u00e5 den annalkande olyckan b\u00f6rjade visa sig: revisorerna hade inte kunnat f\u00e4rdigst\u00e4lla revisionsber\u00e4ttelsen p\u00e5 grund aven del oklara poster i bokf\u00f6ringen, s\u00e5 man fick vidta den synnerligen ovanliga \u00e5tg\u00e4rden att uppskjuta \u00e5rssammantr\u00e4det. En m\u00e5nad senare, den 28 mars, l\u00e4mnade Baggesen in en skrivelse till styrelsen, d\u00e4r han tackade f\u00f6r &#8221;det f\u00f6rtroende jag i en l\u00e4ngre r\u00e4cka av \u00e5r \u00e5tnjutit&#8221; och meddelade samtidigt att han &#8221;fr\u00e5ntr\u00e4der sin st\u00e4llning som sparbankens sekreterare och r\u00e4kenskapsf\u00f6rare fr\u00e5n innevarande \u00e5rs utg\u00e5ng&#8221;. Som sk\u00e4l angav han &#8221;framryckande \u00e5lder och andra omst\u00e4ndigheter,&#8221; Hur frivillig den h\u00e4r upps\u00e4gningen var kan s\u00e4kert diskuteras. F\u00f6rmodligen visste alla vid det laget att allt inte stod r\u00e4tt till med r\u00e4kenskaperna.<\/p>\n<p>Nu f\u00f6ljde h\u00e4ndelserna slag i slag: den 27 mars var en torsdag och allts\u00e5 bankdag. D\u00e5 f\u00f6rde Baggesen protokoll och kassabok som vanligt. Dagen efter den 28:e l\u00e4mnade han sin avskedsans\u00f6kan som n\u00e4mnts. Det gick n\u00e5gra dagar och det blev torsdag igen, och bankdag, men den dagen \u00e4r protokoll och kassabok f\u00f6rda av en annan hand \u00e4n Baggesens. P\u00e5 kv\u00e4llen denna torsdagen den 2 april 1891 small skottet i Gamla Bankg\u00e5rden. Den som sk\u00f6t skottet var Fritz Baggesen och den som tr\u00e4ffades var han sj\u00e4lv. Han hade best\u00e4mt sig f\u00f6r att ta r\u00e4ttvisan i egna h\u00e4nder och att sj\u00e4lv utm\u00e4ta straffet f\u00f6r det eventuella brottet.<\/p>\n<p>Inte f\u00f6rr\u00e4n den 23 juni n\u00e4r Baggesen varit d\u00f6d i bort\u00e5t 3 m\u00e5nader kunde banken \u00e4ntligen h\u00e5lla sitt \u00e5rssammantr\u00e4de. D\u00e5 hade revisorerna konstaterat, att Baggesen tagit emot pengar fr\u00e5n allm\u00e4nheten f\u00f6r att s\u00e4tta in i banken, men beh\u00e5llit pengarna f\u00f6r egen del. Det fanns bland hans efterl\u00e4mnade papper en ordentlig f\u00f6rteckning p\u00e5 beloppen. Sammanlagt r\u00f6rde det sig om 626 kronor och 30 \u00f6re, en summa som f\u00f6r oss inte framst\u00e5r som s\u00e5 imponerande &#8211; i dagens bankverksamhet \u00e4r det v\u00e4l knappt felr\u00e4kningspengar en g\u00e5ng. F\u00f6r att f\u00e5 en uppfattning vad 626 kronor var v\u00e4rda p\u00e5 den tiden kan vi s\u00e4tta den i relation till Baggesens \u00e5rsl\u00f6n, som var 500. Den motsvarade allts\u00e5 l\u00f6nen f\u00f6r ett och ett kvarts \u00e5r. I f\u00f6rra \u00e5rets h\u00e4lsning fr\u00e5n Hembygdsf\u00f6rening ber\u00e4ttade vi om n\u00e5gra priser som noterats p\u00e5 Vrigstad marknad: 1888 kunde man f\u00f6r 626 kronor t ex k\u00f6pa 2 par prima oxar. En bra ko kostade det \u00e5ret 75 &#8211; 100 kronor. 626 kronor hade allts\u00e5 r\u00e4ckt till 6 \u00e1 7 kor, vilket faktiskt l\u00e5ngt ifr\u00e5n alla lantbruk i socknen var f\u00f6rsedda med.<\/p>\n<p>Summan var allts\u00e5 inte obetydlig, och om skottet i Gamla Bankg\u00e5rden aldrig avlossats hade Baggesen antagligen inte kunnat undg\u00e5 ett ganska k\u00e4nnbart f\u00e4ngelsestraff. Det finns visserligen en uppgift om att man i styrelsen hade beslutat att inte vidta n\u00e5gra r\u00e4ttsliga \u00e5tg\u00e4rder och att skottet f\u00f6ll just som en styrelsemedlem var p\u00e5 v\u00e4g uppf\u00f6r trappan f\u00f6r att meddela Baggesen detta, men n\u00e5gra uppgifter om detta finns inte i n\u00e5gra bevarade handlingar, vilket ju inte hindrar att de kan vara riktiga och fr\u00e5gan \u00e4r hur avsiktlig hans f\u00f6rskingring egentligen var: mellan torsdagarna l\u00e4mnade folk som inte kunde passa bankens \u00f6ppeth\u00e5llande pengar till honom, som han sedan skulle s\u00e4tta in. Det visar om inte annat att man hade f\u00f6rtroende f\u00f6r honom. Sen f\u00f6rde han aldrig in beloppen och pengarna blandades med hans egna. S\u00e5 sm\u00e5ningom gjorde dessa ins\u00e4ttare anspr\u00e5k p\u00e5 pengarna och d\u00e5 tvingades han ta andra pengar igen och s\u00e5 var en oh\u00e5llbar karusell i g\u00e5ng. Troligen hoppades han kunna reda upp det hela, eftersom han ju faktiskt f\u00f6rde noteringar \u00f6ver pengarna han fick. I 3 \u00e5r k\u00e4mpade han med sina problem innan det uppt\u00e4cktes. En tragisk omst\u00e4ndighet i sammanhanget, som man faktiskt kan fundera \u00f6ver var, att en av de revisorer, som uppdagade felaktigheterna hette Vilgot Wetter, mannen bakom Vrigstad-Floran och s\u00e4kerligen en n\u00e4ra och god v\u00e4n till Baggesen.<\/p>\n<p>Nu bor han p\u00e5 undantaget, Baggesen, p\u00e5 kyrkog\u00e5rden, en ensam fr\u00e4mling som hamnat i Vrigstad l\u00e5ngt bort fr\u00e5n hemlandet. Kanske var han i sj\u00e4lva verket mer slarvig \u00e4n kriminell, och kanske var han f\u00f6rl\u00e5ten av styrelsen, som kanske var beredd att l\u00e5ta det hela stanna vid hans avskedande. Det \u00e4r m\u00e5nga &#8221;kanske&#8221;. Vi vet inte. Vad vi vet \u00e4r att han sj\u00e4lv satte en definitiv punkt f\u00f6r hela aff\u00e4ren och ocks\u00e5 f\u00f6r sitt liv med skottet i Gamla Bankg\u00e5rden, torsdagen den 2 april 1891 kl. 6 eftermiddagen.<\/p>\n<p>Informationen om Fritz Baggesen framf\u00f6rdes av Rudolf Thunander vid en kyrkog\u00e5rdsvandring samt vid \u00d6ppet hus p\u00e5 Gr\u00f6ndal i augusti 2003. @ Rudolf Thunander<\/p>\n","protected":false},"excerpt":{"rendered":"<p>Cand phil Fritz Baggesen f\u00f6dd 1830 d\u00f6d 1891 st\u00e5r det p\u00e5 hans gravsten och det finns kanske n\u00e5gra av Er<\/p>\n","protected":false},"author":1,"featured_media":0,"parent":0,"menu_order":0,"comment_status":"closed","ping_status":"open","template":"","meta":{"footnotes":""},"class_list":["post-694","page","type-page","status-publish","hentry"],"_links":{"self":[{"href":"https:\/\/vrigstadshembygdsforening.se\/index.php?rest_route=\/wp\/v2\/pages\/694","targetHints":{"allow":["GET"]}}],"collection":[{"href":"https:\/\/vrigstadshembygdsforening.se\/index.php?rest_route=\/wp\/v2\/pages"}],"about":[{"href":"https:\/\/vrigstadshembygdsforening.se\/index.php?rest_route=\/wp\/v2\/types\/page"}],"author":[{"embeddable":true,"href":"https:\/\/vrigstadshembygdsforening.se\/index.php?rest_route=\/wp\/v2\/users\/1"}],"replies":[{"embeddable":true,"href":"https:\/\/vrigstadshembygdsforening.se\/index.php?rest_route=%2Fwp%2Fv2%2Fcomments&post=694"}],"version-history":[{"count":1,"href":"https:\/\/vrigstadshembygdsforening.se\/index.php?rest_route=\/wp\/v2\/pages\/694\/revisions"}],"predecessor-version":[{"id":695,"href":"https:\/\/vrigstadshembygdsforening.se\/index.php?rest_route=\/wp\/v2\/pages\/694\/revisions\/695"}],"wp:attachment":[{"href":"https:\/\/vrigstadshembygdsforening.se\/index.php?rest_route=%2Fwp%2Fv2%2Fmedia&parent=694"}],"curies":[{"name":"wp","href":"https:\/\/api.w.org\/{rel}","templated":true}]}}