{"id":679,"date":"2015-07-18T15:07:36","date_gmt":"2015-07-18T15:07:36","guid":{"rendered":"http:\/\/vrigstadshembygdsforening.se\/?page_id=679"},"modified":"2020-08-18T16:31:18","modified_gmt":"2020-08-18T16:31:18","slug":"donerade-hemman","status":"publish","type":"page","link":"https:\/\/vrigstadshembygdsforening.se\/?page_id=679","title":{"rendered":"Donerade hemman"},"content":{"rendered":"<p><strong>De till skolan i Vrigstad donerade hemmanen Vrigstads M\u00e5nsag\u00e5rd och Holkaryds Lilleg\u00e5rd <\/strong><\/p>\n<p>Uppgifter ang\u00e5ende dess tillkomsthistoria, best\u00e4mmelser ang\u00e5ende f\u00f6rvaltning och disposition av avkastningen sammanst\u00e4llda p\u00e5 uppdrag av Vrigstads skolstyrelse av Rudolf Thunander, fil.mag., adjunkt. Oktober 1969<\/p>\n<p><strong>Vrigstads M\u00e5nsag\u00e5rd <\/strong><br \/>\n\u00c5r 1648 grundade friherren till Lundholmen G\u00f6ran Gyllenstierna en skola f\u00f6r friherrskapets barn. Som l\u00e4rare anst\u00e4llde han en pr\u00e4stman och till dennes l\u00f6n anslog han hemmanet Lilla Lunnaberg. \u00c5r 1666 gjorde friherren den \u00e4ndringen, att hemmanet Lilla Lunnaberg utbyttes mot Vrigstads M\u00e5nsag\u00e5rd. Detta hemman har allt sedan dess, d.v.s. i \u00f6ver 300 \u00e5r tillh\u00f6rt skolan i Vrigstad.<\/p>\n<p>Den reduktion, som Karl XI genomf\u00f6rde p\u00e5 1670-talet, innebar bl.a. att alla f\u00f6rl\u00e4nade jordar indrogs till kronan. S\u00e5 skedde ocks\u00e5 med friherrskapet Lundholmen, som \u00e5r 1680 fr\u00e5ntogs friherren och \u00e5tergick till kronan. De hemman, som av friherren anslagits f\u00f6r s\u00e4rskilda \u00e4ndam\u00e5l, t.ex. pr\u00e4stg\u00e5rden och pedagogens hemman Vrigstads M\u00e5nsag\u00e5rd kom h\u00e4rigenom i ett os\u00e4kert och oklart l\u00e4ge. Genom ett kungligt brev \u00e5r 1682 f\u00f6rs\u00e4krades emellertid kungen, att den d\u00e5varande pedagogen Andreas Wallander skulle \u00e5tnjuta sina r\u00e4ttigheter som f\u00f6rut s\u00e5 l\u00e4nge han levde.<\/p>\n<p>N\u00e4r Wallander dog 1687 bekr\u00e4ftades p\u00e5 nytt (det s.k. r\u00e5dsbrevet 1687, vars inneh\u00e5ll \u00e5terges i K. A. Hultkvists anteckningar i kyrkoarkivet), att Vrigstads M\u00e5nsag\u00e5rd skulle f\u00f6rbli pedagoghemman, d.v.s. pedagogien skulle best\u00e5 och hemmanet skulle svara f\u00f6r pedagogens avl\u00f6ning. I brevet fick skolan namnet pedagogi och det f\u00f6reskrevs, att pedagogen i forts\u00e4ttningen skulle utses av Domkapitlet i V\u00e4xj\u00f6. Hemmanet tj\u00e4nstgjorde som bostad och som avl\u00f6ning \u00e5t pedagogen under hela 1700-talet och fram till 1879, d\u00e5 pedagogien inlemmades i det allm\u00e4nna folkskolev\u00e4sendet. Fr\u00e5n och med detta \u00e5r fick f\u00f6rsamlingen r\u00e4tt att sj\u00e4lva i laga ordning utse och anst\u00e4lla l\u00e4raren.<\/p>\n<p><strong>Holkaryds Lilleg\u00e5rd<\/strong><br \/>\nN\u00e4r Esaias Tegn\u00e9r blev biskop i V\u00e4xj\u00f6 \u00e5r 1824 hade pedagogbefattningen i Vrigstad p\u00e5 grund av d\u00f6dsfall just blivit ledig. Ett av Tegn\u00e9rs f\u00f6rsta \u00e4mbets\u00e5ligganden r\u00e5kade d\u00e4rf\u00f6r bli att tills\u00e4tta en ny innehavare av pedagogtj\u00e4nsten. Han var mycket intresserad av skolfr\u00e5gor och tog nu ett personligt intresse i saken. Han bes\u00f6kte Vrigstad vid ett par tillf\u00e4llen och kunde konstatera att skolan inte var i det skick den borde vara. Han inriktade sig p\u00e5 tv\u00e5 \u00e5tg\u00e4rder: dels ett nytt skolhus, som han ocks\u00e5 lyckades f\u00e5r f\u00f6rsamlingen att bygga (f\u00e4rdigt 1826, nuvarande St\u00e5lhammarska huset), dels p\u00e5 att p\u00e5 n\u00e5got s\u00e4tt f\u00e5 f\u00f6rst\u00e4rkning av l\u00f6nen till pedagogen, f\u00f6r att p\u00e5 det s\u00e4ttet locka b\u00e4ttre l\u00e4rare till skolan.<\/p>\n<p>Vid ett av sina bes\u00f6k i Vrigstad sammantr\u00e4ffade Tegn\u00e9r med \u00e4nkej\u00e4gm\u00e4starinnan Elisabet Hafstr\u00f6m p\u00e5 Gnillinge, d\u00e5 85 \u00e5r gammal och en av traktens st\u00f6rsta f\u00f6rm\u00f6genhets\u00e4gare. Han intresserade henne f\u00f6r skolans problem, och hon lovade, att se till att det blev f\u00f6rst\u00e4rkning av pedagogl\u00f6nen. Hon uppfyllde sitt l\u00f6fte genom att 1825 donera ett av sina m\u00e5nga hemman Holkaryds Lilleg\u00e5rd, till \u201dVrigstads f\u00f6rsamlings pedagogi s\u00e5som \u00e4go och till\u00f6kning i l\u00f6nen&#8221;.<\/p>\n<p><strong>G\u00fcldenstiernska skolfonden <\/strong><br \/>\nN\u00e4r f\u00f6rsamlingen \u00e5r 1909 beg\u00e4rde tillst\u00e5nd att f\u00e5 s\u00e4lja byggnaderna p\u00e5 soldattorpet Backen, i vilket Vrigstads M\u00e5nsag\u00e5rd hade del, f\u00f6reskrevs i Kungl. brev 15 oktober 1909, att k\u00f6pesumman skulle f\u00f6rvaltas som en fond med namnet &#8221;G\u00fcldenstiernska skolfonden\u201d. N\u00e4r sedan hela torpet s\u00e5ldes, f\u00f6reskrevs i Kungl. brev den 21 november 1913 att \u00e4ven denna k\u00f6pesumma skulle tillf\u00f6ras fonden.<\/p>\n<p><strong>Elisabet Hafstr\u00f6ms donationsfond <\/strong><br \/>\nDenna fond har tillkommit p\u00e5 liknande s\u00e4tt som G\u00fcldenstiernska skolfonden. \u00c5r 1905 s\u00e5ldes soldattorpet M\u00f6cklaberg, i vilket Holkaryds Lilleg\u00e5rd hade en andel. I Kungl. brev den 3 november 1905 f\u00f6reskrev att k\u00f6pesumman som f\u00f6rs\u00e4ljningen inbringat, skulle f\u00f6rvaltas i form av en fond kallad Elisabet Hafstr\u00f6ms donationsfond.<\/p>\n<p>Fonden b\u00f6r inte f\u00f6rv\u00e4xlas med Algot Hafstr\u00f6ms premiefond, som ocks\u00e5 f\u00f6rvaltas av skolstyrelsen, men som har en helt annan tillkomsthistoria.<\/p>\n<p><strong>F\u00f6rvaltning Vrigstads M\u00e5nsag\u00e5rd<\/strong><br \/>\n\u00c5ren 1666 &#8211; 1680 har f\u00f6rvaltningen sk\u00f6tts av friherren till Lundholmen. Fr\u00e5n och med 1682 fram till 1879 har Vrigstads f\u00f6rsamling f\u00f6rvaltat hemmanet p\u00e5 samma s\u00e4tt som pr\u00e4stg\u00e5rden. Samtliga pedagoger som innehavt pedagogtj\u00e4nsten fr\u00e5n och med 1648 till och med 1878 har varit pr\u00e4ster och vid sidan av tj\u00e4nsten som l\u00e4rare i pedagogien tj\u00e4nstgjort som pr\u00e4ster i f\u00f6rsamlingen. M\u00e5nga av de sista innehavarna utn\u00e4mndes till pedagoger och till vice pastor i f\u00f6rsamlingen.<\/p>\n<p>Efter 1879 har n\u00e5got annorlunda best\u00e4mmelser g\u00e4llt. De \u00e5terfinnas i Kungl. brev av den 24 oktober 1879 och innebar bl.a. att utarrenderingen skulle ske \u201dp\u00e5 s\u00e4tt och i den ordning som f\u00f6r pr\u00e4sterliga l\u00e4genheter funnes stadgat\u201d.&nbsp; Fr\u00e5n 1915 var hemmanets skog- och hagmark st\u00e4llda under skogsstatens v\u00e5rd och f\u00f6rvaltning, men fr\u00e5n och med 1927 skulle \u00e4ven skogen f\u00f6rvaltas av f\u00f6rsamlingen.<\/p>\n<p>\u00c5ren 1934 &#8211; 1952 f\u00f6rvaltades hemmanet av \u201dde kommunala organ, p\u00e5 vilka det f\u00f6rfattningsenligt ankommer att handhava v\u00e5rden om folkskolev\u00e4sendet i f\u00f6r samlingen\u201d.<\/p>\n<p>Fr\u00e5n och med 1952 och storkommunbildningen omh\u00e4nderhas f\u00f6rvaltningen av kommunens skolstyrelse, enligt regeringsbeslut 1951.<\/p>\n<p><strong>Holkaryds Lilleg\u00e5rd<\/strong><br \/>\nF\u00f6rvaltningen av Holkaryds Lilleg\u00e5rd har varit ordnad p\u00e5 samma s\u00e4tt som ovan beskrivits f\u00f6r Vrigstads M\u00e5nsag\u00e5rd. De Kungl. brev, som inneh\u00e5ller best\u00e4mmelser ang\u00e5ende f\u00f6rvaltningen och som \u00e5terfinnes som bilagor och avser \u00e4ven Holkaryds Lilleg\u00e5rd.<\/p>\n<p><strong>G\u00fcldenstiernska skolfonden och Elisabet Hafstr\u00f6ms donationsfond <\/strong><br \/>\nEnligt f\u00f6reskrifter i Kungl. Brev 1905, 1909 och 1913 skulle f\u00f6rvaltningen omh\u00e4nderhavas av Vrigstads f\u00f6rsamlings skolr\u00e5d.<\/p>\n<p>Avkastning Avkastningen av hemmanen, Vrigstads M\u00e5nsag\u00e5rd s\u00e5v\u00e4l som Holkaryds Lilleg\u00e5rd har fram till 1879 uppburits av pedagogen d.v.s. innehavaren av tj\u00e4nsten som l\u00e4rare vid pedagogien.<\/p>\n<p>\u00c5r 1879 best\u00e4mdes i Kungl. brev att avkastningen skulle tillfalla l\u00e4raren. Om avkastningen inte uppgick till 500 kronor \u00e5rligen skulle f\u00f6rsamlingen tillskjuta resterande belopp, och om avkastningen \u00f6versteg 500 kronor skulle \u00f6verskottet delas s\u00e5 att l\u00e4raren erh\u00f6ll en tredjedel och tv\u00e5 tredjedelar anv\u00e4ndes till premier \u00e5t skolbarn.<\/p>\n<p>\u00c5r 1909 f\u00f6reskrev i Kungl. brev att avlastningen fr\u00e5n hemmanen skall ing\u00e5 till f\u00f6rsamlingens skolkassa, att anv\u00e4ndas till f\u00f6rb\u00e4ttrande av skolv\u00e4sendet i f\u00f6rsamlingen, under villkor att skolan i Vrigstads kyrkby f\u00f6rsattes i fullt tillfredst\u00e4llande skick, att minst 100 kronor \u00e5rligen avsattes till premier och att l\u00e4raren K. A. Hultkvist erh\u00f6ll 100 kronor \u00e5rligen i till\u00e4ggspension.<\/p>\n<p>\u00c5r 1927 f\u00f6reskrevs i Kungl. brev, att avkastningen skall anv\u00e4ndas till f\u00f6rb\u00e4ttrande av skolv\u00e4sendet i Vrigstads f\u00f6rsamling, vilket upprepades i Kungl. brevet 1934.<\/p>\n<p>\u00c5r 1952 f\u00f6reskrevs att avkastningen skall komma hela den nybildade storkommunen tillgodo.<\/p>\n<p>Betr\u00e4ffande avkastningen av fonderna, G\u00fcldenstiernska skolfonden och Elisabet Hafstr\u00f6ms donationsfond, g\u00e4ller samma sak som g\u00e4ller f\u00f6r hemmanen. Avkastningen skall ing\u00e5 till skolkassan att anv\u00e4ndas till f\u00f6rb\u00e4ttring av skolv\u00e4sendet i Vrigstads f\u00f6rsamling. N\u00e5gon best\u00e4mmelse om att avkastningen av fonderna skall komma hela storkommunen tillgodo finns inte.<\/p>\n<p><strong>Sammanfattning <\/strong><br \/>\nNu g\u00e4llande best\u00e4mmelser f\u00f6r f\u00f6rvaltning och disposition av avkastningen fr\u00e5n donationerna \u00e4r f\u00f6ljande:<br \/>\nHemmanen Vrigstads M\u00e5nsag\u00e5rd och Holkaryds Lilleg\u00e5rd F\u00f6rvaltas av Vrigstads kommuns skolstyrelse. Avkastningen skall anv\u00e4ndas att f\u00f6rb\u00e4ttra skolv\u00e4sendet i kommunen. Den skall komma hela storkommunen tillgodo.<\/p>\n<p>Fonderna G\u00fcldenstiernska skolfonden och Elisabet Hafstr\u00f6ms donationsfond F\u00f6rvaltas av Vrigstads kommuns skolstyrelse. Avkastningen skall anv\u00e4ndas att f\u00f6rb\u00e4ttra skolv\u00e4sendet i f\u00f6rsamlingen, d.v.s. Vrigstads gamla kommun.<\/p>\n","protected":false},"excerpt":{"rendered":"<p>De till skolan i Vrigstad donerade hemmanen Vrigstads M\u00e5nsag\u00e5rd och Holkaryds Lilleg\u00e5rd Uppgifter ang\u00e5ende dess tillkomsthistoria, best\u00e4mmelser ang\u00e5ende f\u00f6rvaltning och<\/p>\n","protected":false},"author":1,"featured_media":0,"parent":0,"menu_order":0,"comment_status":"closed","ping_status":"open","template":"","meta":{"footnotes":""},"class_list":["post-679","page","type-page","status-publish","hentry"],"_links":{"self":[{"href":"https:\/\/vrigstadshembygdsforening.se\/index.php?rest_route=\/wp\/v2\/pages\/679","targetHints":{"allow":["GET"]}}],"collection":[{"href":"https:\/\/vrigstadshembygdsforening.se\/index.php?rest_route=\/wp\/v2\/pages"}],"about":[{"href":"https:\/\/vrigstadshembygdsforening.se\/index.php?rest_route=\/wp\/v2\/types\/page"}],"author":[{"embeddable":true,"href":"https:\/\/vrigstadshembygdsforening.se\/index.php?rest_route=\/wp\/v2\/users\/1"}],"replies":[{"embeddable":true,"href":"https:\/\/vrigstadshembygdsforening.se\/index.php?rest_route=%2Fwp%2Fv2%2Fcomments&post=679"}],"version-history":[{"count":2,"href":"https:\/\/vrigstadshembygdsforening.se\/index.php?rest_route=\/wp\/v2\/pages\/679\/revisions"}],"predecessor-version":[{"id":4336,"href":"https:\/\/vrigstadshembygdsforening.se\/index.php?rest_route=\/wp\/v2\/pages\/679\/revisions\/4336"}],"wp:attachment":[{"href":"https:\/\/vrigstadshembygdsforening.se\/index.php?rest_route=%2Fwp%2Fv2%2Fmedia&parent=679"}],"curies":[{"name":"wp","href":"https:\/\/api.w.org\/{rel}","templated":true}]}}