{"id":6768,"date":"2024-01-03T11:01:44","date_gmt":"2024-01-03T11:01:44","guid":{"rendered":"https:\/\/vrigstadshembygdsforening.se\/?page_id=6768"},"modified":"2024-01-22T18:14:06","modified_gmt":"2024-01-22T18:14:06","slug":"aktiviteter-2023","status":"publish","type":"page","link":"https:\/\/vrigstadshembygdsforening.se\/?page_id=6768","title":{"rendered":"Aktiviteter 2023"},"content":{"rendered":"\n<p>Autografer och levnadsminnen stod p\u00e5 programmet d\u00e5 Vrigstads hembygdsf\u00f6rening bj\u00f6d in till en temakv\u00e4ll den&nbsp;<strong>2 februari<\/strong>. Tr\u00e4ffen inleddes med att Lars Lindblad visade ett litet urval ur sin \u00f6ver 6&nbsp;000 autografer stora samling. Vi fick se autografer av politiker, sk\u00e5despelare, f\u00f6rfattare och mediafolk. Lars ber\u00e4ttade trevliga episoder bl.a. kring hur han f\u00e5tt autograferna. M\u00e5nga hade han tr\u00e4ffat personligen p\u00e5 bl.a. bokm\u00e4ssor men \u00e4ven hans mamma Siv hade bist\u00e5tt med n\u00e5gra av den mesta eftertraktade. En av de f\u00f6rsta han f\u00e5tt var av Agneta F\u00e4ltskog d\u00e5 hon upptr\u00e4tt p\u00e5 Gubbakulan l\u00e5ngt innan Abba-tiden.<\/p>\n\n\n\n<figure class=\"wp-block-image is-style-default\"><img loading=\"lazy\" decoding=\"async\" width=\"800\" height=\"532\" src=\"https:\/\/media.vrigstadshembygdsforening.se\/\/20230202.jpg\" alt=\"\" class=\"wp-image-6315\" srcset=\"https:\/\/media.vrigstadshembygdsforening.se\/20230202.jpg 800w, https:\/\/media.vrigstadshembygdsforening.se\/20230202-300x200.jpg 300w, https:\/\/media.vrigstadshembygdsforening.se\/20230202-768x511.jpg 768w\" sizes=\"auto, (max-width: 800px) 100vw, 800px\" \/><figcaption class=\"wp-element-caption\">Lars Lindblad ber\u00e4ttade om sitt autografsamlande.<\/figcaption><\/figure>\n\n\n\n<p>En film fr\u00e5n ett bes\u00f6k p\u00e5 G\u00f6ransg\u00e5rden 2019 d\u00e4r Stig Marz intervjuade Siv Lindblad, Rut Karlsson Elg och Vivianne Andersson avslutade kv\u00e4llen. H\u00e4r ber\u00e4ttade intervjupersonerna bl.a. sina&nbsp;uppv\u00e4xtminnen och hur deras vuxna liv gestaltat sig.<\/p>\n\n\n\n<p>Torsdagen den&nbsp;<strong>9 mars<\/strong>&nbsp;h\u00f6ll f\u00f6reningen sitt \u00e5rsm\u00f6te, med ett 50-tal medlemmar, i f\u00f6rsamlingshemmet. En ordinarie ledamot, Andreas Ljung, en suppleant, Ted Wolfram samt Lennart Fyhrlund i valberedningen hade avb\u00f6jt omval och i deras st\u00e4lle valdes Tommy Elg, Olof Karlsson och Ragnvald Gustavsson.<\/p>\n\n\n\n<figure class=\"wp-block-image is-style-default\"><img loading=\"lazy\" decoding=\"async\" width=\"700\" height=\"465\" src=\"https:\/\/media.vrigstadshembygdsforening.se\/\/230309.jpg\" alt=\"\" class=\"wp-image-6364\" srcset=\"https:\/\/media.vrigstadshembygdsforening.se\/230309.jpg 700w, https:\/\/media.vrigstadshembygdsforening.se\/230309-300x199.jpg 300w\" sizes=\"auto, (max-width: 700px) 100vw, 700px\" \/><figcaption class=\"wp-element-caption\">Kerstin Carlsson avtackar Lennart Fyhrlund, Andreas Ljung samt \u00e5rsm\u00f6tets ordf\u00f6rande Bengt Swerlander med blommor.<\/figcaption><\/figure>\n\n\n\n<p>F\u00f6reningen fyller 75 \u00e5r under 2023 och vi planerar d\u00e4rf\u00f6r ett antal extra aktiviteter. F\u00f6reningen kommer att ge ut en ny bok med information och bilder fr\u00e5n de g\u00e5ngna 75 \u00e5ren. Vi kommer \u00e4ven att anordna en bildt\u00e4vling d\u00e4r de som vill delta i en t\u00e4vling ska hitta var minst 22 av 24 bilder \u00e4r tagna. Bilderna \u00e4r tagna p\u00e5 t.ex. detaljer p\u00e5 byggnader eller liknande i eller runt samh\u00e4llet. T\u00e4vlingsblanketten kommer att tryckas och finnas tillg\u00e4nglig gratis inom kort.<\/p>\n\n\n\n<p>\u201dMitt smultronst\u00e4lle\u201d blir en annan aktivitet d\u00e4r styrelseledam\u00f6ter eller, \u00e4nnu hellre, medlemmar presenterar sitt smultronst\u00e4lle vid en promenad eller cykeltur runt Vrigstad i sommar. Jubileums\u00e5ret kommer att ha sin kulmen den 17 september d\u00e5 f\u00f6reningen kommer att bjuda p\u00e5 s\u00e5ng- och musikunderh\u00e5llning samt t\u00e5rta till bes\u00f6kare i Badhuset.<\/p>\n\n\n\n<p>Vi visade dessutom en film fr\u00e5n 2001 d\u00e4r Rudolf Thunander guidade oss runt vid Lundbyhus, Koppardammen och Kvarnfallet.<\/p>\n\n\n\n<p>Vid J\u00f6nk\u00f6pings l\u00e4ns hembygdsf\u00f6rbunds \u00e5rsm\u00f6te den&nbsp;<strong>22 april<\/strong>&nbsp;tilldelades Vrigstads hembygdsf\u00f6rening f\u00f6rbundets Hederspris 2023. I motiveringen framh\u00e5ller man f\u00f6reningens aktiviteter, flitiga dokumentation av Vrigstad, \u00e4ven i nutid, samt f\u00f6reningens mycket positiva medlemsutveckling.<\/p>\n\n\n\n<p>I samband med ett styrelsem\u00f6te den&nbsp;<strong>4 maj<\/strong>&nbsp;passade styrelsen med hj\u00e4lp av kaffekommitt\u00e9n p\u00e5 att st\u00e4da stugorna p\u00e5 Gr\u00f6ndal och r\u00e4fsa i tr\u00e4fg\u00e5rden.<\/p>\n\n\n\n<figure class=\"wp-block-image is-style-default\"><img loading=\"lazy\" decoding=\"async\" width=\"700\" height=\"394\" src=\"https:\/\/media.vrigstadshembygdsforening.se\/\/230504.jpg\" alt=\"Anders Johansson, Thommy Elg och Sven-Olof Svensson sk\u00f6tte r\u00e4fsningen.\" class=\"wp-image-6493\" srcset=\"https:\/\/media.vrigstadshembygdsforening.se\/230504.jpg 700w, https:\/\/media.vrigstadshembygdsforening.se\/230504-300x169.jpg 300w\" sizes=\"auto, (max-width: 700px) 100vw, 700px\" \/><\/figure>\n\n\n\n<p>S\u00f6ndagen den&nbsp;<strong>14 maj<\/strong>&nbsp;bes\u00f6kte ett 20-tal personer ett av Kerstin Carlssons \u201dsmultronst\u00e4llen\u201d. Vi samlades vid Sunnerby \u00c5g\u00e5rd med cykel. Efter ett par kilometers cykelf\u00e4rd och en knapp kilometers promenad kom vi fram till Kerstins smultronst\u00e4lle \u2013 Bruskek\u00e4lla. Kerstin ber\u00e4ttade om k\u00e4llan som troligen tre torp i n\u00e4rheten anv\u00e4nt som sin vattenk\u00e4lla. K\u00e4llan fryser inte under vintern och det fl\u00f6dade hela tiden fram nytt vatten ur k\u00e4llan. Alla kunde njuta av sitt medhavda fika.<\/p>\n\n\n\n<figure class=\"wp-block-image is-style-default\"><img loading=\"lazy\" decoding=\"async\" width=\"700\" height=\"376\" src=\"https:\/\/media.vrigstadshembygdsforening.se\/\/230514.jpg\" alt=\"\" class=\"wp-image-6508\" srcset=\"https:\/\/media.vrigstadshembygdsforening.se\/230514.jpg 700w, https:\/\/media.vrigstadshembygdsforening.se\/230514-300x161.jpg 300w\" sizes=\"auto, (max-width: 700px) 100vw, 700px\" \/><\/figure>\n\n\n\n<p>Bildt\u00e4vlingen p\u00e5g\u00e5r f\u00f6r fullt. Den&nbsp;<strong>21 maj<\/strong>&nbsp;var Therese, Carina och Tommy Elg p\u00e5 jakt efter platser d\u00e4r bildt\u00e4vlingens bilder \u00e4r tagna. H\u00e4r hittade man en av bilderna.<\/p>\n\n\n\n<figure class=\"wp-block-image is-style-default\"><img loading=\"lazy\" decoding=\"async\" width=\"700\" height=\"466\" src=\"https:\/\/media.vrigstadshembygdsforening.se\/\/20230521_Bild.jpg\" alt=\"\" class=\"wp-image-6514\" srcset=\"https:\/\/media.vrigstadshembygdsforening.se\/20230521_Bild.jpg 700w, https:\/\/media.vrigstadshembygdsforening.se\/20230521_Bild-300x200.jpg 300w\" sizes=\"auto, (max-width: 700px) 100vw, 700px\" \/><\/figure>\n\n\n\n<p>Den&nbsp;<strong>30 maj<\/strong>&nbsp;hade J\u00f6nk\u00f6pings l\u00e4ns hembygdsf\u00f6rbund f\u00f6rlagt sitt styrelsem\u00f6te till Vrigstad. Man passade d\u00e5 p\u00e5 att dela ut det formella priset som \u00c5rets hembygdsf\u00f6rening \u2013 i form av en en. F\u00f6rbundets ordf\u00f6rande Irene Oskarsson inledde med att ber\u00e4tta om utm\u00e4rkelsen och motiveringen till varf\u00f6r Vrigstads hembygdsf\u00f6rening tilldelats \u00e5rets utm\u00e4rkelse bland l\u00e4nets 137 f\u00f6reningar.<br>Motivering: Vrigstads Hembygdsf\u00f6renings verksamhet \u00e4r ett gott exempel p\u00e5 hur ett medvetet arbete med fokus p\u00e5 1900-tal och nutid skapar intresse f\u00f6r den bygd man lever i. F\u00f6reningens ut\u00e5triktade verksamhet har resulterat i att medlemsantalet fr\u00e5n \u00e5r 2016 har \u00f6kat fr\u00e5n cirka 300 till 535 \u00e5r 2022.<\/p>\n\n\n\n<figure class=\"wp-block-image is-style-default\"><img loading=\"lazy\" decoding=\"async\" width=\"700\" height=\"465\" src=\"https:\/\/media.vrigstadshembygdsforening.se\/\/230530_1.jpg\" alt=\"\" class=\"wp-image-6533\" srcset=\"https:\/\/media.vrigstadshembygdsforening.se\/230530_1.jpg 700w, https:\/\/media.vrigstadshembygdsforening.se\/230530_1-300x199.jpg 300w\" sizes=\"auto, (max-width: 700px) 100vw, 700px\" \/><\/figure>\n\n\n\n<p>Enen planterades sedan av representanter f\u00f6r hembygdsf\u00f6reningen.<\/p>\n\n\n\n<figure class=\"wp-block-image is-style-default\"><img loading=\"lazy\" decoding=\"async\" width=\"700\" height=\"465\" src=\"https:\/\/media.vrigstadshembygdsforening.se\/\/230530_2.jpg\" alt=\"\" class=\"wp-image-6534\" srcset=\"https:\/\/media.vrigstadshembygdsforening.se\/230530_2.jpg 700w, https:\/\/media.vrigstadshembygdsforening.se\/230530_2-300x199.jpg 300w\" sizes=\"auto, (max-width: 700px) 100vw, 700px\" \/><\/figure>\n\n\n\n<p>F\u00f6reningen bj\u00f6ds sedan f\u00f6rbundets styrelse, med representanter f\u00f6r hela l\u00e4net, p\u00e5 ostkaka fr\u00e5n Vrigstad.<\/p>\n\n\n\n<figure class=\"wp-block-image is-style-default\"><img loading=\"lazy\" decoding=\"async\" width=\"700\" height=\"465\" src=\"https:\/\/media.vrigstadshembygdsforening.se\/\/230530_4.jpg\" alt=\"\" class=\"wp-image-6535\" srcset=\"https:\/\/media.vrigstadshembygdsforening.se\/230530_4.jpg 700w, https:\/\/media.vrigstadshembygdsforening.se\/230530_4-300x199.jpg 300w\" sizes=\"auto, (max-width: 700px) 100vw, 700px\" \/><\/figure>\n\n\n\n<p>Under vecka 22 och 23 har Vrigstad skola haft sin \u00e5rliga hembygdsvecka. Som vanligt har hembygdsf\u00f6reningen varit engagerad i en del av klassernas aktiviteter. Eleverna har bl.a. bes\u00f6kt och tagit del av de informationsskyltar f\u00f6reningen satt upp i samh\u00e4llet, bes\u00f6kt Gamla Bankg\u00e5rden och Gr\u00f6ndal samt varit med om en lektion \u201di gamla tiders skola\u201d.<\/p>\n\n\n\n<figure class=\"wp-block-image is-style-default\"><img loading=\"lazy\" decoding=\"async\" width=\"700\" height=\"437\" src=\"https:\/\/media.vrigstadshembygdsforening.se\/\/Hembv_23.jpg\" alt=\"\" class=\"wp-image-6544\" srcset=\"https:\/\/media.vrigstadshembygdsforening.se\/Hembv_23.jpg 700w, https:\/\/media.vrigstadshembygdsforening.se\/Hembv_23-300x187.jpg 300w\" sizes=\"auto, (max-width: 700px) 100vw, 700px\" \/><figcaption class=\"wp-element-caption\">Kerstin Carlsson och B\u00f6rje Cronvall har tr\u00e4ffat elever under den g\u00e5ngna veckan.<\/figcaption><\/figure>\n\n\n\n<p>S\u00f6ndagen den&nbsp;<strong>18 juni<\/strong>&nbsp;bes\u00f6kte vi Hatten \u2013 ett av Thommy Elgs \u201dsmultronst\u00e4llen\u201d. Hatten \u00e4r sedan 2010 ett naturreservat p\u00e5 209 hektar med h\u00f6jder, raviner, branter, flacka v\u00e5tmarker, forsande vatten och stora skogar. Tommy presenterade bes\u00f6ksm\u00e5let som dock var annorlunda j\u00e4mf\u00f6rt med normalt \u2013 vid v\u00e5rt bes\u00f6k fanns p\u00e5 grund av torkan inget vatten alls i Kvarnfallet. 21 personer deltog i promenaden utmed fina stigar och vid Kvarnfallet avnj\u00f6ts det medhavda kaffet.<\/p>\n\n\n\n<figure class=\"wp-block-image is-style-default\"><img loading=\"lazy\" decoding=\"async\" width=\"1024\" height=\"681\" src=\"https:\/\/media.vrigstadshembygdsforening.se\/\/20230618_145644-1024x681.jpg\" alt=\"\" class=\"wp-image-6566\" srcset=\"https:\/\/media.vrigstadshembygdsforening.se\/20230618_145644-1024x681.jpg 1024w, https:\/\/media.vrigstadshembygdsforening.se\/20230618_145644-300x199.jpg 300w, https:\/\/media.vrigstadshembygdsforening.se\/20230618_145644-768x511.jpg 768w, https:\/\/media.vrigstadshembygdsforening.se\/20230618_145644-1536x1021.jpg 1536w, https:\/\/media.vrigstadshembygdsforening.se\/20230618_145644-2048x1362.jpg 2048w\" sizes=\"auto, (max-width: 1024px) 100vw, 1024px\" \/><figcaption class=\"wp-element-caption\">Gruppen \u00e5kte fr\u00e5n v\u00e5rdcentralen i Vrigstad till parkeringsplatsen vid Hatten.<\/figcaption><\/figure>\n\n\n\n<figure class=\"wp-block-image is-style-default\"><img loading=\"lazy\" decoding=\"async\" width=\"1024\" height=\"681\" src=\"https:\/\/media.vrigstadshembygdsforening.se\/\/20230618_152203-1024x681.jpg\" alt=\"\" class=\"wp-image-6567\" srcset=\"https:\/\/media.vrigstadshembygdsforening.se\/20230618_152203-1024x681.jpg 1024w, https:\/\/media.vrigstadshembygdsforening.se\/20230618_152203-300x199.jpg 300w, https:\/\/media.vrigstadshembygdsforening.se\/20230618_152203-768x511.jpg 768w, https:\/\/media.vrigstadshembygdsforening.se\/20230618_152203-1536x1021.jpg 1536w, https:\/\/media.vrigstadshembygdsforening.se\/20230618_152203-2048x1362.jpg 2048w\" sizes=\"auto, (max-width: 1024px) 100vw, 1024px\" \/><\/figure>\n\n\n\n<figure class=\"wp-block-image is-style-default\"><img loading=\"lazy\" decoding=\"async\" width=\"1024\" height=\"681\" src=\"https:\/\/media.vrigstadshembygdsforening.se\/\/20230618_154625-1024x681.jpg\" alt=\"\" class=\"wp-image-6568\" srcset=\"https:\/\/media.vrigstadshembygdsforening.se\/20230618_154625-1024x681.jpg 1024w, https:\/\/media.vrigstadshembygdsforening.se\/20230618_154625-300x199.jpg 300w, https:\/\/media.vrigstadshembygdsforening.se\/20230618_154625-768x511.jpg 768w, https:\/\/media.vrigstadshembygdsforening.se\/20230618_154625-1536x1021.jpg 1536w, https:\/\/media.vrigstadshembygdsforening.se\/20230618_154625-2048x1362.jpg 2048w\" sizes=\"auto, (max-width: 1024px) 100vw, 1024px\" \/><figcaption class=\"wp-element-caption\">Vid Kvarnfallet nj\u00f6t man av sin medtagna kaffekorg \u2013 denna g\u00e5ng dock helt utan vatten i fallet.<\/figcaption><\/figure>\n\n\n\n<p>Den&nbsp;<strong>30 juni<\/strong>&nbsp;sattes en vepa med en kort summering av hembygdsf\u00f6reningens 75-\u00e5riga historia upp i ett av skyltf\u00f6nsterna vid Thure Perssons tidigare aff\u00e4r.<\/p>\n\n\n\n<figure class=\"wp-block-image is-style-default\"><img loading=\"lazy\" decoding=\"async\" width=\"700\" height=\"515\" src=\"https:\/\/media.vrigstadshembygdsforening.se\/\/230630.jpg\" alt=\"\" class=\"wp-image-6578\" srcset=\"https:\/\/media.vrigstadshembygdsforening.se\/230630.jpg 700w, https:\/\/media.vrigstadshembygdsforening.se\/230630-300x221.jpg 300w\" sizes=\"auto, (max-width: 700px) 100vw, 700px\" \/><figcaption class=\"wp-element-caption\">Helena Cronvall, Ann-Margreth och Lasse Karlsson studerar den nyuppsatta vepan i skyltf\u00f6nstret.<\/figcaption><\/figure>\n\n\n\n<p>S\u00f6ndagen den&nbsp;<strong>23 juli<\/strong>&nbsp;var det \u00e5ter dags f\u00f6r Kerstin Carlsson att visa ett av sina smultronst\u00e4llen. Ett 20-tal deltagare samlades vid Sunnerby \u00c5g\u00e5rd och cyklade s\u00f6derut mot S\u00e4vjedal. Sedan var det cirka en kilometers promenad fram till R\u00e4v\u00f6n d\u00e4r Kerstin ber\u00e4ttade lite om Klinthulta mosse och R\u00e4v\u00f6n. P\u00e5 \u00f6n finns bl.a. en 4000 \u00e5r gammal grav. P\u00e5 \u00f6n nj\u00f6t deltagarna av den medhavda fikakorgen i det vackra v\u00e4dret.<\/p>\n\n\n\n<figure class=\"wp-block-image is-style-default\"><img loading=\"lazy\" decoding=\"async\" width=\"700\" height=\"473\" src=\"https:\/\/media.vrigstadshembygdsforening.se\/\/230723_2.jpg\" alt=\"\" class=\"wp-image-6621\" srcset=\"https:\/\/media.vrigstadshembygdsforening.se\/230723_2.jpg 700w, https:\/\/media.vrigstadshembygdsforening.se\/230723_2-300x203.jpg 300w\" sizes=\"auto, (max-width: 700px) 100vw, 700px\" \/><figcaption class=\"wp-element-caption\">Kerstin Carlsson ledde promenaden.<\/figcaption><\/figure>\n\n\n\n<figure class=\"wp-block-image is-style-default\"><img loading=\"lazy\" decoding=\"async\" width=\"700\" height=\"382\" src=\"https:\/\/media.vrigstadshembygdsforening.se\/\/230723_1.jpg\" alt=\"\" class=\"wp-image-6622\" srcset=\"https:\/\/media.vrigstadshembygdsforening.se\/230723_1.jpg 700w, https:\/\/media.vrigstadshembygdsforening.se\/230723_1-300x164.jpg 300w\" sizes=\"auto, (max-width: 700px) 100vw, 700px\" \/><figcaption class=\"wp-element-caption\">Fika \u00e4r obligatoriskt p\u00e5 utflykterna.<\/figcaption><\/figure>\n\n\n\n<p>S\u00f6ndagen den&nbsp;<strong>6 augusti<\/strong>&nbsp;h\u00f6ll vi traditionsenligt \u00d6ppet hus p\u00e5 Gr\u00f6ndal. Regnet gjorde att alla aktiviteterna fick h\u00e5llas inomhus i f\u00f6reningens stuga, som var fylld till sista plats. Jan-Erik Karlsson och Sven-Erik Svensson underh\u00f6ll med alls\u00e5ngsv\u00e4nlig musik. Lilian Rooth, N\u00e4ssj\u00f6, roade oss under rubriken \u201dK\u00e5serier fr\u00e5n d\u00e5 och nu\u201d, med bl.a. ber\u00e4ttelser om dr\u00f6mmar p\u00e5 Hollywood. Som vanligt serverades ostkaka till fikat. I samband med \u00d6ppet hus b\u00f6rjade vi ocks\u00e5 ta in anm\u00e4lningar till f\u00f6delsedagsfesten den 17 september och ett 50-tal personer passade p\u00e5 att anm\u00e4la sig.<\/p>\n\n\n\n<figure class=\"wp-block-image is-style-default\"><img loading=\"lazy\" decoding=\"async\" width=\"700\" height=\"423\" src=\"https:\/\/media.vrigstadshembygdsforening.se\/\/230806_1.jpg\" alt=\"\" class=\"wp-image-6675\" srcset=\"https:\/\/media.vrigstadshembygdsforening.se\/230806_1.jpg 700w, https:\/\/media.vrigstadshembygdsforening.se\/230806_1-300x181.jpg 300w\" sizes=\"auto, (max-width: 700px) 100vw, 700px\" \/><figcaption class=\"wp-element-caption\">Jan-Erik och Sven-Erik bj\u00f6d p\u00e5 ett stort antal \u00e4ldre popul\u00e4ra s\u00e5nger.<\/figcaption><\/figure>\n\n\n\n<figure class=\"wp-block-image is-style-default\"><img loading=\"lazy\" decoding=\"async\" width=\"700\" height=\"468\" src=\"https:\/\/media.vrigstadshembygdsforening.se\/\/230806_2.jpg\" alt=\"\" class=\"wp-image-6676\" srcset=\"https:\/\/media.vrigstadshembygdsforening.se\/230806_2.jpg 700w, https:\/\/media.vrigstadshembygdsforening.se\/230806_2-300x201.jpg 300w\" sizes=\"auto, (max-width: 700px) 100vw, 700px\" \/><figcaption class=\"wp-element-caption\">Lilian Roth ber\u00e4ttade bl.a. om sina scenframtr\u00e4danden.<\/figcaption><\/figure>\n\n\n\n<p>S\u00f6ndagen den\u00a0<strong>17 september<\/strong>\u00a0anordnade f\u00f6reningen sitt stora 75-\u00e5rsjubileum i Badhuset. Vi bj\u00f6d p\u00e5 t\u00e5rta samt underh\u00e5llning med Femtinge teater. Under eftermiddagen drogs \u00e4ven vinnarna i sommarens bildt\u00e4vling och f\u00f6rs\u00e4ljningen av den nya boken \u201dVrigstads hembygdsf\u00f6rening 75 \u00e5r\u201d startade.<br>Arrangemanget genomf\u00f6rdes med st\u00f6d fr\u00e5n S\u00e4vsj\u00f6 kommun.\u00a0<\/p>\n\n\n\n<figure class=\"wp-block-image is-style-default\"><img loading=\"lazy\" decoding=\"async\" width=\"324\" height=\"121\" src=\"https:\/\/media.vrigstadshembygdsforening.se\/\/Kommunlogga_50.jpg\" alt=\"\" class=\"wp-image-6682\" srcset=\"https:\/\/media.vrigstadshembygdsforening.se\/Kommunlogga_50.jpg 324w, https:\/\/media.vrigstadshembygdsforening.se\/Kommunlogga_50-300x112.jpg 300w\" sizes=\"auto, (max-width: 324px) 100vw, 324px\" \/><\/figure>\n\n\n\n<figure class=\"wp-block-image is-style-default\"><img loading=\"lazy\" decoding=\"async\" width=\"700\" height=\"413\" src=\"https:\/\/media.vrigstadshembygdsforening.se\/\/230917_kaffe.jpg\" alt=\"\" class=\"wp-image-6721\" srcset=\"https:\/\/media.vrigstadshembygdsforening.se\/230917_kaffe.jpg 700w, https:\/\/media.vrigstadshembygdsforening.se\/230917_kaffe-300x177.jpg 300w\" sizes=\"auto, (max-width: 700px) 100vw, 700px\" \/><figcaption class=\"wp-element-caption\">F\u00f6reningen bj\u00f6d alla g\u00e4ster p\u00e5 kaffe och t\u00e5rta.<\/figcaption><\/figure>\n\n\n\n<figure class=\"wp-block-image is-style-default\"><img loading=\"lazy\" decoding=\"async\" width=\"700\" height=\"361\" src=\"https:\/\/media.vrigstadshembygdsforening.se\/\/230917_samling.jpg\" alt=\"\" class=\"wp-image-6722\" srcset=\"https:\/\/media.vrigstadshembygdsforening.se\/230917_samling.jpg 700w, https:\/\/media.vrigstadshembygdsforening.se\/230917_samling-300x155.jpg 300w\" sizes=\"auto, (max-width: 700px) 100vw, 700px\" \/><figcaption class=\"wp-element-caption\">120 personer ansl\u00f6t till f\u00f6delsedagsfesten.<\/figcaption><\/figure>\n\n\n\n<figure class=\"wp-block-image is-style-default\"><img loading=\"lazy\" decoding=\"async\" width=\"700\" height=\"320\" src=\"https:\/\/media.vrigstadshembygdsforening.se\/\/230917_Femtinge.jpg\" alt=\"\" class=\"wp-image-6720\" srcset=\"https:\/\/media.vrigstadshembygdsforening.se\/230917_Femtinge.jpg 700w, https:\/\/media.vrigstadshembygdsforening.se\/230917_Femtinge-300x137.jpg 300w\" sizes=\"auto, (max-width: 700px) 100vw, 700px\" \/><figcaption class=\"wp-element-caption\">Femtinge teater bj\u00f6d p\u00e5 popul\u00e4r s\u00e5ng och musik.<\/figcaption><\/figure>\n\n\n\n<p>Torsdagen den&nbsp;<strong>12 oktober<\/strong>&nbsp;ber\u00e4ttade Bengt Gunnarsson om sitt omfattande arbete med att dokumentera Lundholmens historia. Han ber\u00e4ttar d\u00e5 \u00e4ven om Lundholmens dagsverkstorp \u2013 i Skeppet, Missionskyrkan. Drygt 80 personer deltog i aktiviteten.<\/p>\n\n\n\n<figure class=\"wp-block-image is-style-default\"><img loading=\"lazy\" decoding=\"async\" width=\"700\" height=\"360\" src=\"https:\/\/media.vrigstadshembygdsforening.se\/\/231012.jpg\" alt=\"\" class=\"wp-image-6733\" srcset=\"https:\/\/media.vrigstadshembygdsforening.se\/231012.jpg 700w, https:\/\/media.vrigstadshembygdsforening.se\/231012-300x154.jpg 300w\" sizes=\"auto, (max-width: 700px) 100vw, 700px\" \/><\/figure>\n\n\n\n<p>Torsdagen den&nbsp;<strong>9 november<\/strong>&nbsp;fick vi bes\u00f6k av Lennart Edvardsson som visade bilder fr\u00e5n sin ungdomstid i Vrigstad. Ett 70-tal personer bes\u00f6kte den uppskattade bildvisningen i Skeppet, Missionskyrkan.<\/p>\n\n\n\n<figure class=\"wp-block-image is-style-default\"><img loading=\"lazy\" decoding=\"async\" width=\"700\" height=\"342\" src=\"https:\/\/media.vrigstadshembygdsforening.se\/\/231109.jpg\" alt=\"\" class=\"wp-image-6737\" srcset=\"https:\/\/media.vrigstadshembygdsforening.se\/231109.jpg 700w, https:\/\/media.vrigstadshembygdsforening.se\/231109-300x147.jpg 300w\" sizes=\"auto, (max-width: 700px) 100vw, 700px\" \/><\/figure>\n\n\n\n<figure class=\"wp-block-image is-style-default\"><img loading=\"lazy\" decoding=\"async\" width=\"350\" height=\"318\" src=\"https:\/\/media.vrigstadshembygdsforening.se\/\/231109_LE.jpg\" alt=\"\" class=\"wp-image-6741\" srcset=\"https:\/\/media.vrigstadshembygdsforening.se\/231109_LE.jpg 350w, https:\/\/media.vrigstadshembygdsforening.se\/231109_LE-300x273.jpg 300w\" sizes=\"auto, (max-width: 350px) 100vw, 350px\" \/><figcaption class=\"wp-element-caption\">Lennart Edvardsson kommenterade sina egna bilder.<\/figcaption><\/figure>\n\n\n\n<p>I samband med julmarknaden\/julskyltningen i Badhuset s\u00f6ndagen den&nbsp;<strong>3 december&nbsp;<\/strong>fanns delar av styrelsen finns p\u00e5 plats och s\u00e5lde \u00e5rets nya bok samt 2024 \u00e5rs almanacka.&nbsp;<\/p>\n\n\n\n<figure class=\"wp-block-image is-style-default\"><img loading=\"lazy\" decoding=\"async\" width=\"700\" height=\"466\" src=\"https:\/\/media.vrigstadshembygdsforening.se\/\/231203.jpg\" alt=\"\" class=\"wp-image-6754\" srcset=\"https:\/\/media.vrigstadshembygdsforening.se\/231203.jpg 700w, https:\/\/media.vrigstadshembygdsforening.se\/231203-300x200.jpg 300w\" sizes=\"auto, (max-width: 700px) 100vw, 700px\" \/><figcaption class=\"wp-element-caption\">Anders Johansson och Marie Olofsson s\u00e5lde b\u00f6cker och almanackor.<\/figcaption><\/figure>\n","protected":false},"excerpt":{"rendered":"<p>Autografer och levnadsminnen stod p\u00e5 programmet d\u00e5 Vrigstads hembygdsf\u00f6rening bj\u00f6d in till en temakv\u00e4ll den&nbsp;2 februari. Tr\u00e4ffen inleddes med att<\/p>\n","protected":false},"author":1,"featured_media":0,"parent":0,"menu_order":0,"comment_status":"closed","ping_status":"closed","template":"","meta":{"footnotes":""},"class_list":["post-6768","page","type-page","status-publish","hentry"],"_links":{"self":[{"href":"https:\/\/vrigstadshembygdsforening.se\/index.php?rest_route=\/wp\/v2\/pages\/6768","targetHints":{"allow":["GET"]}}],"collection":[{"href":"https:\/\/vrigstadshembygdsforening.se\/index.php?rest_route=\/wp\/v2\/pages"}],"about":[{"href":"https:\/\/vrigstadshembygdsforening.se\/index.php?rest_route=\/wp\/v2\/types\/page"}],"author":[{"embeddable":true,"href":"https:\/\/vrigstadshembygdsforening.se\/index.php?rest_route=\/wp\/v2\/users\/1"}],"replies":[{"embeddable":true,"href":"https:\/\/vrigstadshembygdsforening.se\/index.php?rest_route=%2Fwp%2Fv2%2Fcomments&post=6768"}],"version-history":[{"count":2,"href":"https:\/\/vrigstadshembygdsforening.se\/index.php?rest_route=\/wp\/v2\/pages\/6768\/revisions"}],"predecessor-version":[{"id":6779,"href":"https:\/\/vrigstadshembygdsforening.se\/index.php?rest_route=\/wp\/v2\/pages\/6768\/revisions\/6779"}],"wp:attachment":[{"href":"https:\/\/vrigstadshembygdsforening.se\/index.php?rest_route=%2Fwp%2Fv2%2Fmedia&parent=6768"}],"curies":[{"name":"wp","href":"https:\/\/api.w.org\/{rel}","templated":true}]}}