{"id":6287,"date":"2023-01-01T09:24:22","date_gmt":"2023-01-01T09:24:22","guid":{"rendered":"https:\/\/vrigstadshembygdsforening.se\/?page_id=6287"},"modified":"2023-01-01T17:24:19","modified_gmt":"2023-01-01T17:24:19","slug":"aktiviteter-2022","status":"publish","type":"page","link":"https:\/\/vrigstadshembygdsforening.se\/?page_id=6287","title":{"rendered":"Aktiviteter 2022"},"content":{"rendered":"\n<p><strong>\u00c5rsm\u00f6te den 10 mars&nbsp;<br><\/strong>Den 10 mars h\u00f6ll f\u00f6reningen sitt \u00e5rsm\u00f6te inf\u00f6r ett 25-tal medlemmar. Bengt Gunnarsson hade avb\u00f6jt omval efter sina sex \u00e5r som suppleant i styrelsen. I hans st\u00e4lle valdes Anders Johansson in p\u00e5 tv\u00e5 \u00e5r. F\u00f6reningen antog ocks\u00e5 nya stadgar, som dock ska godk\u00e4nnas \u00e4ven vid ett kommande f\u00f6reningsm\u00f6te f\u00f6r att g\u00e4lla. Nytt f\u00f6r i \u00e5r var att f\u00f6reningen instiftat ett kulturv\u00e5rdspris d\u00e4r hembygdsf\u00f6reningen framf\u00f6r allt vill uppmuntra bevarandet av kulturmilj\u00f6er. Det f\u00f6rsta priset tilldelades Lennart och Monica Fyhrlund: \u201dF\u00f6r ett engagerat arbete med att bevara kulturmilj\u00f6n \u201dRunstedtska F\u00e4rgeriet\u201d och d\u00e4rmed ocks\u00e5 ett centralt kulturm\u00e4rke i Vrigstad\u201d.<\/p>\n\n\n\n<figure class=\"wp-block-image is-style-default\"><img loading=\"lazy\" decoding=\"async\" width=\"350\" height=\"410\" src=\"https:\/\/media.vrigstadshembygdsforening.se\/\/220310_BG.jpg\" alt=\"\" class=\"wp-image-5196\" srcset=\"https:\/\/media.vrigstadshembygdsforening.se\/220310_BG.jpg 350w, https:\/\/media.vrigstadshembygdsforening.se\/220310_BG-256x300.jpg 256w\" sizes=\"auto, (max-width: 350px) 100vw, 350px\" \/><figcaption class=\"wp-element-caption\">Bengt Gunnarsson fick ta emot blommor som tack f\u00f6r sitt arbete i f\u00f6reningen.<\/figcaption><\/figure>\n\n\n\n<figure class=\"wp-block-image is-style-default\"><img loading=\"lazy\" decoding=\"async\" width=\"700\" height=\"433\" src=\"https:\/\/media.vrigstadshembygdsforening.se\/\/220310_Fyhrlund.jpg\" alt=\"\" class=\"wp-image-5197\" srcset=\"https:\/\/media.vrigstadshembygdsforening.se\/220310_Fyhrlund.jpg 700w, https:\/\/media.vrigstadshembygdsforening.se\/220310_Fyhrlund-300x186.jpg 300w\" sizes=\"auto, (max-width: 700px) 100vw, 700px\" \/><figcaption class=\"wp-element-caption\">Lennart och Monika Fyhrlund fick ta emot det f\u00f6rsta kulturpriset. De flankeras av Kerstin Carlsson och B\u00f6rje Cronvall.<\/figcaption><\/figure>\n\n\n\n<figure class=\"wp-block-image is-style-default\"><img loading=\"lazy\" decoding=\"async\" width=\"350\" height=\"506\" src=\"https:\/\/media.vrigstadshembygdsforening.se\/\/220311.jpg\" alt=\"\" class=\"wp-image-5212\" srcset=\"https:\/\/media.vrigstadshembygdsforening.se\/220311.jpg 350w, https:\/\/media.vrigstadshembygdsforening.se\/220311-208x300.jpg 208w\" sizes=\"auto, (max-width: 350px) 100vw, 350px\" \/><figcaption class=\"wp-element-caption\">Bengt Gunnarsson har tillverkat \u201dpl\u00e5thattar\u201d som han s\u00e4tter p\u00e5 alla staketpinnar.<\/figcaption><\/figure>\n\n\n\n<p><strong>Temakv\u00e4ll \u201dMin nygamla hembygd\u201d<\/strong><br>Den 7 april var Malika Svensson inbjuden att tala om sin nygamla hembygd. P\u00e5 ett mycket v\u00e4ldisponerat och informativt s\u00e4tt ber\u00e4ttade hon om sitt liv, d\u00e4r hon f\u00f6tts i Indien och \u00e5ret efter adopterats till Vrigstad och att hon f\u00f6r n\u00e5gra \u00e5r sedan \u00e5terv\u00e4nde till Vrigstad efter m\u00e5nga \u00e5r utomlands.&nbsp;&nbsp;<\/p>\n\n\n\n<p>Efter skolg\u00e5ng i Vrigstad och S\u00e4vsj\u00f6 gick hon i gymnasiet i Vetlanda och sedan blev det ekonomistudier p\u00e5 h\u00f6gskolan i Sk\u00f6vde. Andra studiekamrater i Sk\u00f6vde hade f\u00e5tt jobb i Dublin p\u00e5 Irland och hon testade ocks\u00e5 att resa dit. H\u00e4r blev det jobb i finansbranschen under flera \u00e5r. Efter giftem\u00e5l och planer p\u00e5 barn \u00e5terv\u00e4nde hon tillsammans med maken till Vrigstad d\u00e4r hon nu bor tillsammans med sin familj. Den trygghet hon k\u00e4nde som barn i Vrigstad, vill hon nu dela med sig till sina egna barn. Vid flytten till Vrigstad arbetade hon fortfarande, p\u00e5 distans, kvar p\u00e5 sitt jobb i Dublin, men nu har hon \u00e4ven funnit ett nytt sp\u00e4nnande jobb i Vrigstad.<\/p>\n\n\n\n<figure class=\"wp-block-image is-style-default\"><a href=\"https:\/\/media.vrigstadshembygdsforening.se\/\/220407_MS.jpg\"><img loading=\"lazy\" decoding=\"async\" width=\"700\" height=\"390\" src=\"https:\/\/media.vrigstadshembygdsforening.se\/\/220407_MS.jpg\" alt=\"\" class=\"wp-image-5247\" srcset=\"https:\/\/media.vrigstadshembygdsforening.se\/220407_MS.jpg 700w, https:\/\/media.vrigstadshembygdsforening.se\/220407_MS-300x167.jpg 300w\" sizes=\"auto, (max-width: 700px) 100vw, 700px\" \/><\/a><\/figure>\n\n\n\n<p>Ett 60-tal personer deltog i tr\u00e4ffen d\u00e4r f\u00f6reningen efter fikapausen formellt antog nya stadgar. Efter en kort information om den kommande hembygdsboken, som handlar om perioden 1863-1970 d\u00e5 Vrigstad var en egen kommun, visades nya och gamla bilder fr\u00e5n f\u00f6reningens rika bildarkiv.<\/p>\n\n\n\n<p><strong>Maj-juni<br><\/strong>Under v\u00e5ren har skolan s.k. hembygdsveckor d\u00e5 hembygdsf\u00f6reningen bist\u00e5r med en del information. Bl.a. har \u00e5rskurs 1 bes\u00f6kt den gamla l\u00e4genheten i Gamla Bankg\u00e5rden och f\u00f6rskolan har varit p\u00e5 Gr\u00f6ndal.<\/p>\n\n\n\n<figure class=\"wp-block-image is-style-default\" id=\"attachment_5281\"><a href=\"https:\/\/media.vrigstadshembygdsforening.se\/\/220530_cykel.jpg\"><img loading=\"lazy\" decoding=\"async\" width=\"450\" height=\"354\" src=\"https:\/\/media.vrigstadshembygdsforening.se\/\/220530_cykel.jpg\" alt=\"\" class=\"wp-image-5281\" srcset=\"https:\/\/media.vrigstadshembygdsforening.se\/220530_cykel.jpg 450w, https:\/\/media.vrigstadshembygdsforening.se\/220530_cykel-300x236.jpg 300w\" sizes=\"auto, (max-width: 450px) 100vw, 450px\" \/><\/a><figcaption class=\"wp-element-caption\">Den gamla h\u00f6ghjulingen \u00e4r alltid intresant f\u00f6r eleverna som bes\u00f6ker Gr\u00f6ndal.<\/figcaption><\/figure>\n\n\n\n<p><strong>Cykeltrim<\/strong><br>Under sommaren genomf\u00f6rde f\u00f6reningen ett cykeltrim, med 22 kontroller, runt om i socknen. Som vanligt delades drygt 200 kartor ut.<\/p>\n\n\n\n<figure class=\"wp-block-image size-full is-style-default\"><img loading=\"lazy\" decoding=\"async\" width=\"700\" height=\"436\" src=\"https:\/\/media.vrigstadshembygdsforening.se\/\/Cykeltrim-2022.jpg\" alt=\"\" class=\"wp-image-6294\" srcset=\"https:\/\/media.vrigstadshembygdsforening.se\/Cykeltrim-2022.jpg 700w, https:\/\/media.vrigstadshembygdsforening.se\/Cykeltrim-2022-300x187.jpg 300w\" sizes=\"auto, (max-width: 700px) 100vw, 700px\" \/><figcaption class=\"wp-element-caption\">Ted och Margareta Wolfram deltog i cykeltrimmet.<\/figcaption><\/figure>\n\n\n\n<p><strong>\u00d6ppet hus p\u00e5 Gr\u00f6ndal den 7 augusti<\/strong><br>Hembygdsf\u00f6reningen h\u00f6ll traditionsenligt \u00d6ppet hus p\u00e5 Gr\u00f6ndal den f\u00f6rsta s\u00f6ndagen i augusti. Donald Stendahl, som \u00e4r f\u00f6dd i Vrigstad, underh\u00f6ll med popul\u00e4ra s\u00e5nger. Trots lite m\u00f6rka moln kunde 50-talet bes\u00f6kare njuta av s\u00e5ngen utomhus. Som vanligt serverades det kaffe och ostkaka. Delar av f\u00f6reningens samlingar visades.<\/p>\n\n\n\n<figure class=\"wp-block-image is-style-default\" id=\"attachment_5307\"><a href=\"https:\/\/media.vrigstadshembygdsforening.se\/\/220807_1.jpg\"><img loading=\"lazy\" decoding=\"async\" width=\"700\" height=\"420\" src=\"https:\/\/media.vrigstadshembygdsforening.se\/\/220807_1.jpg\" alt=\"\" class=\"wp-image-5307\" srcset=\"https:\/\/media.vrigstadshembygdsforening.se\/220807_1.jpg 700w, https:\/\/media.vrigstadshembygdsforening.se\/220807_1-300x180.jpg 300w\" sizes=\"auto, (max-width: 700px) 100vw, 700px\" \/><\/a><figcaption class=\"wp-element-caption\">Donald Stendahl bj\u00f6d p\u00e5 ett varierat utbud av musik.<\/figcaption><\/figure>\n\n\n\n<figure class=\"wp-block-image is-style-default\"><a href=\"https:\/\/media.vrigstadshembygdsforening.se\/\/220807_2.jpg\"><img loading=\"lazy\" decoding=\"async\" width=\"700\" height=\"465\" src=\"https:\/\/media.vrigstadshembygdsforening.se\/\/220807_2.jpg\" alt=\"\" class=\"wp-image-5308\" srcset=\"https:\/\/media.vrigstadshembygdsforening.se\/220807_2.jpg 700w, https:\/\/media.vrigstadshembygdsforening.se\/220807_2-300x199.jpg 300w\" sizes=\"auto, (max-width: 700px) 100vw, 700px\" \/><\/a><\/figure>\n\n\n\n<figure class=\"wp-block-image is-style-default\" id=\"attachment_5309\"><a href=\"https:\/\/media.vrigstadshembygdsforening.se\/\/220807_3.jpg\"><img loading=\"lazy\" decoding=\"async\" width=\"700\" height=\"465\" src=\"https:\/\/media.vrigstadshembygdsforening.se\/\/220807_3.jpg\" alt=\"\" class=\"wp-image-5309\" srcset=\"https:\/\/media.vrigstadshembygdsforening.se\/220807_3.jpg 700w, https:\/\/media.vrigstadshembygdsforening.se\/220807_3-300x199.jpg 300w\" sizes=\"auto, (max-width: 700px) 100vw, 700px\" \/><\/a><figcaption class=\"wp-element-caption\">En del bes\u00f6kare valde att dricka sitt kaffe inomhus.<\/figcaption><\/figure>\n\n\n\n<p><strong>Sommarl\u00e4ger 12-14 augusti<\/strong><br>Vrigstads hembygdsf\u00f6rening var v\u00e4rd och arrang\u00f6r av J\u00f6nk\u00f6pings l\u00e4ns hembygdsf\u00f6rbunds sommarl\u00e4ger f\u00f6r femte klassare. I en&nbsp;<a href=\"https:\/\/media.vrigstadshembygdsforening.se\/\/Rapport.pdf\" target=\"_blank\" rel=\"noreferrer noopener\">Rapport &nbsp;redog\u00f6r vi f\u00f6r l\u00e4grets aktiviteter.<\/a><\/p>\n\n\n\n<figure class=\"wp-block-image is-style-default\" id=\"attachment_5318\"><a href=\"https:\/\/media.vrigstadshembygdsforening.se\/\/Sommarl_1.jpg\"><img loading=\"lazy\" decoding=\"async\" width=\"700\" height=\"436\" src=\"https:\/\/media.vrigstadshembygdsforening.se\/\/Sommarl_1.jpg\" alt=\"\" class=\"wp-image-5318\" srcset=\"https:\/\/media.vrigstadshembygdsforening.se\/Sommarl_1.jpg 700w, https:\/\/media.vrigstadshembygdsforening.se\/Sommarl_1-300x187.jpg 300w\" sizes=\"auto, (max-width: 700px) 100vw, 700px\" \/><\/a><figcaption class=\"wp-element-caption\">Ungdomarna bes\u00f6kte bl.a. Gamla Bankg\u00e5rden. D\u00e4r fick de se filmer och blev guidade i bankmuseet och i den gamla l\u00e4genheten.<\/figcaption><\/figure>\n\n\n\n<figure class=\"wp-block-image is-style-default\" id=\"attachment_5319\"><a href=\"https:\/\/media.vrigstadshembygdsforening.se\/\/Sommarl_2.jpg\"><img loading=\"lazy\" decoding=\"async\" width=\"700\" height=\"489\" src=\"https:\/\/media.vrigstadshembygdsforening.se\/\/Sommarl_2.jpg\" alt=\"\" class=\"wp-image-5319\" srcset=\"https:\/\/media.vrigstadshembygdsforening.se\/Sommarl_2.jpg 700w, https:\/\/media.vrigstadshembygdsforening.se\/Sommarl_2-300x210.jpg 300w, https:\/\/media.vrigstadshembygdsforening.se\/Sommarl_2-130x90.jpg 130w\" sizes=\"auto, (max-width: 700px) 100vw, 700px\" \/><\/a><figcaption class=\"wp-element-caption\">Ungdomarna fick fiska kr\u00e4ftor och n\u00e4r burarna lagts i p\u00e5 kv\u00e4llen kom Bengt-Elis Pettersson och ber\u00e4ttade om kr\u00e4ftfiske och kr\u00e4ftskivor.<\/figcaption><\/figure>\n\n\n\n<figure class=\"wp-block-image is-style-default\" id=\"attachment_5320\"><a href=\"https:\/\/media.vrigstadshembygdsforening.se\/\/Sommarl_3.jpg\"><img loading=\"lazy\" decoding=\"async\" width=\"700\" height=\"453\" src=\"https:\/\/media.vrigstadshembygdsforening.se\/\/Sommarl_3.jpg\" alt=\"\" class=\"wp-image-5320\" srcset=\"https:\/\/media.vrigstadshembygdsforening.se\/Sommarl_3.jpg 700w, https:\/\/media.vrigstadshembygdsforening.se\/Sommarl_3-300x194.jpg 300w\" sizes=\"auto, (max-width: 700px) 100vw, 700px\" \/><\/a><figcaption class=\"wp-element-caption\">Klockan 6.30 plockades burarna upp och fiskelyckan var god.<\/figcaption><\/figure>\n\n\n\n<figure class=\"wp-block-image is-style-default\" id=\"attachment_5321\"><a href=\"https:\/\/media.vrigstadshembygdsforening.se\/\/Sommarl_4.jpg\"><img loading=\"lazy\" decoding=\"async\" width=\"700\" height=\"420\" src=\"https:\/\/media.vrigstadshembygdsforening.se\/\/Sommarl_4.jpg\" alt=\"\" class=\"wp-image-5321\" srcset=\"https:\/\/media.vrigstadshembygdsforening.se\/Sommarl_4.jpg 700w, https:\/\/media.vrigstadshembygdsforening.se\/Sommarl_4-300x180.jpg 300w\" sizes=\"auto, (max-width: 700px) 100vw, 700px\" \/><\/a><figcaption class=\"wp-element-caption\">Vi bes\u00f6kte Hylletofta hembygdsf\u00f6rening d\u00e4r bl.a. Johan Brog\u00e5rd ber\u00e4ttade om livet i torpen f\u00f6rr i tiden.<\/figcaption><\/figure>\n\n\n\n<figure class=\"wp-block-image is-style-default\" id=\"attachment_5322\"><a href=\"https:\/\/media.vrigstadshembygdsforening.se\/\/Sommarl_5.jpg\"><img loading=\"lazy\" decoding=\"async\" width=\"700\" height=\"543\" src=\"https:\/\/media.vrigstadshembygdsforening.se\/\/Sommarl_5.jpg\" alt=\"\" class=\"wp-image-5322\" srcset=\"https:\/\/media.vrigstadshembygdsforening.se\/Sommarl_5.jpg 700w, https:\/\/media.vrigstadshembygdsforening.se\/Sommarl_5-300x233.jpg 300w\" sizes=\"auto, (max-width: 700px) 100vw, 700px\" \/><\/a><figcaption class=\"wp-element-caption\">Deltagarna fick pr\u00f6va p\u00e5 att g\u00f6ra egen \u00e4ppeljuice.<\/figcaption><\/figure>\n\n\n\n<figure class=\"wp-block-image is-style-default\" id=\"attachment_5323\"><a href=\"https:\/\/media.vrigstadshembygdsforening.se\/\/Sommarl_6.jpg\"><img loading=\"lazy\" decoding=\"async\" width=\"700\" height=\"494\" src=\"https:\/\/media.vrigstadshembygdsforening.se\/\/Sommarl_6.jpg\" alt=\"\" class=\"wp-image-5323\" srcset=\"https:\/\/media.vrigstadshembygdsforening.se\/Sommarl_6.jpg 700w, https:\/\/media.vrigstadshembygdsforening.se\/Sommarl_6-300x212.jpg 300w\" sizes=\"auto, (max-width: 700px) 100vw, 700px\" \/><\/a><figcaption class=\"wp-element-caption\">Lennart Olsson fr\u00e5n Stockaryds hembygdsf\u00f6rening ber\u00e4ttade om hemv\u00e4rnet och Kerstin Carlsson om gamla tiders skola.<\/figcaption><\/figure>\n\n\n\n<p><strong>Tematr\u00e4ff den 21 augusti<\/strong><\/p>\n\n\n\n<p>Vrigstad hembygdsf\u00f6rening anordnade den tredje och sista f\u00f6rel\u00e4sningen om Njudungs folkland. Det var l\u00e4nsarkeolog Mikael Nordstr\u00f6m som f\u00f6rel\u00e4ste i Vrigstad missionskyrka under rubriken Fr\u00e5n j\u00e4gare- och fiskaresamh\u00e4lle till vikingah\u00f6vdingar och tr\u00e4ffen samlade n\u00e4stan 70 personer.<\/p>\n\n\n\n<p>Cirka 500 platser i S\u00e4vsj\u00f6 kommun visar p\u00e5 sten\u00e5ldersindikationer med bl.a. stenyxor och flintdolkar. Flest f\u00f6rekomster har man hittat i Hultsj\u00f6 och Vrigstads socknar. Under den yngre sten\u00e5ldern b\u00f6rjade man markera gravar med r\u00f6sen och stens\u00e4ttningar, samtidigt som man blev mer bofast p\u00e5 platser som var gynnsamma f\u00f6r odling. Det finns ett tiotal h\u00e4llkistor registrerade i kommunen, i dessa fanns ofta flera skelett efter personer som d\u00f6tt vid olika tidpunkter. I kommunen finns ocks\u00e5 ett par hundra gravar fr\u00e5n brons\u00e5ldern, \u00e4ven dessa som r\u00f6sen och stens\u00e4ttningar.<\/p>\n\n\n\n<p>N\u00e4r man byggde missionskyrkan i Vrigstad 1931 hittades flera intressanta fynd. Om det var rester fr\u00e5n en husgrund, en domarring eller en begravningsplats kunde man dock inte avg\u00f6ra. \u00c4ven n\u00e4r man byggde parkeringsplatsen vid missionskyrkan, p\u00e5 1950-talet, hittade man m\u00e5nga gravar.<\/p>\n\n\n\n<p>Nordstr\u00f6m ber\u00e4ttade \u00e4ven om det unika guldmyntet som hittades i Hylletofta tidigt 1800-tal. Myntet \u00e4r fr\u00e5n cirka \u00e5r 400 och hur det hamnat i Hylletofta har man inte kunnat f\u00f6rklara.&nbsp;P\u00e5 L\u00e4nsmuseet i J\u00f6nk\u00f6ping finns t.ex. fynd av flinta fr\u00e5n Boda\u00e5n, som samlades i p\u00e5 1950-talet. P\u00e5 Historiska museet i Stockholm finns ovala sp\u00e4nnbucklor fr\u00e5n Lundby, som \u00e4r fr\u00e5n yngre j\u00e4rn\u00e5ldern.&nbsp;Som avslutning ber\u00e4ttade Nordstr\u00f6m att det finns flera intressanta runstenar i kommunen. Han konstaterades \u00e4ven att flera av dem som registrerats tidigt numera \u00e4r f\u00f6rsvunna. De flesta av runstenarna \u00e4r resta efter \u00e5r 1000.<\/p>\n\n\n\n<figure class=\"wp-block-image is-style-default\" id=\"attachment_5332\"><a href=\"https:\/\/media.vrigstadshembygdsforening.se\/\/220821.jpg\"><img loading=\"lazy\" decoding=\"async\" width=\"700\" height=\"416\" src=\"https:\/\/media.vrigstadshembygdsforening.se\/\/220821.jpg\" alt=\"\" class=\"wp-image-5332\" srcset=\"https:\/\/media.vrigstadshembygdsforening.se\/220821.jpg 700w, https:\/\/media.vrigstadshembygdsforening.se\/220821-300x178.jpg 300w\" sizes=\"auto, (max-width: 700px) 100vw, 700px\" \/><\/a><figcaption class=\"wp-element-caption\">L\u00e4nsarkeolog Mikael Nordstr\u00f6m f\u00f6rel\u00e4ste om forntiden i S\u00e4vsj\u00f6 kommun.<\/figcaption><\/figure>\n\n\n\n<p><strong>Hembygdstr\u00e4ff om kyrkan och bioenergi den 29 september<\/strong><\/p>\n\n\n\n<p>Det bj\u00f6ds p\u00e5 ett varierat program d\u00e5 Vrigstad hembygdsf\u00f6rening anordnade en hembygdskv\u00e4ll p\u00e5 torsdagen. B\u00f6rje Cronvall inledde med att informera om att den nya hembygdsboken om Vrigstad kommun snart \u00e4r klar fr\u00e5n tryckeriet och den kommer att b\u00f6rja s\u00e4ljas vid n\u00e4sta tematr\u00e4ff den 3 november.<\/p>\n\n\n\n<p>F\u00f6rsta programpunkten var Vrigstad kyrkas historia. Det var Carl-Gustav Liew som gav en utf\u00f6rlig beskrivning av turerna kring den nuvarande kyrkan. I Vrigstad fanns en gammal kyrka som var byggd cirka \u00e5r 1100, men den var i behov av renovering och samtidigt ans\u00e5gs den f\u00f6r liten f\u00f6r det kraftigt v\u00e4xande Vrigstad i mitten av 1800-talet.<\/p>\n\n\n\n<p>Nu beh\u00f6vde man en kyrka som hade plats f\u00f6r 1200 personer. Det blev en l\u00e5ngdragen historia fr\u00e5n de f\u00f6rsta planerna fram till dess att kyrkan b\u00f6rjade byggas. Kyrkan var s\u00e5 l\u00e5ng att bl.a. v\u00e4gen framf\u00f6r kyrkan m\u00e5ste flyttas. Den 20 april 1865 startade byggnationen och redan efter sju m\u00e5nader stod kyrkan klar f\u00f6r besiktning. Det hade d\u00e5 kr\u00e4vs 4000 dagsverken fr\u00e5n ortsborna samt arbete fr\u00e5n tv\u00e5 byggfirmor. Den f\u00f6rsta gudstj\u00e4nsten h\u00f6lls i kyrkan ny\u00e5rsdagen 1866.<\/p>\n\n\n\n<p>Efter kaffepausen var det Niclas Jonssons tur att ber\u00e4tta om BK Tech som han startat efter stormen Gudrun. Niclas hade tidigare arbetat p\u00e5 k\u00e4rnkraftverket O1 i Oskarhamn, men startade nu en pelletsfabrik. Det h\u00e4r blev inledningen till ett bredare arbete som grundade sig p\u00e5 behovet av att st\u00e4lla om fr\u00e5n fossilt br\u00e4nsle till bioenergi. BK Tech v\u00e4xte kraftigt under ett antal \u00e5r och utvecklades till en bred f\u00f6retagsgrupp.<\/p>\n\n\n\n<p>Niclas gav flera exempel p\u00e5 hur man med bioenergi kan anv\u00e4nda \u00e5nga inom m\u00e5nga branscher, t.ex. livsmedelsindustrin. Han ber\u00e4ttade ocks\u00e5 att han utsetts till \u00c5rets entrepren\u00f6r av Ernst &amp; Young i en av landets sex regioner. Idag har Niclas s\u00e5lt sin del i BK Tech och jobbar fram\u00f6ver som konsult inom Cleantech.<\/p>\n\n\n\n<figure class=\"wp-block-image is-style-default\" id=\"attachment_5438\"><a href=\"https:\/\/media.vrigstadshembygdsforening.se\/\/220929.jpg\"><img loading=\"lazy\" decoding=\"async\" width=\"700\" height=\"461\" src=\"https:\/\/media.vrigstadshembygdsforening.se\/\/220929.jpg\" alt=\"\" class=\"wp-image-5438\" srcset=\"https:\/\/media.vrigstadshembygdsforening.se\/220929.jpg 700w, https:\/\/media.vrigstadshembygdsforening.se\/220929-300x198.jpg 300w\" sizes=\"auto, (max-width: 700px) 100vw, 700px\" \/><\/a><figcaption class=\"wp-element-caption\">Marita Magnusson delade ut blommor till f\u00f6rel\u00e4sarna Carl-Gustav Liew och Niclas Jonsson.<\/figcaption><\/figure>\n\n\n\n<p><strong>Tematr\u00e4ff om Biskopsbo v\u00e5rdhem den 3 november<\/strong><\/p>\n\n\n\n<p>Vid \u00e5rets sista tematr\u00e4ff med Vrigstad hembygdsf\u00f6rening, som samlade drygt 80 bes\u00f6kare, ber\u00e4ttade Bertil Zettergren om Biskopsbo v\u00e5rhem. Vid tr\u00e4ffen startade f\u00f6reningen \u00e4ven f\u00f6rs\u00e4ljningen av den nya boken om Vrigstad kommun.<\/p>\n\n\n\n<p>Bertil inledde med att ber\u00e4tta om Biskopsbos historia. G\u00e5rden har anor som biskopsg\u00e5rd under Link\u00f6pings stift sedan 1100-talet. 1695 inf\u00f6rdes indelningsverket p\u00e5 Sm\u00e5lands kavalleriregemente i Eksj\u00f6. En major fick bost\u00e4llet Biskopsbo och det blev d\u00e4rmed ett majorsbost\u00e4lle, vilket det var fram till \u00e5r 1901. Under ett antal \u00e5r arrenderade Fredrik Runstedt g\u00e5rden f\u00f6r att f\u00e5 tillg\u00e5ng till Boskvarn med fallet och skog f\u00f6r br\u00e4nsle till \u00e5ngpannan i f\u00e4rgeriet.<\/p>\n\n\n\n<p>1915 kom Maria Pettersson som arbetat p\u00e5 Slagsta, en s.k. uppfostringsanstalt f\u00f6r sinnessl\u00f6a, till Biskopsbo. Hon startade v\u00e5rdhemmet med tre flickor och det v\u00e4xte sedan successivt till att som mest omfatta 80-85 patienter. N\u00e4r det var som st\u00f6rst bodde 177 personer p\u00e5 Biskopsbo. Ut\u00f6ver v\u00e5rdhemmet startade 1933 Biskopsbo arbetshem. H\u00e4r bodde endast utvecklingsst\u00f6rda m\u00e4n, som inte kunde klara sig p\u00e5 egen hand men som \u00e4nd\u00e5 kunde utf\u00f6ra en del arbetsuppgifter.<\/p>\n\n\n\n<p>1944 kom nya \u00e4gare, Brita och Gunnar Axelson, och 1972 \u00f6vertogs v\u00e5rdhemmet av Bertil och Karin Zettergren. Bertil ber\u00e4ttade om de m\u00e5nga f\u00f6r\u00e4ndringar som skedde p\u00e5 v\u00e5rdhemmet fram till det att det lades ner 1995. Fr\u00e5n att ha varit en institution skulle de boende alltmer integreras i samh\u00e4llet.<\/p>\n\n\n\n<p>Som avslutning visade Bertil ett stort antal bilder fr\u00e5n v\u00e5rdhemmet, t.ex. fr\u00e5n nuvarande kungens Eriksgata d\u00e4r en av de boende \u00f6verr\u00e4ckte liljekonvaljer till kungen.<\/p>\n\n\n\n<p>Som avslutning avtackades Bertil med f\u00f6reningens nya bok och ordf\u00f6randen meddelade att bok och n\u00e4sta \u00e5rs almanacka \u00e4ven kommer att s\u00e4ljas i Badhuset i samband med \u00e5rets julskyltning.<\/p>\n\n\n\n<figure class=\"wp-block-image is-style-default\" id=\"attachment_5694\"><a href=\"https:\/\/media.vrigstadshembygdsforening.se\/\/221103.jpg\"><img loading=\"lazy\" decoding=\"async\" width=\"700\" height=\"439\" src=\"https:\/\/media.vrigstadshembygdsforening.se\/\/221103.jpg\" alt=\"\" class=\"wp-image-5694\" srcset=\"https:\/\/media.vrigstadshembygdsforening.se\/221103.jpg 700w, https:\/\/media.vrigstadshembygdsforening.se\/221103-300x188.jpg 300w\" sizes=\"auto, (max-width: 700px) 100vw, 700px\" \/><\/a><figcaption class=\"wp-element-caption\">Bertil Zettergren f\u00f6rel\u00e4ste inf\u00f6r ett fullsatt f\u00f6rsamlingshem.<\/figcaption><\/figure>\n\n\n\n<p><strong>Bokf\u00f6rs\u00e4ljning under skylts\u00f6ndagen<\/strong><\/p>\n\n\n\n<p>Hembygdsf\u00f6reningen fanns naturligtvis p\u00e5 plats n\u00e4r det var julskyltning i Vrigstad den 27 november. I Badhuset s\u00e5lde Catharina Andersson, Marita Magnusson och Marie Olofsson f\u00f6reningens b\u00f6cker och \u00e5rets almanacka.<\/p>\n\n\n\n<figure class=\"wp-block-image is-style-default\" id=\"attachment_6009\"><a href=\"https:\/\/media.vrigstadshembygdsforening.se\/\/221127.jpg\"><img loading=\"lazy\" decoding=\"async\" width=\"432\" height=\"465\" src=\"https:\/\/media.vrigstadshembygdsforening.se\/\/221127.jpg\" alt=\"\" class=\"wp-image-6009\" srcset=\"https:\/\/media.vrigstadshembygdsforening.se\/221127.jpg 432w, https:\/\/media.vrigstadshembygdsforening.se\/221127-279x300.jpg 279w\" sizes=\"auto, (max-width: 432px) 100vw, 432px\" \/><\/a><figcaption class=\"wp-element-caption\">Jakob Andersson handlar av Catharina Andersson och Marita Magnusson.<\/figcaption><\/figure>\n\n\n\n<p>F\u00f6reningen fanns \u00e4ven p\u00e5 plats vid Qstar, vid julgransf\u00f6rs\u00e4ljningen, och p\u00e5 Jotos veckan f\u00f6re jul d\u00e5 man s\u00e5lde b\u00f6cker och almanackor.<\/p>\n","protected":false},"excerpt":{"rendered":"<p>\u00c5rsm\u00f6te den 10 mars&nbsp;Den 10 mars h\u00f6ll f\u00f6reningen sitt \u00e5rsm\u00f6te inf\u00f6r ett 25-tal medlemmar. Bengt Gunnarsson hade avb\u00f6jt omval efter<\/p>\n","protected":false},"author":1,"featured_media":0,"parent":0,"menu_order":0,"comment_status":"closed","ping_status":"closed","template":"","meta":{"footnotes":""},"class_list":["post-6287","page","type-page","status-publish","hentry"],"_links":{"self":[{"href":"https:\/\/vrigstadshembygdsforening.se\/index.php?rest_route=\/wp\/v2\/pages\/6287","targetHints":{"allow":["GET"]}}],"collection":[{"href":"https:\/\/vrigstadshembygdsforening.se\/index.php?rest_route=\/wp\/v2\/pages"}],"about":[{"href":"https:\/\/vrigstadshembygdsforening.se\/index.php?rest_route=\/wp\/v2\/types\/page"}],"author":[{"embeddable":true,"href":"https:\/\/vrigstadshembygdsforening.se\/index.php?rest_route=\/wp\/v2\/users\/1"}],"replies":[{"embeddable":true,"href":"https:\/\/vrigstadshembygdsforening.se\/index.php?rest_route=%2Fwp%2Fv2%2Fcomments&post=6287"}],"version-history":[{"count":2,"href":"https:\/\/vrigstadshembygdsforening.se\/index.php?rest_route=\/wp\/v2\/pages\/6287\/revisions"}],"predecessor-version":[{"id":6295,"href":"https:\/\/vrigstadshembygdsforening.se\/index.php?rest_route=\/wp\/v2\/pages\/6287\/revisions\/6295"}],"wp:attachment":[{"href":"https:\/\/vrigstadshembygdsforening.se\/index.php?rest_route=%2Fwp%2Fv2%2Fmedia&parent=6287"}],"curies":[{"name":"wp","href":"https:\/\/api.w.org\/{rel}","templated":true}]}}