{"id":627,"date":"2015-07-18T08:48:17","date_gmt":"2015-07-18T08:48:17","guid":{"rendered":"http:\/\/vrigstadshembygdsforening.se\/?page_id=627"},"modified":"2015-07-21T07:27:34","modified_gmt":"2015-07-21T07:27:34","slug":"kommunikationer","status":"publish","type":"page","link":"https:\/\/vrigstadshembygdsforening.se\/?page_id=627","title":{"rendered":"Kommunikationer"},"content":{"rendered":"<p>H\u00e4r presenteras lite varierande fakta r\u00f6rande kommunikationer.<\/p>\n<p><a href=\"https:\/\/vrigstadshembygdsforening.se\/?page_id=356\">G\u00e4stgiveri i Vrigstad<\/a><br \/>\n<a href=\"https:\/\/vrigstadshembygdsforening.se\/?page_id=385\">Kungsv\u00e4g<\/a><br \/>\n<a href=\"https:\/\/vrigstadshembygdsforening.se\/?page_id=424\">Milstenar<\/a><br \/>\n<a href=\"https:\/\/vrigstadshembygdsforening.se\/?page_id=443\">Planerad j\u00e4rnv\u00e4g till Stockaryd<\/a><br \/>\n<a href=\"https:\/\/vrigstadshembygdsforening.se\/?page_id=608\">Torget i Vrigstad &#8211; f\u00f6rr och nu<\/a><\/p>\n<p>&nbsp;<\/p>\n<p>&nbsp;<\/p>\n","protected":false},"excerpt":{"rendered":"<p>H\u00e4r presenteras lite varierande fakta r\u00f6rande kommunikationer. G\u00e4stgiveri i Vrigstad Kungsv\u00e4g Milstenar Planerad j\u00e4rnv\u00e4g till Stockaryd Torget i Vrigstad &#8211;<\/p>\n","protected":false},"author":1,"featured_media":0,"parent":0,"menu_order":0,"comment_status":"open","ping_status":"open","template":"","meta":{"footnotes":""},"class_list":["post-627","page","type-page","status-publish","hentry"],"_links":{"self":[{"href":"https:\/\/vrigstadshembygdsforening.se\/index.php?rest_route=\/wp\/v2\/pages\/627","targetHints":{"allow":["GET"]}}],"collection":[{"href":"https:\/\/vrigstadshembygdsforening.se\/index.php?rest_route=\/wp\/v2\/pages"}],"about":[{"href":"https:\/\/vrigstadshembygdsforening.se\/index.php?rest_route=\/wp\/v2\/types\/page"}],"author":[{"embeddable":true,"href":"https:\/\/vrigstadshembygdsforening.se\/index.php?rest_route=\/wp\/v2\/users\/1"}],"replies":[{"embeddable":true,"href":"https:\/\/vrigstadshembygdsforening.se\/index.php?rest_route=%2Fwp%2Fv2%2Fcomments&post=627"}],"version-history":[{"count":4,"href":"https:\/\/vrigstadshembygdsforening.se\/index.php?rest_route=\/wp\/v2\/pages\/627\/revisions"}],"predecessor-version":[{"id":835,"href":"https:\/\/vrigstadshembygdsforening.se\/index.php?rest_route=\/wp\/v2\/pages\/627\/revisions\/835"}],"wp:attachment":[{"href":"https:\/\/vrigstadshembygdsforening.se\/index.php?rest_route=%2Fwp%2Fv2%2Fmedia&parent=627"}],"curies":[{"name":"wp","href":"https:\/\/api.w.org\/{rel}","templated":true}]}}