{"id":602,"date":"2015-07-17T17:38:23","date_gmt":"2015-07-17T17:38:23","guid":{"rendered":"http:\/\/vrigstadshembygdsforening.se\/?page_id=602"},"modified":"2022-01-09T16:38:28","modified_gmt":"2022-01-09T16:38:28","slug":"vrigstad-brandkar","status":"publish","type":"page","link":"https:\/\/vrigstadshembygdsforening.se\/?page_id=602","title":{"rendered":"Vrigstad Brandk\u00e5r"},"content":{"rendered":"<p align=\"left\">Redan vid mitten av 1800-talet gjordes vissa f\u00f6rs\u00f6k att ordna brandv\u00e4sendet i Vrigstad &#8211; men man lyckades inte. 1910 tog Skytter\u00f6relsen i Vrigstad ett nytt initiativ till att bilda en fast brandk\u00e5r. Det stannade dock vid bildandet av en organisationskommitt\u00e9.<\/p>\n<p align=\"left\">Det dr\u00f6jde d\u00e4rf\u00f6r ytterligare tio \u00e5r. Den 30 december 1920 valdes en kommitt\u00e9 med uppdrag att utarbeta stadgar f\u00f6r den brandk\u00e5r som sedan skulle bildas v\u00e5ren 1921. Ett 40-tal personer deltog i samlingen och i den blivande brandk\u00e5rens f\u00f6rsta kommitt\u00e9 ingick Claes Ekdahl, Karl Klasson, Axel Rehn och Robert Lundberg.<\/p>\n<p align=\"left\">Kommitt\u00e9ns f\u00f6rslag till stadgar antogs den 11 februari 1921. Man besl\u00f6t d\u00e5 ocks\u00e5 enh\u00e4lligt att bilda en brandk\u00e5r &#8211; helst f\u00f6re den 14 mars samma \u00e5r. F\u00f6r att kunna skaffa eldsl\u00e4ckningsutrustning besl\u00f6t man beg\u00e4ra 25% av brandf\u00f6rs\u00e4kringspremien hos L\u00e4nets Brandstodsbolag samt en frivillig avgift i andra bolag. Det f\u00f6rsta ink\u00f6pet bestod av fyra signalhorn med varningssk\u00e5p. Ett horn placerades vid handlanden J K Bengtssons aff\u00e4r, ett vid smeden Vinks hus och ett vid Sandalfabriken. Det fj\u00e4rde sk\u00e5pet skulle inneh\u00e5lla nyckeln till sprutboden och skulle f\u00f6rvaras vid denna.<\/p>\n<p align=\"left\">Den f\u00f6rsta brandstyrelsen kom att best\u00e5 av Claes Ekdal, brandchef, Axel Rehn, vice brandchef, Per Hallstr\u00f6m, Alfred Dahl, Gotthard Schelin, Claes Johansson och Axel Dahlqvist.<\/p>\n<p align=\"left\">Vid det f\u00f6rsta sammantr\u00e4det fattade man beslut om var stora sprutan skulle f\u00f6rvaras. Styrelsen gjorde en f\u00f6rfr\u00e5gan hos landsfiskal Alfred Dahl om att f\u00e5 anv\u00e4nda arrestlokalen viod G\u00e4stgivareg\u00e5rden &#8211; som st\u00e5tt oanv\u00e4nd l\u00e5ng tid. Tillst\u00e5nd l\u00e4mnades och arresten blev en sprutbod.<\/p>\n<p align=\"left\">Det fanns ambitioner hos den nya styrelsen. Man besl\u00f6t d\u00e4rf\u00f6r att \u00e4ven ink\u00f6pa sex vattenhinkar om 15 liter samt fyra &#8221;sirapsfat&#8221; f\u00f6r framforsling av vatten.<\/p>\n<p align=\"left\">Den 30 maj genomf\u00f6rdes den f\u00f6rsta visitationen &#8211; med alla brandgubbar p\u00e5 plats. Brandk\u00e5ren skulle best\u00e5 av en sprutavdelning, en vattenh\u00e4mtningsvadelning, en b\u00e4rgningsavdelning och en reserv- och vaktavdelning. Innan \u00f6vningen avslutades gav brandchefen en lektion i hur man tutade i lurarna och framh\u00f6ll betydelsen av att man g\u00f6r s\u00e5 n\u00e4r det brinner.<\/p>\n<p align=\"left\">Vid \u00e5rsm\u00f6tet den 29 mars 1923 valdes kamrer Emil Crona till ny brandchef och Claes Ekdal blev vice brandchef. K\u00e5ren hade nu ett 50-tal medlemmar &#8211; alla med var sin uppgift i de olika avdelningarna.<\/p>\n<p align=\"left\">Vid n\u00e4sta \u00e5rsm\u00f6te fattades beslut om att bygga en brandstation f\u00f6r sprutan och \u00f6vriga redskap. Den skulle uppf\u00f6ras 7 alnar i fyrkant samt 5\u00bd alnar h\u00f6g &#8211; och byggdes p\u00e5 den gamla stationens plats.<\/p>\n<figure id=\"attachment_936\" aria-describedby=\"caption-attachment-936\" style=\"width: 700px\" class=\"wp-caption alignnone\"><a href=\"https:\/\/media.vrigstadshembygdsforening.se\/\/2015\/07\/Fakta_samh_brand1930.jpg\"><img loading=\"lazy\" decoding=\"async\" class=\"wp-image-936 size-full\" src=\"https:\/\/media.vrigstadshembygdsforening.se\/\/2015\/07\/Fakta_samh_brand1930.jpg\" alt=\"Fakta_samh_brand1930\" width=\"700\" height=\"431\" srcset=\"https:\/\/media.vrigstadshembygdsforening.se\/2015\/07\/Fakta_samh_brand1930.jpg 700w, https:\/\/media.vrigstadshembygdsforening.se\/2015\/07\/Fakta_samh_brand1930-300x185.jpg 300w\" sizes=\"auto, (max-width: 700px) 100vw, 700px\" \/><\/a><figcaption id=\"caption-attachment-936\" class=\"wp-caption-text\">Vrigstad Brandk\u00e5r \u00e5r 1930.<\/figcaption><\/figure>\n<figure id=\"attachment_938\" aria-describedby=\"caption-attachment-938\" style=\"width: 700px\" class=\"wp-caption alignnone\"><a href=\"https:\/\/media.vrigstadshembygdsforening.se\/\/2015\/07\/Fakta_samh_brand1983.jpg\"><img loading=\"lazy\" decoding=\"async\" class=\"wp-image-938 size-full\" src=\"https:\/\/media.vrigstadshembygdsforening.se\/\/2015\/07\/Fakta_samh_brand1983.jpg\" alt=\"Fakta_samh_brand1983\" width=\"700\" height=\"527\" srcset=\"https:\/\/media.vrigstadshembygdsforening.se\/2015\/07\/Fakta_samh_brand1983.jpg 700w, https:\/\/media.vrigstadshembygdsforening.se\/2015\/07\/Fakta_samh_brand1983-300x226.jpg 300w\" sizes=\"auto, (max-width: 700px) 100vw, 700px\" \/><\/a><figcaption id=\"caption-attachment-938\" class=\"wp-caption-text\">Brandk\u00e5rens personal 1983.<\/figcaption><\/figure>\n<p align=\"left\">\n","protected":false},"excerpt":{"rendered":"<p>Redan vid mitten av 1800-talet gjordes vissa f\u00f6rs\u00f6k att ordna brandv\u00e4sendet i Vrigstad &#8211; men man lyckades inte. 1910 tog<\/p>\n","protected":false},"author":1,"featured_media":0,"parent":0,"menu_order":0,"comment_status":"closed","ping_status":"open","template":"","meta":{"footnotes":""},"class_list":["post-602","page","type-page","status-publish","hentry"],"_links":{"self":[{"href":"https:\/\/vrigstadshembygdsforening.se\/index.php?rest_route=\/wp\/v2\/pages\/602","targetHints":{"allow":["GET"]}}],"collection":[{"href":"https:\/\/vrigstadshembygdsforening.se\/index.php?rest_route=\/wp\/v2\/pages"}],"about":[{"href":"https:\/\/vrigstadshembygdsforening.se\/index.php?rest_route=\/wp\/v2\/types\/page"}],"author":[{"embeddable":true,"href":"https:\/\/vrigstadshembygdsforening.se\/index.php?rest_route=\/wp\/v2\/users\/1"}],"replies":[{"embeddable":true,"href":"https:\/\/vrigstadshembygdsforening.se\/index.php?rest_route=%2Fwp%2Fv2%2Fcomments&post=602"}],"version-history":[{"count":5,"href":"https:\/\/vrigstadshembygdsforening.se\/index.php?rest_route=\/wp\/v2\/pages\/602\/revisions"}],"predecessor-version":[{"id":5133,"href":"https:\/\/vrigstadshembygdsforening.se\/index.php?rest_route=\/wp\/v2\/pages\/602\/revisions\/5133"}],"wp:attachment":[{"href":"https:\/\/vrigstadshembygdsforening.se\/index.php?rest_route=%2Fwp%2Fv2%2Fmedia&parent=602"}],"curies":[{"name":"wp","href":"https:\/\/api.w.org\/{rel}","templated":true}]}}

Vrigstad Brandkår

<p align="left">Redan vid mitten av 1800-talet gjordes vissa försök att ordna brandväsendet i Vrigstad &#8211; men man lyckades inte. 1910 tog Skytterörelsen i Vrigstad ett nytt initiativ till att bilda en fast brandkår. Det stannade dock vid bildandet av en organisationskommitté.</p>
<p align="left">Det dröjde därför ytterligare tio år. Den 30 december 1920 valdes en kommitté med uppdrag att utarbeta stadgar för den brandkår som sedan skulle bildas våren 1921. Ett 40-tal personer deltog i samlingen och i den blivande brandkårens första kommitté ingick Claes Ekdahl, Karl Klasson, Axel Rehn och Robert Lundberg.</p>
<p align="left">Kommitténs förslag till stadgar antogs den 11 februari 1921. Man beslöt då också enhälligt att bilda en brandkår &#8211; helst före den 14 mars samma år. För att kunna skaffa eldsläckningsutrustning beslöt man begära 25% av brandförsäkringspremien hos Länets Brandstodsbolag samt en frivillig avgift i andra bolag. Det första inköpet bestod av fyra signalhorn med varningsskåp. Ett horn placerades vid handlanden J K Bengtssons affär, ett vid smeden Vinks hus och ett vid Sandalfabriken. Det fjärde skåpet skulle innehålla nyckeln till sprutboden och skulle förvaras vid denna.</p>
<p align="left">Den första brandstyrelsen kom att bestå av Claes Ekdal, brandchef, Axel Rehn, vice brandchef, Per Hallström, Alfred Dahl, Gotthard Schelin, Claes Johansson och Axel Dahlqvist.</p>
<p align="left">Vid det första sammanträdet fattade man beslut om var stora sprutan skulle förvaras. Styrelsen gjorde en förfrågan hos landsfiskal Alfred Dahl om att få använda arrestlokalen viod Gästgivaregården &#8211; som stått oanvänd lång tid. Tillstånd lämnades och arresten blev en sprutbod.</p>
<p align="left">Det fanns ambitioner hos den nya styrelsen. Man beslöt därför att även inköpa sex vattenhinkar om 15 liter samt fyra &#8221;sirapsfat&#8221; för framforsling av vatten.</p>
<p align="left">Den 30 maj genomfördes den första visitationen &#8211; med alla brandgubbar på plats. Brandkåren skulle bestå av en sprutavdelning, en vattenhämtningsvadelning, en bärgningsavdelning och en reserv- och vaktavdelning. Innan övningen avslutades gav brandchefen en lektion i hur man tutade i lurarna och framhöll betydelsen av att man gör så när det brinner.</p>
<p align="left">Vid årsmötet den 29 mars 1923 valdes kamrer Emil Crona till ny brandchef och Claes Ekdal blev vice brandchef. Kåren hade nu ett 50-tal medlemmar &#8211; alla med var sin uppgift i de olika avdelningarna.</p>
<p align="left">Vid nästa årsmöte fattades beslut om att bygga en brandstation för sprutan och övriga redskap. Den skulle uppföras 7 alnar i fyrkant samt 5½ alnar hög &#8211; och byggdes på den gamla stationens plats.</p>
<figure id="attachment_936" aria-describedby="caption-attachment-936" style="width: 700px" class="wp-caption alignnone"><a href="https://media.vrigstadshembygdsforening.se//2015/07/Fakta_samh_brand1930.jpg"><img loading="lazy" decoding="async" class="wp-image-936 size-full" src="https://media.vrigstadshembygdsforening.se//2015/07/Fakta_samh_brand1930.jpg" alt="Fakta_samh_brand1930" width="700" height="431" srcset="https://media.vrigstadshembygdsforening.se/2015/07/Fakta_samh_brand1930.jpg 700w, https://media.vrigstadshembygdsforening.se/2015/07/Fakta_samh_brand1930-300x185.jpg 300w" sizes="auto, (max-width: 700px) 100vw, 700px" /></a><figcaption id="caption-attachment-936" class="wp-caption-text">Vrigstad Brandkår år 1930.</figcaption></figure>
<figure id="attachment_938" aria-describedby="caption-attachment-938" style="width: 700px" class="wp-caption alignnone"><a href="https://media.vrigstadshembygdsforening.se//2015/07/Fakta_samh_brand1983.jpg"><img loading="lazy" decoding="async" class="wp-image-938 size-full" src="https://media.vrigstadshembygdsforening.se//2015/07/Fakta_samh_brand1983.jpg" alt="Fakta_samh_brand1983" width="700" height="527" srcset="https://media.vrigstadshembygdsforening.se/2015/07/Fakta_samh_brand1983.jpg 700w, https://media.vrigstadshembygdsforening.se/2015/07/Fakta_samh_brand1983-300x226.jpg 300w" sizes="auto, (max-width: 700px) 100vw, 700px" /></a><figcaption id="caption-attachment-938" class="wp-caption-text">Brandkårens personal 1983.</figcaption></figure>
<p align="left">

<p>Redan vid mitten av 1800-talet gjordes vissa försök att ordna brandväsendet i Vrigstad &#8211; men man lyckades inte. 1910 tog</p>
