{"id":596,"date":"2015-07-17T17:31:40","date_gmt":"2015-07-17T17:31:40","guid":{"rendered":"http:\/\/vrigstadshembygdsforening.se\/?page_id=596"},"modified":"2020-08-18T15:27:49","modified_gmt":"2020-08-18T15:27:49","slug":"skolan-i-virestorp","status":"publish","type":"page","link":"https:\/\/vrigstadshembygdsforening.se\/?page_id=596","title":{"rendered":"Skolan i Virestorp"},"content":{"rendered":"<p>Skolan i Virestorp l\u00e5g v\u00e4ster om v\u00e4gen mellan Vrigstad och Virestorp, d\u00e4r v\u00e4gen fr\u00e5n Id och Bj\u00e4llebo st\u00f6ter till. Den f\u00f6rsta skolan var klar 1862, troligen n\u00e5got \u00e5r tidigare, och l\u00e5g n\u00e4rmre v\u00e4gen \u00e4n den nya skolan, som uppf\u00f6rdes 1915. Gamla skolan s\u00e5g ut som den i Draget med l\u00e4rosal och litet rum och k\u00f6k till l\u00e4raren, n\u00e4r han ambulerade i Virestorp. I den nya skolan fanns en skolsal och en st\u00f6rre l\u00e4genhet f\u00f6r l\u00e4raren. H\u00e4r var ambulerande skola till 1897.<\/p>\n<p>Skolan var ig\u00e5ng t.o.m. v\u00e5rterminen 1948. D\u00e5 var d\u00e4r endast 8 elever. Det blev allts\u00e5 klasser med endast en elev, trots att det var intagning av elever vartannat \u00e5r. I forts\u00e4ttningsskolan var det ocks\u00e5 s\u00e5 f\u00e5 elever, att skolan endast kunde h\u00e5llas vartannat \u00e5r. D\u00e5 var, enligt m\u00e5ngas mening, barnen alldeles f\u00f6r stora eller f\u00f6r gamla att g\u00e5 i skolan. P\u00e5 skolv\u00e4gen fick de d\u00e5 h\u00f6ra kommentaren: \u201dStore k\u00f5nera, g\u00e5 \u00e5 inte g\u00f6ra ett redit dagsverke!\u201d 1948 \u00f6verf\u00f6rdes allts\u00e5 eleverna till Vrigstads skola. Skolskjutsen utgick fr\u00e5n Virestorp och tog sedan en sv\u00e4ng upp mot Knekestorps v\u00e4gsk\u00e4l, d\u00e4r elever, som g\u00e5tt i \u00c5kak\u00f6ps skola, h\u00e4mtades. Skolskjutsen fr\u00e5n \u00c5kak\u00f6p blev n\u00e4mligen fullsatt upp\u00e5t \u00c5kak\u00f6p.<\/p>\n<p>Skolan i Virestorp l\u00e5g visserligen utmed v\u00e4gen men i alla fall mycket ensligt mitt emellan S\u00f6dra Virestorp och Gettersryd. Flera l\u00e4rarinnor v\u00e5gade inte bo d\u00e4r utan hyrde in sig i bondg\u00e5rdar i trakten, Brita Nor\u00e9n hos Mallander i Gettersryd, Greta Wallin i S\u00f6dra Virestorp och n\u00e5gon hos Rylander i Porsam\u00e5len.<\/p>\n<p>De flesta l\u00e4rare i Virestorp skola stannade d\u00e4r mycket kort tid. Det verkar som om de vore anst\u00e4llda f\u00f6r ett l\u00e4s\u00e5r i taget &#8211; eller kanske Virestorp inte direkt var en framtidsplats.<\/p>\n<p><a href=\"https:\/\/media.vrigstadshembygdsforening.se\/\/2015\/07\/Fakta_samh_virest.jpg\"><img loading=\"lazy\" decoding=\"async\" class=\"alignnone size-full wp-image-597\" src=\"https:\/\/media.vrigstadshembygdsforening.se\/\/2015\/07\/Fakta_samh_virest.jpg\" alt=\"Fakta_samh_virest\" width=\"700\" height=\"456\" srcset=\"https:\/\/media.vrigstadshembygdsforening.se\/2015\/07\/Fakta_samh_virest.jpg 700w, https:\/\/media.vrigstadshembygdsforening.se\/2015\/07\/Fakta_samh_virest-300x195.jpg 300w\" sizes=\"auto, (max-width: 700px) 100vw, 700px\" \/><\/a><\/p>\n<p>Elever vid Virestorps skola 1929, fr.v. Bertil Fasth, Erik Mallander, Stig Gustavsson, Gunnar Wiss, Gunnar Johansson, G\u00f6sta Karlstr\u00f6m, Vera Rylander, Erik Fasth, Martin Fasth, Hildur Ceder, Gunnar Mallander, M\u00e4rta Mallander och Elvira Karlstr\u00f6m.<\/p>\n<p><strong>L\u00e4rare i Virestorps skola<\/strong><\/p>\n<table width=\"100%\">\n<tbody>\n<tr>\n<td width=\"16%\">1897-1900<\/td>\n<td width=\"84%\">Charlotta Gustavsson, f\u00f6dd 26\/1 1867 i Vrigstad. Kom 1898 fr\u00e5n \u201dGamla Posten\u201d (Granfeldts hus) i Vrigstad och flyttade 1899 till V\u00e4rnamo.<\/td>\n<\/tr>\n<tr>\n<td width=\"16%\">1900-1901<\/td>\n<td width=\"84%\">Karl August Frej, f\u00f6dd 27\/10 1883 i \u00d6destugu. Kom 1900 fr\u00e5n \u00c5senh\u00f6ga och flyttade 1901 till Tuna i Kalmar l\u00e4n.<\/td>\n<\/tr>\n<tr>\n<td width=\"16%\">1901-1902<\/td>\n<td width=\"84%\">Hilda Lagerqvist, f\u00f6dd 21\/5 1866 i Eksj\u00f6. Kom 1901 fr\u00e5n N\u00e4ssj\u00f6 och flyttade 1902 till Eksj\u00f6.<\/td>\n<\/tr>\n<tr>\n<td width=\"16%\">1902<\/td>\n<td width=\"84%\">Ester Rydstedt. Kom 1902 fr\u00e5n Sund i J\u00e4rsn\u00e4s.<\/td>\n<\/tr>\n<tr>\n<td width=\"16%\">1902-1907<\/td>\n<td width=\"84%\">Ottilia Sj\u00f6qvist, f\u00f6dd 7\/6 1881. Anst\u00e4lldes fr.o.m. 1902.<\/td>\n<\/tr>\n<tr>\n<td width=\"16%\">1907-1910<\/td>\n<td width=\"84%\">Amanda Karolina Andersson, f\u00f6dd 12\/9 1885 i Reftele. Kom 1906 fr\u00e5n L\u00e5ngaryd till sm\u00e5skolan i Vrigstad, b\u00f6rjade i Virestorps skola 1907 och flyttade 1910 \u00e5ter till L\u00e5ngaryd.<\/td>\n<\/tr>\n<tr>\n<td width=\"16%\">1909-1910<\/td>\n<td width=\"84%\">Berta Rydstr\u00f6m. B\u00f6rjade undervisningen 1\/7 1909 och flyttade efter ett l\u00e4s\u00e5r.<\/td>\n<\/tr>\n<tr>\n<td width=\"16%\">1910-1917<\/td>\n<td width=\"84%\">Ellen Andersson, f\u00f6dd 13\/3 1883 i Tr\u00e5vad, Skaraborgs l\u00e4n. Avlade sm\u00e5skoll\u00e4rarinneexamen i Skara 1902. Hade tj\u00e4nstgjort i Sunnan\u00e5 1902-1903, i Nora 1903-1906, i Blad\u00e5ker 1907 och i L\u00e5ngserum som ordinarie l\u00e4rarinna 1908-1909. Kom 1910 fr\u00e5n Tr\u00e5vad och flyttade 1917 till Vrigstadssm\u00e5skola. &#8221;Det var nog en arg fr\u00f6ken.&#8221; D\u00f6d 13\/4 1934.<\/td>\n<\/tr>\n<tr>\n<td width=\"16%\">1917-1920<\/td>\n<td width=\"84%\">Signe Johansson, f\u00f6dd 19\/2 1892 i Edshult. Avlade sm\u00e5skoll\u00e4rarinneexamen i Eksj\u00f6 1914. Blev ordinarie l\u00e4rarinna vid Virestorps mindre folkskola 1917. Flyttade 1920 till Vrigstads sm\u00e5skola, d\u00e4r hon var kvar till pensioneringen 1950. Signe Johansson var alltid lika lugn och best\u00e4md och mycket omtyckt av elever och f\u00f6r\u00e4ldrar.<\/td>\n<\/tr>\n<tr>\n<td width=\"16%\">1920-1946<\/td>\n<td width=\"84%\">Karolina Grahn, f\u00f6dd 10\/2 1891 i Vallsj\u00f6. Avlade sm\u00e5skoll\u00e4rarinneexamen i Eksj\u00f6 1911. Vikarierade i Vetlanda v\u00e5rterminen 1912, i Holsby h\u00f6stterminen 1912, ordinarie l\u00e4rarinna i Lannaskede gr\u00e4ns mindre folkskola 1913-1914, vikarierade i Fryele 1915-1920 och kom till Virestorp 1920. Hon var mycket sjuklig och tj\u00e4nstledig fr\u00e5n 1\/8 1927 l\u00e5ng tid fram\u00f6ver, men kunde trots det beh\u00e5lla tj\u00e4nsten. L\u00e5nga tider bodde hon inte ens i skolan. Hon slutade sin tj\u00e4nst 31\/1 1946 och flyttade till Vetlanda.<\/td>\n<\/tr>\n<tr>\n<td width=\"16%\">1927<\/td>\n<td width=\"84%\">Elsa Johansson, f\u00f6dd 8\/7 1894 i Edshult. Avlade sm\u00e5skoll\u00e4rarinneexamen i Eksj\u00f6 1924. Vikarierade vid Vrigstads skola 1925-1927 och i Virestorps skola 8\/8-4\/12 1927. Hon var syster till Signe Johansson ovan.<\/td>\n<\/tr>\n<tr>\n<td width=\"16%\">1928-1929<\/td>\n<td width=\"84%\">Folke Wilson, f\u00f6dd 27\/5 1903 i Horshaga i Svenarum. Vikarierade h\u00e4r fr.o.m. 15\/11 1928 t.o.m. v\u00e5rterminen 1929 och hade \u00e4ven forts\u00e4ttningsskola. \u00c5terkom som kantor och folkskoll\u00e4rare till Vrigstad 1946 och stannade d\u00e4r till pensioneringen 1956.<\/td>\n<\/tr>\n<tr>\n<td width=\"16%\">1929-1930<\/td>\n<td width=\"84%\">Anders Lindel\u00f6v, f\u00f6dd 16\/11 1902 i J\u00f6nk\u00f6ping. Vikarierade h\u00e4r t.o.m. h\u00f6stterminen 1930.<\/td>\n<\/tr>\n<tr>\n<td width=\"16%\">1930-1932<\/td>\n<td width=\"84%\">Viola Dehn, f\u00f6dd 5\/4 1908 i Hult. Avlade folkskoll\u00e4rarexamen i Stockholm 4\/6 1929.<\/td>\n<\/tr>\n<tr>\n<td width=\"16%\">1932-1935<\/td>\n<td width=\"84%\">Hanna Johansson, f\u00f6dd 4\/10 1908. Avlade folkskoll\u00e4rarexamen i Landskrona 1931. Tj\u00e4nstgjorde kort tid vid Hjortsberga kyrkskola, innan hon kom hit 24\/11 1932. Hon hade \u00e4ven forts\u00e4ttningsskola.<\/td>\n<\/tr>\n<tr>\n<td width=\"16%\">1935-1937<\/td>\n<td width=\"84%\">Greta Wallin, f\u00f6dd 4\/3 1906 i Stockholm. Kom hit 1935 fr\u00e5n Vrigstads skola och flyttade 1937 till \u00d6lmstad. Hon bodde i S\u00f6dra Virestorp.<\/td>\n<\/tr>\n<tr>\n<td width=\"16%\">1937-1938<\/td>\n<td width=\"84%\">Anna-Lisa Karlsson, f\u00f6dd 2\/9 1912 i Svenarum. Kom hit 1937 fr\u00e5n Torarp i Svenarum och flyttade 1938 \u00e5ter till Svenarum.<\/td>\n<\/tr>\n<tr>\n<td width=\"16%\">1939-1944<\/td>\n<td width=\"84%\">Var Karolina Grahn i tj\u00e4nst igen.<\/td>\n<\/tr>\n<tr>\n<td width=\"16%\">1945-1948<\/td>\n<td width=\"84%\">Elin H\u00e5kansson, f\u00f6dd 3\/1 1891, i Karlskrona. Kom hit 1945 fr\u00e5n \u00c5kak\u00f6ps skola och flyttade 1948 till Barkansj\u00f6 skola i Almes\u00e5kra.<\/td>\n<\/tr>\n<\/tbody>\n<\/table>\n<p>Det var m\u00e5nga olika l\u00e4rare, som hade forts\u00e4ttningsskolan i Virestorp, t ex Aina Nyquist, som sedan tj\u00e4nstgjort i K\u00e4nnestubba skola, Dagmar J\u00e4rnhult, som sedan tj\u00e4nstgjorde vid skolan i Nydala, Brita Nor\u00e9n, som tj\u00e4nstgjorde i S\u00e4vsj\u00f6.<\/p>\n<p>N\u00e4r den ambulerande sm\u00e5skoll\u00e4rarinnan Johanna Bergstr\u00f6m slutade sin undervisning 1897, s\u00e5 flyttade i hennes stuga i Lammafors in en sm\u00e5skoll\u00e4rarinna Sigrid Lyd\u00e9n, f\u00f6dd 18\/6 1878 i Eksj\u00f6. Hon ko m 1898 fr\u00e5n Vetlanda och flyttade 1898 till Eksj\u00f6. Hon b\u00f6r, med h\u00e4nsyn till bostadsorten, rimligen ha tj\u00e4nstgjort i Virestorps skola.<\/p>\n<p>Informationen om skolan i Vrigstads socken \u00e4r h\u00e4mtad ur &#8221;Vi byggde skolan &#8211; Historien om skolorna i S\u00e4vsj\u00f6 kommun&#8221;, utgiven av skolstyrelsen 1992. F\u00f6rfattare: Elna Nilsson och Henry Renshult.<\/p>\n","protected":false},"excerpt":{"rendered":"<p>Skolan i Virestorp l\u00e5g v\u00e4ster om v\u00e4gen mellan Vrigstad och Virestorp, d\u00e4r v\u00e4gen fr\u00e5n Id och Bj\u00e4llebo st\u00f6ter till. Den<\/p>\n","protected":false},"author":1,"featured_media":0,"parent":0,"menu_order":0,"comment_status":"closed","ping_status":"open","template":"","meta":{"footnotes":""},"class_list":["post-596","page","type-page","status-publish","hentry"],"_links":{"self":[{"href":"https:\/\/vrigstadshembygdsforening.se\/index.php?rest_route=\/wp\/v2\/pages\/596","targetHints":{"allow":["GET"]}}],"collection":[{"href":"https:\/\/vrigstadshembygdsforening.se\/index.php?rest_route=\/wp\/v2\/pages"}],"about":[{"href":"https:\/\/vrigstadshembygdsforening.se\/index.php?rest_route=\/wp\/v2\/types\/page"}],"author":[{"embeddable":true,"href":"https:\/\/vrigstadshembygdsforening.se\/index.php?rest_route=\/wp\/v2\/users\/1"}],"replies":[{"embeddable":true,"href":"https:\/\/vrigstadshembygdsforening.se\/index.php?rest_route=%2Fwp%2Fv2%2Fcomments&post=596"}],"version-history":[{"count":2,"href":"https:\/\/vrigstadshembygdsforening.se\/index.php?rest_route=\/wp\/v2\/pages\/596\/revisions"}],"predecessor-version":[{"id":4272,"href":"https:\/\/vrigstadshembygdsforening.se\/index.php?rest_route=\/wp\/v2\/pages\/596\/revisions\/4272"}],"wp:attachment":[{"href":"https:\/\/vrigstadshembygdsforening.se\/index.php?rest_route=%2Fwp%2Fv2%2Fmedia&parent=596"}],"curies":[{"name":"wp","href":"https:\/\/api.w.org\/{rel}","templated":true}]}}

<p>Skolan i Virestorp låg väster om vägen mellan Vrigstad och Virestorp, där vägen från Id och Bjällebo stöter till. Den första skolan var klar 1862, troligen något år tidigare, och låg närmre vägen än den nya skolan, som uppfördes 1915. Gamla skolan såg ut som den i Draget med lärosal och litet rum och kök till läraren, när han ambulerade i Virestorp. I den nya skolan fanns en skolsal och en större lägenhet för läraren. Här var ambulerande skola till 1897.</p>
<p>Skolan var igång t.o.m. vårterminen 1948. Då var där endast 8 elever. Det blev alltså klasser med endast en elev, trots att det var intagning av elever vartannat år. I fortsättningsskolan var det också så få elever, att skolan endast kunde hållas vartannat år. Då var, enligt mångas mening, barnen alldeles för stora eller för gamla att gå i skolan. På skolvägen fick de då höra kommentaren: ”Store kõnera, gå å inte göra ett redit dagsverke!” 1948 överfördes alltså eleverna till Vrigstads skola. Skolskjutsen utgick från Virestorp och tog sedan en sväng upp mot Knekestorps vägskäl, där elever, som gått i Åkaköps skola, hämtades. Skolskjutsen från Åkaköp blev nämligen fullsatt uppåt Åkaköp.</p>
<p>Skolan i Virestorp låg visserligen utmed vägen men i alla fall mycket ensligt mitt emellan Södra Virestorp och Gettersryd. Flera lärarinnor vågade inte bo där utan hyrde in sig i bondgårdar i trakten, Brita Norén hos Mallander i Gettersryd, Greta Wallin i Södra Virestorp och någon hos Rylander i Porsamålen.</p>
<p>De flesta lärare i Virestorp skola stannade där mycket kort tid. Det verkar som om de vore anställda för ett läsår i taget &#8211; eller kanske Virestorp inte direkt var en framtidsplats.</p>
<p><a href="https://media.vrigstadshembygdsforening.se//2015/07/Fakta_samh_virest.jpg"><img loading="lazy" decoding="async" class="alignnone size-full wp-image-597" src="https://media.vrigstadshembygdsforening.se//2015/07/Fakta_samh_virest.jpg" alt="Fakta_samh_virest" width="700" height="456" srcset="https://media.vrigstadshembygdsforening.se/2015/07/Fakta_samh_virest.jpg 700w, https://media.vrigstadshembygdsforening.se/2015/07/Fakta_samh_virest-300x195.jpg 300w" sizes="auto, (max-width: 700px) 100vw, 700px" /></a></p>
<p>Elever vid Virestorps skola 1929, fr.v. Bertil Fasth, Erik Mallander, Stig Gustavsson, Gunnar Wiss, Gunnar Johansson, Gösta Karlström, Vera Rylander, Erik Fasth, Martin Fasth, Hildur Ceder, Gunnar Mallander, Märta Mallander och Elvira Karlström.</p>
<p><strong>Lärare i Virestorps skola</strong></p>
<table width="100%">
<tbody>
<tr>
<td width="16%">1897-1900</td>
<td width="84%">Charlotta Gustavsson, född 26/1 1867 i Vrigstad. Kom 1898 från ”Gamla Posten” (Granfeldts hus) i Vrigstad och flyttade 1899 till Värnamo.</td>
</tr>
<tr>
<td width="16%">1900-1901</td>
<td width="84%">Karl August Frej, född 27/10 1883 i Ödestugu. Kom 1900 från Åsenhöga och flyttade 1901 till Tuna i Kalmar län.</td>
</tr>
<tr>
<td width="16%">1901-1902</td>
<td width="84%">Hilda Lagerqvist, född 21/5 1866 i Eksjö. Kom 1901 från Nässjö och flyttade 1902 till Eksjö.</td>
</tr>
<tr>
<td width="16%">1902</td>
<td width="84%">Ester Rydstedt. Kom 1902 från Sund i Järsnäs.</td>
</tr>
<tr>
<td width="16%">1902-1907</td>
<td width="84%">Ottilia Sjöqvist, född 7/6 1881. Anställdes fr.o.m. 1902.</td>
</tr>
<tr>
<td width="16%">1907-1910</td>
<td width="84%">Amanda Karolina Andersson, född 12/9 1885 i Reftele. Kom 1906 från Långaryd till småskolan i Vrigstad, började i Virestorps skola 1907 och flyttade 1910 åter till Långaryd.</td>
</tr>
<tr>
<td width="16%">1909-1910</td>
<td width="84%">Berta Rydström. Började undervisningen 1/7 1909 och flyttade efter ett läsår.</td>
</tr>
<tr>
<td width="16%">1910-1917</td>
<td width="84%">Ellen Andersson, född 13/3 1883 i Tråvad, Skaraborgs län. Avlade småskollärarinneexamen i Skara 1902. Hade tjänstgjort i Sunnanå 1902-1903, i Nora 1903-1906, i Bladåker 1907 och i Långserum som ordinarie lärarinna 1908-1909. Kom 1910 från Tråvad och flyttade 1917 till Vrigstadssmåskola. &#8221;Det var nog en arg fröken.&#8221; Död 13/4 1934.</td>
</tr>
<tr>
<td width="16%">1917-1920</td>
<td width="84%">Signe Johansson, född 19/2 1892 i Edshult. Avlade småskollärarinneexamen i Eksjö 1914. Blev ordinarie lärarinna vid Virestorps mindre folkskola 1917. Flyttade 1920 till Vrigstads småskola, där hon var kvar till pensioneringen 1950. Signe Johansson var alltid lika lugn och bestämd och mycket omtyckt av elever och föräldrar.</td>
</tr>
<tr>
<td width="16%">1920-1946</td>
<td width="84%">Karolina Grahn, född 10/2 1891 i Vallsjö. Avlade småskollärarinneexamen i Eksjö 1911. Vikarierade i Vetlanda vårterminen 1912, i Holsby höstterminen 1912, ordinarie lärarinna i Lannaskede gräns mindre folkskola 1913-1914, vikarierade i Fryele 1915-1920 och kom till Virestorp 1920. Hon var mycket sjuklig och tjänstledig från 1/8 1927 lång tid framöver, men kunde trots det behålla tjänsten. Långa tider bodde hon inte ens i skolan. Hon slutade sin tjänst 31/1 1946 och flyttade till Vetlanda.</td>
</tr>
<tr>
<td width="16%">1927</td>
<td width="84%">Elsa Johansson, född 8/7 1894 i Edshult. Avlade småskollärarinneexamen i Eksjö 1924. Vikarierade vid Vrigstads skola 1925-1927 och i Virestorps skola 8/8-4/12 1927. Hon var syster till Signe Johansson ovan.</td>
</tr>
<tr>
<td width="16%">1928-1929</td>
<td width="84%">Folke Wilson, född 27/5 1903 i Horshaga i Svenarum. Vikarierade här fr.o.m. 15/11 1928 t.o.m. vårterminen 1929 och hade även fortsättningsskola. Återkom som kantor och folkskollärare till Vrigstad 1946 och stannade där till pensioneringen 1956.</td>
</tr>
<tr>
<td width="16%">1929-1930</td>
<td width="84%">Anders Lindelöv, född 16/11 1902 i Jönköping. Vikarierade här t.o.m. höstterminen 1930.</td>
</tr>
<tr>
<td width="16%">1930-1932</td>
<td width="84%">Viola Dehn, född 5/4 1908 i Hult. Avlade folkskollärarexamen i Stockholm 4/6 1929.</td>
</tr>
<tr>
<td width="16%">1932-1935</td>
<td width="84%">Hanna Johansson, född 4/10 1908. Avlade folkskollärarexamen i Landskrona 1931. Tjänstgjorde kort tid vid Hjortsberga kyrkskola, innan hon kom hit 24/11 1932. Hon hade även fortsättningsskola.</td>
</tr>
<tr>
<td width="16%">1935-1937</td>
<td width="84%">Greta Wallin, född 4/3 1906 i Stockholm. Kom hit 1935 från Vrigstads skola och flyttade 1937 till Ölmstad. Hon bodde i Södra Virestorp.</td>
</tr>
<tr>
<td width="16%">1937-1938</td>
<td width="84%">Anna-Lisa Karlsson, född 2/9 1912 i Svenarum. Kom hit 1937 från Torarp i Svenarum och flyttade 1938 åter till Svenarum.</td>
</tr>
<tr>
<td width="16%">1939-1944</td>
<td width="84%">Var Karolina Grahn i tjänst igen.</td>
</tr>
<tr>
<td width="16%">1945-1948</td>
<td width="84%">Elin Håkansson, född 3/1 1891, i Karlskrona. Kom hit 1945 från Åkaköps skola och flyttade 1948 till Barkansjö skola i Almesåkra.</td>
</tr>
</tbody>
</table>
<p>Det var många olika lärare, som hade fortsättningsskolan i Virestorp, t ex Aina Nyquist, som sedan tjänstgjort i Kännestubba skola, Dagmar Järnhult, som sedan tjänstgjorde vid skolan i Nydala, Brita Norén, som tjänstgjorde i Sävsjö.</p>
<p>När den ambulerande småskollärarinnan Johanna Bergström slutade sin undervisning 1897, så flyttade i hennes stuga i Lammafors in en småskollärarinna Sigrid Lydén, född 18/6 1878 i Eksjö. Hon ko m 1898 från Vetlanda och flyttade 1898 till Eksjö. Hon bör, med hänsyn till bostadsorten, rimligen ha tjänstgjort i Virestorps skola.</p>
<p>Informationen om skolan i Vrigstads socken är hämtad ur &#8221;Vi byggde skolan &#8211; Historien om skolorna i Sävsjö kommun&#8221;, utgiven av skolstyrelsen 1992. Författare: Elna Nilsson och Henry Renshult.</p>

<p>Skolan i Virestorp låg väster om vägen mellan Vrigstad och Virestorp, där vägen från Id och Bjällebo stöter till. Den</p>
