{"id":5898,"date":"2022-11-16T10:59:55","date_gmt":"2022-11-16T10:59:55","guid":{"rendered":"https:\/\/vrigstadshembygdsforening.se\/?page_id=5898"},"modified":"2022-11-30T18:02:17","modified_gmt":"2022-11-30T18:02:17","slug":"savjedal-lilla","status":"publish","type":"page","link":"https:\/\/vrigstadshembygdsforening.se\/?page_id=5898","title":{"rendered":"S\u00e4vjedal, Lilla"},"content":{"rendered":"\n<p>Torp under Sunnerby Norreg\u00e5rd.<\/p>\n\n\n\n<p>Jonas Nilsson (1781-03-16- ), Sara Lisa Petersdotter (1786-11-30\u20141857-05-11). \u00c4nklingen flyttar till Lundby Mellang\u00e5rd 1859.<\/p>\n\n\n\n<p>1859. Skr\u00e4ddare Johannes Nilsson Moberg (1826-06-22\u20141865-09-18), Brita Lisa Jacobsdotter (1825-09-16- ), Maria Kristina Albertina (1851-05-05- ), Carl Ludvig (1853-10-01- ), Per Gustaf (1858-04-05- ), Johan Edvard (1863-12-07- ). Inflyttade fr\u00e5n Hj\u00e4lmseryd. \u00c4nkan flyttade 1875 till Vallsj\u00f6.<\/p>\n","protected":false},"excerpt":{"rendered":"<p>Torp under Sunnerby Norreg\u00e5rd. Jonas Nilsson (1781-03-16- ), Sara Lisa Petersdotter (1786-11-30\u20141857-05-11). \u00c4nklingen flyttar till Lundby Mellang\u00e5rd 1859. 1859. Skr\u00e4ddare<\/p>\n","protected":false},"author":1,"featured_media":0,"parent":0,"menu_order":0,"comment_status":"closed","ping_status":"closed","template":"","meta":{"footnotes":""},"class_list":["post-5898","page","type-page","status-publish","hentry"],"_links":{"self":[{"href":"https:\/\/vrigstadshembygdsforening.se\/index.php?rest_route=\/wp\/v2\/pages\/5898","targetHints":{"allow":["GET"]}}],"collection":[{"href":"https:\/\/vrigstadshembygdsforening.se\/index.php?rest_route=\/wp\/v2\/pages"}],"about":[{"href":"https:\/\/vrigstadshembygdsforening.se\/index.php?rest_route=\/wp\/v2\/types\/page"}],"author":[{"embeddable":true,"href":"https:\/\/vrigstadshembygdsforening.se\/index.php?rest_route=\/wp\/v2\/users\/1"}],"replies":[{"embeddable":true,"href":"https:\/\/vrigstadshembygdsforening.se\/index.php?rest_route=%2Fwp%2Fv2%2Fcomments&post=5898"}],"version-history":[{"count":2,"href":"https:\/\/vrigstadshembygdsforening.se\/index.php?rest_route=\/wp\/v2\/pages\/5898\/revisions"}],"predecessor-version":[{"id":6186,"href":"https:\/\/vrigstadshembygdsforening.se\/index.php?rest_route=\/wp\/v2\/pages\/5898\/revisions\/6186"}],"wp:attachment":[{"href":"https:\/\/vrigstadshembygdsforening.se\/index.php?rest_route=%2Fwp%2Fv2%2Fmedia&parent=5898"}],"curies":[{"name":"wp","href":"https:\/\/api.w.org\/{rel}","templated":true}]}}