{"id":5887,"date":"2022-11-15T11:40:39","date_gmt":"2022-11-15T11:40:39","guid":{"rendered":"https:\/\/vrigstadshembygdsforening.se\/?page_id=5887"},"modified":"2022-11-30T18:00:53","modified_gmt":"2022-11-30T18:00:53","slug":"sagen","status":"publish","type":"page","link":"https:\/\/vrigstadshembygdsforening.se\/?page_id=5887","title":{"rendered":"S\u00e5gen"},"content":{"rendered":"\n<p>Soldattorpet S\u00e5gen nr 2 under Boda. Flera soldater bodde h\u00e4r, den siste Frans Algot Holm, som senare blev brevb\u00e4rare och kyrkvaktm\u00e4stare i Vrigstad. Sist bodde h\u00e4r Oskar och Ellen Fast. De flyttade 1927 till H\u00e4sthagen. Stugan p\u00e5 S\u00e5gen hade ett rum och k\u00f6k. Den revs 1930. N\u00e5got st\u00f6rre f\u00f6rm\u00e5ner \u00e4n \u00f6vriga soldattorp inom socknen. Soldattorp f\u00f6r Lundby och \u00c5kak\u00f6ps rotar.<\/p>\n\n\n\n<p>1754. Soldaten Nils Boman (1731- ), M\u00e4rta J\u00f6nsdotter (1719- ), Brita och Johan. De flyttade 1763.<\/p>\n\n\n\n<p>1769. Soldaten Erik Boman, Maria Svensdotter. Flyttade 1772.<\/p>\n\n\n\n<p>1773. Soldaten Jonas Boman (1744- ), Annika (1738- ), Margareta (1768- ), Petter (1772- ), Stina (1775- ), Maja (1777- ), Fredrik (1780- ), Jonas. Flyttade 1795 till \u00d6stanskog.<\/p>\n\n\n\n<p>1800. Johannes, Stina (1775- ), se ovan.<\/p>\n\n\n\n<p>1802. Soldaten Fredrik Boman (1780- ) \u2013 se ovan, Margareta (1782- ), Johan Axel (1803-11-??- ), Anders (1806- ). De flyttade 1804 till K\u00e4llunda.<\/p>\n\n\n\n<p>1804. Soldaten Samuel Bom (1779-09-20- ), Stina (1774-09-02- ), Lena Sofia (1808-10-07- ). De flyttade hit fr\u00e5n K\u00e4llunda och sedan till Hylletofta.<\/p>\n\n\n\n<p>1812. Arvid Bom (1786-07-14- ), Stina Johansdotter (1787-11-14- ), Lena Maja (1812-06-22- ), Stina Greta (1815-12-09- ), Johan Otto (1818-01-04- ), Petter Magnus (1822-06-19- ), Carl Gustaf (1829-03-16- ), Johannes (1832-09-13- ). De flyttade hit fr\u00e5n Stensj\u00f6. Flyttar 1834 till Moen.<\/p>\n\n\n\n<p>1835. Peter Magnus Petersson Bod (1811-03-30- ), Johanna Jonasdotter (1814-1895), Johan Magnus (1836-10-24- ), Johannes Malcum (1839-10-07- ), August (1842-07-19- ), Carolina Christina (1845-04-22- ), Anna Sofia (1848-07-11- ), Frans Peter (1852-05-11- ). De flyttade hit fr\u00e5n Sj\u00f6berg, Lundby Mellang\u00e5rd. De flyttar 1865 till Sj\u00f6berg.<\/p>\n\n\n\n<p>1863. Grenadieren August Elm (1842-07-19\u20141865-03-02). Inflyttade fr\u00e5n \u00d6destugu. Soldat 1863-1865.<\/p>\n\n\n\n<p>1865. V. Korpral Johan Isak Alm (1834-02-16- ), Johanna Sofia Johannesdotter (1833-11-23- ), Klas Edvard (1854-09-28- ), Augusta Kristina (1856-05-16- ), Karl August (1860-01-03- ), Emma Charlotta (1862-09-30- ), Anna Carolina (1865-03-24- ), Josefina (1870-12-13- ). Kom fr\u00e5n ST S\u00f6dra Boda 6, M\u00e5nsag\u00e5rden. Mannen rymde 1871 till Amerika, \u00f6vriga f\u00f6ljde efter 1872.<\/p>\n\n\n\n<p>1872. Frans Peter Petersson Holm (1852-05-11- ), Anna Lena Andersdotter (1842-03-27- ), Johan Alfrid (1875-08-07- ). De kom fr\u00e5n Barnarp och flyttade 1888 till Amerika.<\/p>\n\n\n\n<p>1872. Frans August Svensson (1849-01-26- ), Kristina Larsdotter (1848-05-19- ), Gertrud Mathilda (1872-03-14- ). Inflyttade fr\u00e5n Petersdal. Flyttade 1873 till Svarvarebygget.<\/p>\n\n\n\n<p>1874. Skr\u00e4ddare Gustaf Leonard H\u00f6glund (1845-08-24- ), Karolina Kristina Petersdotter Bo (1845-02-01- ), Carl Johan (1874-03-09- ) \u2013 o\u00e4. son.<\/p>\n\n\n\n<p>1876. Frans Peter Holm (1852-05-11- ), Anna Lena Andersdotter (1842-03-27- ), Johan Alfrid (1875-08-07\u20141884-06-08 ), Frans Oskar (1878-01-13\u20141878-11-22), Karl Edvard (1879-12-26- ), Anna Vilhelmina (1882-09-27- ), Frans Axel (1885-06-23- ). Flyttar till Amerika 1888.<\/p>\n\n\n\n<p>1887. Frans Algot Johannesson Holm (1866-12-12- ) &#8211; den siste soldaten, senare kyrkovaktm\u00e4stare och brevb\u00e4rare, Emma Christina Andersdotter (1863-10-14- ), Anna Viktoria (1884-11-10- ) &#8211; Emmas dotter, Ester Linn\u00e9a (1892-11-23- ), Carl Oskar Albin (1894-12-03- ), Agnes Maria Aurora (1902-07-03- ). Flyttade 1905 till H\u00e4sthagen.<\/p>\n\n\n\n<p>1887. Jonas Peter Jonasson (1823-08-23- ), Johanna Jonasdotter (1832-04-26- ) \u2013 inflyttad 1889. Flyttade till Jonsbygget 1890.<\/p>\n\n\n\n<p>1903. Frans Oskar Svensson (Johansson) (1873-08-03- ), Wilhelmina Elisabet Mallander (1873-06-14- ), Karl Oskar Georg (1897-03-24- ), Rebecka Emilia Elisabet (1899-04-29- ), Axel Filip Walentin (1901-09-16- ). Inflyttade fr\u00e5n Lammaskog och flyttade 1916 till Hylletofta.<\/p>\n\n\n\n<p>1916. Oskar Albin Fasth (1882-11-01- ), Ellen Karolina Lindsten (1887-10-06- ), Hilda Maria Fasth (1911-09-06- ), Gustav Bernhard (1912-11-24- ), Anders Gunnar (1914-01-29- ), Vivi Viktoria Cecilia (1916-02-12- ), Karl Erik (1918-05-17- ), Bror Martin (1919-09-13- ), Oskar Bertil (1922-01-19- ), Arthur Hilmer Natanael (1925-11-15- ). Inflyttade fr\u00e5n Nydala. Flyttade 1927 till H\u00e4sthagen, Lundby.<\/p>\n\n\n\n<p><a href=\"https:\/\/vrigstadshembygdsforening.se\/PDF\/1986.pdf\">Karta<\/a>.<\/p>\n","protected":false},"excerpt":{"rendered":"<p>Soldattorpet S\u00e5gen nr 2 under Boda. Flera soldater bodde h\u00e4r, den siste Frans Algot Holm, som senare blev brevb\u00e4rare och<\/p>\n","protected":false},"author":1,"featured_media":0,"parent":0,"menu_order":0,"comment_status":"closed","ping_status":"closed","template":"","meta":{"footnotes":""},"class_list":["post-5887","page","type-page","status-publish","hentry"],"_links":{"self":[{"href":"https:\/\/vrigstadshembygdsforening.se\/index.php?rest_route=\/wp\/v2\/pages\/5887","targetHints":{"allow":["GET"]}}],"collection":[{"href":"https:\/\/vrigstadshembygdsforening.se\/index.php?rest_route=\/wp\/v2\/pages"}],"about":[{"href":"https:\/\/vrigstadshembygdsforening.se\/index.php?rest_route=\/wp\/v2\/types\/page"}],"author":[{"embeddable":true,"href":"https:\/\/vrigstadshembygdsforening.se\/index.php?rest_route=\/wp\/v2\/users\/1"}],"replies":[{"embeddable":true,"href":"https:\/\/vrigstadshembygdsforening.se\/index.php?rest_route=%2Fwp%2Fv2%2Fcomments&post=5887"}],"version-history":[{"count":2,"href":"https:\/\/vrigstadshembygdsforening.se\/index.php?rest_route=\/wp\/v2\/pages\/5887\/revisions"}],"predecessor-version":[{"id":6183,"href":"https:\/\/vrigstadshembygdsforening.se\/index.php?rest_route=\/wp\/v2\/pages\/5887\/revisions\/6183"}],"wp:attachment":[{"href":"https:\/\/vrigstadshembygdsforening.se\/index.php?rest_route=%2Fwp%2Fv2%2Fmedia&parent=5887"}],"curies":[{"name":"wp","href":"https:\/\/api.w.org\/{rel}","templated":true}]}}