{"id":5571,"date":"2022-10-25T09:53:13","date_gmt":"2022-10-25T09:53:13","guid":{"rendered":"https:\/\/vrigstadshembygdsforening.se\/?page_id=5571"},"modified":"2022-11-30T17:28:46","modified_gmt":"2022-11-30T17:28:46","slug":"maddebo-oxhagen","status":"publish","type":"page","link":"https:\/\/vrigstadshembygdsforening.se\/?page_id=5571","title":{"rendered":"Maddebo, Oxhagen"},"content":{"rendered":"\n<p>Torp under K\u00f6pstad \u00d6sterg\u00e5rd. N\u00e4st sista inv. Axel Albin Johansson och Gustaf Johansson, f. 1881 resp. 1882. De flyttade fr\u00e5n Maddebo \u00e5r 1900. Gustaf bodde senare p\u00e5 Kyrkarp. Glimtar ur livet p\u00e5 Maddebo: 1879 anh\u00f6ll Johannes J\u00f6nsson, som \u00e4r sjuklig, om plats i fattighuset. Han uppl\u00e5ter sin stuga och \u00f6vriga tillh\u00f6righeter till fattigstyrelsens disposition. Hans eftertr\u00e4dare Per Johan Johannisson \u00e4r &#8221;sjuklig och utfattig&#8221;, varf\u00f6r hans tv\u00e5 s\u00f6ner fyra och tv\u00e5 \u00e5r gamla utackorderades (1886).<\/p>\n\n\n\n<p>1863. Johannes Jonasson (1826-05-14- ), Lena Sofia J\u00f6nsdotter (1840-07-10&#8211;1891), Klas Johan (1863-01-26- ), Per Edvard (1865-02-29- ), Frans August (1868-07-15- ). Inflyttade fr\u00e5n K\u00f6pstad \u00d6sterg\u00e5rd. Flyttar 1869 till Ljungdala.<\/p>\n\n\n\n<p>Inhyses Johannes J\u00f6nsson (1811-09-24- ), Lena Maja Jakobsdotter (1806-08-05\u20141872-07-02), Johannes Jakobsson (1798-08-01\u20141869-12-22). 1880 till fattighuset.<\/p>\n\n\n\n<p>1880. Per Johan Johannisson (1824-08-24\u20141890-02-22), Kristina Sofia Johannisdotter (1850-05-12\u20141884-05-02), Axel Albin (1881-01-19- ), Gustaf (1882-12-27- ). Inflyttade fr\u00e5n M\u00e5lahage, Trism\u00e5len. S\u00f6nerna bodde kvar h\u00e4r till \u00e5r 1900. Flyttade till Hylletofta respektive Lundholmen.<\/p>\n\n\n\n<p>1903. Anders Jaensson (1825-07-09- ), Emma Christina Johannisdotter (1857-02-18- ) \u2013 hustru 2. Inflyttade fr\u00e5n L. Kvarnaryd. Flyttar samma \u00e5r till K\u00f6pstad Westreg\u00e5rd.<\/p>\n\n\n\n<p><a href=\"https:\/\/vrigstadshembygdsforening.se\/PDF\/1985.pdf\">Karta<\/a>.<\/p>\n","protected":false},"excerpt":{"rendered":"<p>Torp under K\u00f6pstad \u00d6sterg\u00e5rd. N\u00e4st sista inv. Axel Albin Johansson och Gustaf Johansson, f. 1881 resp. 1882. De flyttade fr\u00e5n<\/p>\n","protected":false},"author":1,"featured_media":0,"parent":0,"menu_order":0,"comment_status":"closed","ping_status":"closed","template":"","meta":{"footnotes":""},"class_list":["post-5571","page","type-page","status-publish","hentry"],"_links":{"self":[{"href":"https:\/\/vrigstadshembygdsforening.se\/index.php?rest_route=\/wp\/v2\/pages\/5571","targetHints":{"allow":["GET"]}}],"collection":[{"href":"https:\/\/vrigstadshembygdsforening.se\/index.php?rest_route=\/wp\/v2\/pages"}],"about":[{"href":"https:\/\/vrigstadshembygdsforening.se\/index.php?rest_route=\/wp\/v2\/types\/page"}],"author":[{"embeddable":true,"href":"https:\/\/vrigstadshembygdsforening.se\/index.php?rest_route=\/wp\/v2\/users\/1"}],"replies":[{"embeddable":true,"href":"https:\/\/vrigstadshembygdsforening.se\/index.php?rest_route=%2Fwp%2Fv2%2Fcomments&post=5571"}],"version-history":[{"count":2,"href":"https:\/\/vrigstadshembygdsforening.se\/index.php?rest_route=\/wp\/v2\/pages\/5571\/revisions"}],"predecessor-version":[{"id":6104,"href":"https:\/\/vrigstadshembygdsforening.se\/index.php?rest_route=\/wp\/v2\/pages\/5571\/revisions\/6104"}],"wp:attachment":[{"href":"https:\/\/vrigstadshembygdsforening.se\/index.php?rest_route=%2Fwp%2Fv2%2Fmedia&parent=5571"}],"curies":[{"name":"wp","href":"https:\/\/api.w.org\/{rel}","templated":true}]}}