{"id":5516,"date":"2022-10-20T16:34:56","date_gmt":"2022-10-20T16:34:56","guid":{"rendered":"https:\/\/vrigstadshembygdsforening.se\/?page_id=5516"},"modified":"2022-11-30T17:22:58","modified_gmt":"2022-11-30T17:22:58","slug":"lindeholm-lindeholmen","status":"publish","type":"page","link":"https:\/\/vrigstadshembygdsforening.se\/?page_id=5516","title":{"rendered":"Lindeholm, Lindeholmen"},"content":{"rendered":"\n<p>Backstuga under Horveryd Backg\u00e5rd. Sista inv. Johannes Matteus Karlsson och hustrun Johanna Katarina Andersdotter. Verkstaden som tillh\u00f6rde backstugan flyttades senare till Smedstorp, tidigare Esso-macken i Vrigstad. Huset revs i slutet av 1940-talet.<\/p>\n\n\n\n<p>1876. Torparen Sven Magnus Andersson Rask (1821-03-05&#8211;1898-05-26), Hedvig Str\u00f6berg (1828-04-01- ), Per Johan (1855-05- 14- ), Karl Anders (1857-02-25- ), Augusta (1864-08-03- ), Helena Hilma (1869-11- 04- ). Inflyttade fr\u00e5n Horveryd V\u00e4sterg\u00e5rd, som de arrenderat. Hedvig flyttade 1909 till fattighuset.<\/p>\n\n\n\n<p>1891. Per Johan Svensson (1855-05-14- ) &#8211; se ovan, Emma Carlsson (1866-06-25- ), Johan Charles (1892-09-08- ), Hanna Emelia (1894-05-24- ). Flyttar 1895 till N Sandsj\u00f6.<\/p>\n\n\n\n<p>1899. Johannes Markus Carlsson (1839-06-02&#8211;1917-06-04), Johanna Catarina Andersdotter (1844-12-17&#8211;1929-11-22). Inflyttade fr\u00e5n Holkaryd Skatteg\u00e5rd. Inhyseshjon: Hedvig Rask (Str\u00f6berg) &#8211; se ovan. \u00c4nkan Johanna Catarina bodde kvar h\u00e4r till sin d\u00f6d.<\/p>\n\n\n\n<p><a href=\"https:\/\/vrigstadshembygdsforening.se\/PDF\/1985.pdf\">Karta<\/a>.<\/p>\n","protected":false},"excerpt":{"rendered":"<p>Backstuga under Horveryd Backg\u00e5rd. Sista inv. Johannes Matteus Karlsson och hustrun Johanna Katarina Andersdotter. Verkstaden som tillh\u00f6rde backstugan flyttades senare<\/p>\n","protected":false},"author":1,"featured_media":0,"parent":0,"menu_order":0,"comment_status":"closed","ping_status":"closed","template":"","meta":{"footnotes":""},"class_list":["post-5516","page","type-page","status-publish","hentry"],"_links":{"self":[{"href":"https:\/\/vrigstadshembygdsforening.se\/index.php?rest_route=\/wp\/v2\/pages\/5516","targetHints":{"allow":["GET"]}}],"collection":[{"href":"https:\/\/vrigstadshembygdsforening.se\/index.php?rest_route=\/wp\/v2\/pages"}],"about":[{"href":"https:\/\/vrigstadshembygdsforening.se\/index.php?rest_route=\/wp\/v2\/types\/page"}],"author":[{"embeddable":true,"href":"https:\/\/vrigstadshembygdsforening.se\/index.php?rest_route=\/wp\/v2\/users\/1"}],"replies":[{"embeddable":true,"href":"https:\/\/vrigstadshembygdsforening.se\/index.php?rest_route=%2Fwp%2Fv2%2Fcomments&post=5516"}],"version-history":[{"count":2,"href":"https:\/\/vrigstadshembygdsforening.se\/index.php?rest_route=\/wp\/v2\/pages\/5516\/revisions"}],"predecessor-version":[{"id":6088,"href":"https:\/\/vrigstadshembygdsforening.se\/index.php?rest_route=\/wp\/v2\/pages\/5516\/revisions\/6088"}],"wp:attachment":[{"href":"https:\/\/vrigstadshembygdsforening.se\/index.php?rest_route=%2Fwp%2Fv2%2Fmedia&parent=5516"}],"curies":[{"name":"wp","href":"https:\/\/api.w.org\/{rel}","templated":true}]}}