{"id":5482,"date":"2022-10-16T14:03:13","date_gmt":"2022-10-16T14:03:13","guid":{"rendered":"https:\/\/vrigstadshembygdsforening.se\/?page_id=5482"},"modified":"2022-11-30T17:21:18","modified_gmt":"2022-11-30T17:21:18","slug":"lillelund-2","status":"publish","type":"page","link":"https:\/\/vrigstadshembygdsforening.se\/?page_id=5482","title":{"rendered":"Lillelund"},"content":{"rendered":"\n<p>Backstuga under Stenshult. Sista inv. \u00e4nkan Tilda Nilsdotter, f. 1854, flyttade 1910 till fattighuset. Dottern Julia, f. 1888, flyttade \u00e5r 1910 till Sunnerby. Huset revs 1912 av Emil Svensson, nuvarande Kronoberg.<\/p>\n\n\n\n<p>1871. Nils Jaensson (1811-04-04\u20141883-07-30), Maja Stina Andersdotter (1813-05-20\u20141893-12-22), Anna Kristina (1851-08-24- ), Thilda (1854-11-23- ).<\/p>\n\n\n\n<p>1875. Inhyses Karl Johan Bergstr\u00f6m (1830-02-12- ), Gustava Maria Johannisdotter (1838-06-24- ), Johannes August (1860-12-29- ), Karl Alfrid (1864-09-03- ), Kristina Josefina (1869-03-22- ), Hilda Sofia (1872-04-06- ), Anna Lovisa (1875-01-30- ). Ej kvar 1876.<\/p>\n\n\n\n<p>1888. Anders Johannesson (1830-08-25\u20141910-10-03) &#8211; inflyttad 1888 fr\u00e5n Nordanstorp, \u00c5kak\u00f6p, Tilda Nilsdotter (1854-11-23- ) \u2013 se ovan, Julia (1888-03-28- ). \u00c4nkan flyttade till fattighuset och dottern flyttade 1910 till Sunnerby S\u00f6derg\u00e5rd.<\/p>\n\n\n\n<p><a href=\"https:\/\/vrigstadshembygdsforening.se\/PDF\/1985.pdf\">Karta<\/a>.<\/p>\n","protected":false},"excerpt":{"rendered":"<p>Backstuga under Stenshult. Sista inv. \u00e4nkan Tilda Nilsdotter, f. 1854, flyttade 1910 till fattighuset. Dottern Julia, f. 1888, flyttade \u00e5r<\/p>\n","protected":false},"author":1,"featured_media":0,"parent":0,"menu_order":0,"comment_status":"closed","ping_status":"closed","template":"","meta":{"footnotes":""},"class_list":["post-5482","page","type-page","status-publish","hentry"],"_links":{"self":[{"href":"https:\/\/vrigstadshembygdsforening.se\/index.php?rest_route=\/wp\/v2\/pages\/5482","targetHints":{"allow":["GET"]}}],"collection":[{"href":"https:\/\/vrigstadshembygdsforening.se\/index.php?rest_route=\/wp\/v2\/pages"}],"about":[{"href":"https:\/\/vrigstadshembygdsforening.se\/index.php?rest_route=\/wp\/v2\/types\/page"}],"author":[{"embeddable":true,"href":"https:\/\/vrigstadshembygdsforening.se\/index.php?rest_route=\/wp\/v2\/users\/1"}],"replies":[{"embeddable":true,"href":"https:\/\/vrigstadshembygdsforening.se\/index.php?rest_route=%2Fwp%2Fv2%2Fcomments&post=5482"}],"version-history":[{"count":2,"href":"https:\/\/vrigstadshembygdsforening.se\/index.php?rest_route=\/wp\/v2\/pages\/5482\/revisions"}],"predecessor-version":[{"id":6082,"href":"https:\/\/vrigstadshembygdsforening.se\/index.php?rest_route=\/wp\/v2\/pages\/5482\/revisions\/6082"}],"wp:attachment":[{"href":"https:\/\/vrigstadshembygdsforening.se\/index.php?rest_route=%2Fwp%2Fv2%2Fmedia&parent=5482"}],"curies":[{"name":"wp","href":"https:\/\/api.w.org\/{rel}","templated":true}]}}