{"id":5385,"date":"2022-09-22T10:35:58","date_gmt":"2022-09-22T10:35:58","guid":{"rendered":"https:\/\/vrigstadshembygdsforening.se\/?page_id=5385"},"modified":"2022-11-30T17:11:29","modified_gmt":"2022-11-30T17:11:29","slug":"kurabo","status":"publish","type":"page","link":"https:\/\/vrigstadshembygdsforening.se\/?page_id=5385","title":{"rendered":"Kurabo"},"content":{"rendered":"\n<p>Backstuga under L\u00f6nshult. Den sista som bodde h\u00e4r var \u00e4nkan Anna Lena Jonasdotter, som 1894 flyttade hit fr\u00e5n Lilla Svenseryd, och dog h\u00e4r \u00e5r 1900.<\/p>\n\n\n\n<p>Erik Svensson (1812-12-16\u20141881-02-23), Stina Johannesdotter (1813-04-15- ). Flyttade 1886 till fattighuset.<\/p>\n\n\n\n<p>1894. \u00c4nkan Anna Lena Jonasdotter (1825-05-09&#8211;1900-01-09). Inflyttad fr\u00e5n Svenseryd).<\/p>\n\n\n\n<p><a href=\"https:\/\/vrigstadshembygdsforening.se\/PDF\/1986.pdf\">Karta<\/a>.<\/p>\n","protected":false},"excerpt":{"rendered":"<p>Backstuga under L\u00f6nshult. Den sista som bodde h\u00e4r var \u00e4nkan Anna Lena Jonasdotter, som 1894 flyttade hit fr\u00e5n Lilla Svenseryd,<\/p>\n","protected":false},"author":1,"featured_media":0,"parent":0,"menu_order":0,"comment_status":"closed","ping_status":"closed","template":"","meta":{"footnotes":""},"class_list":["post-5385","page","type-page","status-publish","hentry"],"_links":{"self":[{"href":"https:\/\/vrigstadshembygdsforening.se\/index.php?rest_route=\/wp\/v2\/pages\/5385","targetHints":{"allow":["GET"]}}],"collection":[{"href":"https:\/\/vrigstadshembygdsforening.se\/index.php?rest_route=\/wp\/v2\/pages"}],"about":[{"href":"https:\/\/vrigstadshembygdsforening.se\/index.php?rest_route=\/wp\/v2\/types\/page"}],"author":[{"embeddable":true,"href":"https:\/\/vrigstadshembygdsforening.se\/index.php?rest_route=\/wp\/v2\/users\/1"}],"replies":[{"embeddable":true,"href":"https:\/\/vrigstadshembygdsforening.se\/index.php?rest_route=%2Fwp%2Fv2%2Fcomments&post=5385"}],"version-history":[{"count":2,"href":"https:\/\/vrigstadshembygdsforening.se\/index.php?rest_route=\/wp\/v2\/pages\/5385\/revisions"}],"predecessor-version":[{"id":6060,"href":"https:\/\/vrigstadshembygdsforening.se\/index.php?rest_route=\/wp\/v2\/pages\/5385\/revisions\/6060"}],"wp:attachment":[{"href":"https:\/\/vrigstadshembygdsforening.se\/index.php?rest_route=%2Fwp%2Fv2%2Fmedia&parent=5385"}],"curies":[{"name":"wp","href":"https:\/\/api.w.org\/{rel}","templated":true}]}}