{"id":5204,"date":"2022-03-11T11:50:59","date_gmt":"2022-03-11T11:50:59","guid":{"rendered":"https:\/\/vrigstadshembygdsforening.se\/?page_id=5204"},"modified":"2022-03-11T11:53:35","modified_gmt":"2022-03-11T11:53:35","slug":"kulturvardspris","status":"publish","type":"page","link":"https:\/\/vrigstadshembygdsforening.se\/?page_id=5204","title":{"rendered":"Kulturv\u00e5rdspris"},"content":{"rendered":"\n<p>Vid ett sammantr\u00e4de den 24\/8 2021 besl\u00f6t f\u00f6reningen att inr\u00e4tta ett kulturv\u00e5rdspris som delas ut till n\u00e5gon som genom att v\u00e5rda, f\u00f6rvalta, levandeg\u00f6ra eller sprida kunskap gjort omfattande insatser f\u00f6r bevarande av ett lokalt kulturarv\/en lokal kulturmilj\u00f6. Hembygdsf\u00f6reningens styrelse v\u00e4ljer sj\u00e4lv ut l\u00e4mpliga objekt och fattar majoritetsbeslut i \u00e4rendet. Priset delas ut i samband med f\u00f6reningens \u00e5rsm\u00f6te. Styrelsen avg\u00f6r vilka \u00e5r priset ska delas ut. Priset delas i f\u00f6rsta hand ut till privatpersoner, men kan \u00e4ven delas ut till organisationer eller f\u00f6retag.<\/p>\n\n\n\n<p>Vid \u00e5rsm\u00f6tet den 10 mars 2022 delade f\u00f6reningen ut det f\u00f6rsta kulturv\u00e5rdspriset som tillf\u00f6ll Lennart och Monika Fyhrlund: F\u00f6r ett engagerat arbete med att bevara kulturmilj\u00f6n \u201dRunstedtska F\u00e4rgeriet\u201d och d\u00e4rmed ocks\u00e5 ett centralt kulturm\u00e4rke i Vrigstad.<\/p>\n\n\n\n<figure class=\"wp-block-image size-full is-style-default\"><img loading=\"lazy\" decoding=\"async\" width=\"700\" height=\"492\" src=\"https:\/\/media.vrigstadshembygdsforening.se\/\/220310_kultur.jpg\" alt=\"\" class=\"wp-image-5205\" srcset=\"https:\/\/media.vrigstadshembygdsforening.se\/220310_kultur.jpg 700w, https:\/\/media.vrigstadshembygdsforening.se\/220310_kultur-300x211.jpg 300w, https:\/\/media.vrigstadshembygdsforening.se\/220310_kultur-130x90.jpg 130w\" sizes=\"auto, (max-width: 700px) 100vw, 700px\" \/><figcaption>Lennart och Monika Fyhrlund fick diplom och blommor f\u00f6r sitt arbete med Runstedtska f\u00e4rgeriet.<\/figcaption><\/figure>\n","protected":false},"excerpt":{"rendered":"<p>Vid ett sammantr\u00e4de den 24\/8 2021 besl\u00f6t f\u00f6reningen att inr\u00e4tta ett kulturv\u00e5rdspris som delas ut till n\u00e5gon som genom att<\/p>\n","protected":false},"author":1,"featured_media":0,"parent":0,"menu_order":0,"comment_status":"closed","ping_status":"closed","template":"","meta":{"footnotes":""},"class_list":["post-5204","page","type-page","status-publish","hentry"],"_links":{"self":[{"href":"https:\/\/vrigstadshembygdsforening.se\/index.php?rest_route=\/wp\/v2\/pages\/5204","targetHints":{"allow":["GET"]}}],"collection":[{"href":"https:\/\/vrigstadshembygdsforening.se\/index.php?rest_route=\/wp\/v2\/pages"}],"about":[{"href":"https:\/\/vrigstadshembygdsforening.se\/index.php?rest_route=\/wp\/v2\/types\/page"}],"author":[{"embeddable":true,"href":"https:\/\/vrigstadshembygdsforening.se\/index.php?rest_route=\/wp\/v2\/users\/1"}],"replies":[{"embeddable":true,"href":"https:\/\/vrigstadshembygdsforening.se\/index.php?rest_route=%2Fwp%2Fv2%2Fcomments&post=5204"}],"version-history":[{"count":2,"href":"https:\/\/vrigstadshembygdsforening.se\/index.php?rest_route=\/wp\/v2\/pages\/5204\/revisions"}],"predecessor-version":[{"id":5208,"href":"https:\/\/vrigstadshembygdsforening.se\/index.php?rest_route=\/wp\/v2\/pages\/5204\/revisions\/5208"}],"wp:attachment":[{"href":"https:\/\/vrigstadshembygdsforening.se\/index.php?rest_route=%2Fwp%2Fv2%2Fmedia&parent=5204"}],"curies":[{"name":"wp","href":"https:\/\/api.w.org\/{rel}","templated":true}]}}