{"id":4908,"date":"2021-10-04T19:59:46","date_gmt":"2021-10-04T19:59:46","guid":{"rendered":"https:\/\/vrigstadshembygdsforening.se\/?page_id=4908"},"modified":"2021-10-04T20:40:38","modified_gmt":"2021-10-04T20:40:38","slug":"gransholm-granholmen-toppen","status":"publish","type":"page","link":"https:\/\/vrigstadshembygdsforening.se\/?page_id=4908","title":{"rendered":"Gransholm\/Granholmen\/Toppen"},"content":{"rendered":"\n<p>Grenadj\u00e4rtorp nr 35 under Gettersryd. H\u00e4r har medlemmar av flera i vrigstadbygden k\u00e4nda soldatsl\u00e4kter bott, bl.a. dragonen Johannes N\u00f6bbelin, som dog under f\u00e4ltt\u00e5get i Norge 1814. Siste inv\u00e5nare p\u00e5 Granholmen var den store j\u00e4garen och fiskaren Karl August Pettersson, som bodde kvar h\u00e4r till strax f\u00f6re sin d\u00f6d 1957. Han var d\u00e5 80 \u00e5r gammal. Huset revs omkring 1960.<\/p>\n\n\n\n<p>1754. Johan Arvidsson (1721- ), Lena P\u00e4rsdotter (1720- ). Flyttade 1763.<\/p>\n\n\n\n<p>1766. Ryttaren Jacob J\u00f6nsson Ridderberg (1740-07-16 (i Svarvarebygget)-1792), Margareta Zackrisdotter (1735- ), Stina (1761-1802) &#8211; sjuklig, Abraham (1763- ), Isac (1767- ), Annika (1770- ), Jan (1771- ), Eva (1774- ). Flyttade 1792.<\/p>\n\n\n\n<p>1790. Ryttaren F\u00e4rdig (1764- ).<\/p>\n\n\n\n<p>1803. Ryttaren Isac Grap (1767- ) &#8211; se ovan, Maja Stina Andersdotter (1782- ), Greta Stina (1804-05-??- ), Johan Jacob (1808-10-??- ) &#8211; d\u00f6d.<\/p>\n\n\n\n<p>1809. Johannes (1756- ), Ingrid (1766- ), Hedvig (1798- ), Anders (1803- ). Inflyttade fr\u00e5n H\u00e4ttebo. Flyttade 1811 till Virstorp.<\/p>\n\n\n\n<p>1811. Dragonen N\u00f6bbelin (1763-07-16-1814), Brita Stina (1778- ), Maja Stina (1795-04-02- ), Gustava (1798-01-18- ) &#8211; piga i Lammaskog 1814, Abraham (1801-01-05- ) &#8211; dr\u00e4ng p\u00e5 Hjortaliden, Sara Lisa (1804-11-15- ), Lena Sofia (1811-1812). N\u00f6bbelin dog sotd\u00f6d i Norge i sept. 1814.<\/p>\n\n\n\n<p>1814. Dragonen Jonas Grip (1788-04-05- ), Katrina Andersdotter (1784-08-05- ), Johan Petter (1813-09-08- ), Anders Magnus (1815-09-25- ), Anna Lisa (1817-08-14- ). Inflyttade fr\u00e5n Dammen.<\/p>\n\n\n\n<p>1818. Dragonen Lars Karlsson W\u00e4rn (1795-06-04- ), Anna Lisa Isaacsdotter (1798-03-05-d\u00f6d), hustru 2 \u00e4nkan Maja Lisa Andersdotter (1783-03-09- ), Erik Abrahamsson (1821-02-21- ), Lisa Catharina Abrahamsdotter (1818-04-15- ), Carl Abrahamsson (1826-02-11- ). Hustru 2 och barnen inflyttade 1839. Flyttar 1845 till \u00c5kak\u00f6p.<\/p>\n\n\n\n<p>1930. Jonas Larsson Sk\u00f6ld (1800-02-11- ), Lisa Maja (1799-06-24- ), Carl Johan (1822-12-11- ), Anna Lisa (1825-05-12- ), Peter Magnus (1827-05-29- ), Johannes (1829-05-29- ), Greta Christina (1831-10-12- ), Johanna (1833-12-05- ), Gustaf (1836-09-17&#8211;1938-03-29). Inflyttade fr\u00e5n Carlstorp. Flyttar 1938 till Porsam\u00e5len.<\/p>\n\n\n\n<p>1844. Grenadj\u00e4ren Johan Ek (1819-01-06- ), Anna Stina Johannisdotter (1822-01-02- ), Mathilda Sofia (1844-09-20&#8211;1860-05-20), Anders Johannes August (1846-09-05- ), Claes Ferdinand (1848-12-03- ), Johannes (1851-05-08- ), Gustaf Albrecht (1853-09-27- ), Mina Christina (1856-02-14- ), Frans Edvard (1858-07-23- ), Mathilda Josefina (1862-02-06- ), Karl Isak (1865-10-20- ). Inflyttade fr\u00e5n Skepperstad. Flyttade 1873 till Skepperstad.<\/p>\n\n\n\n<p>1872. Gratialisten Carl August F\u00e4lt (1837-02-08 (i Nydala)- ), Lena Stina Lidstr\u00f6m (1832-12-19 (i \u00d6ggestorp)- ) &#8211; Oskar Mallander i Horveryd \u00e4r morfar, Sven Johan (1868-04-14 (i Vrigstad)- ), Augusta (1872-04-01 (i N\u00e4ssj\u00f6)- ) &#8211; flyttar till N\u00e4ssj\u00f6 1998-11-18, Hulda (1875-01-22 (i Vrigstad)- ) &#8211; flyttar till \u00d6destugu. Inflyttade fr\u00e5n T\u00e5en. Flyttar 1900 till Svenarum.<\/p>\n\n\n\n<p>1907. Helena Kristina Judit Petersdotter (1851-02-13 (i Hylletofta)&#8211;1915-01-06 (i Vrigstad)), Axel Severin Svensson (1887-10-23- ). Inflyttad fr\u00e5n Hylletofta. Mor till Carl August, se nedan.<\/p>\n\n\n\n<p>1909. Karl August Pettersson (1877-11-13- ), Anna Aqvilina Svensdotter (1876-03-31&#8211;1931-03-21) &#8211; sinnessjuk, Carl Josef (1902-07-02- ) &#8211; samtliga f\u00f6dda i Hylletofta, Olga Elsa Elisabeth (1904-12-14 (i Vrigstad)- ). Inflyttade fr\u00e5n G\u00f6ransbygget. S\u00e5gare Axel Severin Svensson (1887-10-23 (i Hylletofta)- ), inneboende.<\/p>\n\n\n\n<p>1934. Carl Josef Karlsson (1902-07-02- ) &#8211; se ovan, Svea Anna Otilia Bladh (1900-11-24 (i Krokek, Svenarum)- ). Hade minst tv\u00e5 d\u00f6ttrar.<\/p>\n\n\n\n<p><a href=\"https:\/\/vrigstadshembygdsforening.se\/PDF\/1987.pdf\" data-type=\"URL\" data-id=\"https:\/\/vrigstadshembygdsforening.se\/PDF\/1987.pdf\">Se karta<\/a>.<\/p>\n","protected":false},"excerpt":{"rendered":"<p>Grenadj\u00e4rtorp nr 35 under Gettersryd. H\u00e4r har medlemmar av flera i vrigstadbygden k\u00e4nda soldatsl\u00e4kter bott, bl.a. dragonen Johannes N\u00f6bbelin, som<\/p>\n","protected":false},"author":1,"featured_media":0,"parent":0,"menu_order":0,"comment_status":"closed","ping_status":"closed","template":"","meta":{"footnotes":""},"class_list":["post-4908","page","type-page","status-publish","hentry"],"_links":{"self":[{"href":"https:\/\/vrigstadshembygdsforening.se\/index.php?rest_route=\/wp\/v2\/pages\/4908","targetHints":{"allow":["GET"]}}],"collection":[{"href":"https:\/\/vrigstadshembygdsforening.se\/index.php?rest_route=\/wp\/v2\/pages"}],"about":[{"href":"https:\/\/vrigstadshembygdsforening.se\/index.php?rest_route=\/wp\/v2\/types\/page"}],"author":[{"embeddable":true,"href":"https:\/\/vrigstadshembygdsforening.se\/index.php?rest_route=\/wp\/v2\/users\/1"}],"replies":[{"embeddable":true,"href":"https:\/\/vrigstadshembygdsforening.se\/index.php?rest_route=%2Fwp%2Fv2%2Fcomments&post=4908"}],"version-history":[{"count":2,"href":"https:\/\/vrigstadshembygdsforening.se\/index.php?rest_route=\/wp\/v2\/pages\/4908\/revisions"}],"predecessor-version":[{"id":4911,"href":"https:\/\/vrigstadshembygdsforening.se\/index.php?rest_route=\/wp\/v2\/pages\/4908\/revisions\/4911"}],"wp:attachment":[{"href":"https:\/\/vrigstadshembygdsforening.se\/index.php?rest_route=%2Fwp%2Fv2%2Fmedia&parent=4908"}],"curies":[{"name":"wp","href":"https:\/\/api.w.org\/{rel}","templated":true}]}}