{"id":4855,"date":"2021-10-01T14:28:25","date_gmt":"2021-10-01T14:28:25","guid":{"rendered":"https:\/\/vrigstadshembygdsforening.se\/?page_id=4855"},"modified":"2022-12-05T14:41:49","modified_gmt":"2022-12-05T14:41:49","slug":"fiskarebo","status":"publish","type":"page","link":"https:\/\/vrigstadshembygdsforening.se\/?page_id=4855","title":{"rendered":"Fiskarebo"},"content":{"rendered":"\n<p>Backstuga under Lundholmen. Nu tillh\u00f6r marken Sunnerby \u00c5g\u00e5rd. Sista inv. Johan August Karlsson, f. 1861 i Moheda, och hustrun Eva Nilsdotter, f. 1868 i Bl\u00e4d inge. De flyttade till Fiskarebo 1897. Sex barn. De bodde kvar till 1899 d\u00e5 de flyttade till G\u00e4llaryd.<\/p>\n\n\n\n<p>1846. Fiskaren Anders Andersson (1817-02-10&#8211;1897-03-07), Anna Lena Andersdotter (1818-10-03- ), Emma Charlotta (1843-01-02- ), Anders August (1846-01-21- ), Elise Christine (1848-02-22- ), Anna Lovisa (1855-11-07- ), Augusta Sofia (1862-04-09&#8211;1871-09-19. \u00c4nkan flyttar \u00e5r 1900 till Fattighuset.<\/p>\n\n\n\n<p>1897. Fiskaren Johan August Karlsson (1861-02-12- ), Eva Nilsdotter (1868-08-15- ), Ernst Gustaf (1888-04-01- ), Karin Helena (1890-05-03- ), Johan Algot (1892-01-08- ), Anders Emil (1894-02-23- ), Bernhard Wilhelm (1896-04-15- ), Carl August Arvid (1898-04-04- ). De flyttade 1899 till G\u00e4llaryd.<\/p>\n\n\n\n<p>S<a href=\"https:\/\/vrigstadshembygdsforening.se\/PDF\/1983.pdf\" data-type=\"URL\" data-id=\"https:\/\/vrigstadshembygdsforening.se\/PDF\/1983.pdf\">e karta<\/a>.<\/p>\n","protected":false},"excerpt":{"rendered":"<p>Backstuga under Lundholmen. Nu tillh\u00f6r marken Sunnerby \u00c5g\u00e5rd. Sista inv. Johan August Karlsson, f. 1861 i Moheda, och hustrun Eva<\/p>\n","protected":false},"author":1,"featured_media":0,"parent":0,"menu_order":0,"comment_status":"closed","ping_status":"closed","template":"","meta":{"footnotes":""},"class_list":["post-4855","page","type-page","status-publish","hentry"],"_links":{"self":[{"href":"https:\/\/vrigstadshembygdsforening.se\/index.php?rest_route=\/wp\/v2\/pages\/4855","targetHints":{"allow":["GET"]}}],"collection":[{"href":"https:\/\/vrigstadshembygdsforening.se\/index.php?rest_route=\/wp\/v2\/pages"}],"about":[{"href":"https:\/\/vrigstadshembygdsforening.se\/index.php?rest_route=\/wp\/v2\/types\/page"}],"author":[{"embeddable":true,"href":"https:\/\/vrigstadshembygdsforening.se\/index.php?rest_route=\/wp\/v2\/users\/1"}],"replies":[{"embeddable":true,"href":"https:\/\/vrigstadshembygdsforening.se\/index.php?rest_route=%2Fwp%2Fv2%2Fcomments&post=4855"}],"version-history":[{"count":2,"href":"https:\/\/vrigstadshembygdsforening.se\/index.php?rest_route=\/wp\/v2\/pages\/4855\/revisions"}],"predecessor-version":[{"id":6245,"href":"https:\/\/vrigstadshembygdsforening.se\/index.php?rest_route=\/wp\/v2\/pages\/4855\/revisions\/6245"}],"wp:attachment":[{"href":"https:\/\/vrigstadshembygdsforening.se\/index.php?rest_route=%2Fwp%2Fv2%2Fmedia&parent=4855"}],"curies":[{"name":"wp","href":"https:\/\/api.w.org\/{rel}","templated":true}]}}