{"id":4736,"date":"2021-09-22T17:28:11","date_gmt":"2021-09-22T17:28:11","guid":{"rendered":"https:\/\/vrigstadshembygdsforening.se\/?page_id=4736"},"modified":"2021-09-22T17:28:11","modified_gmt":"2021-09-22T17:28:11","slug":"bjorkholmen","status":"publish","type":"page","link":"https:\/\/vrigstadshembygdsforening.se\/?page_id=4736","title":{"rendered":"Bj\u00f6rkholmen"},"content":{"rendered":"\n<p>Backstuga under Virestorp S\u00f6derg\u00e5rd som f\u00f6rsvann omkring 1930. H\u00e4r bodde bl. a. Klas August Svensson (d\u00f6d 1912) och hustrun Anna Lisa (d\u00f6d 1913). De hade sonen Edvin, senare bosatt p\u00e5 Svarvarebygget.<\/p>\n\n\n\n<p>1899. Carl August Jonasson (1877-01-05 (i Malmb\u00e4ck)- ), Augusta Alfrid Lord (1879-10-14 (i H\u00f6gelund, Lundby)- ), Karl Oskar Hjalmar (1900-02-22- ), Ellen Maria Fredrika (1901-08-27- ), Claes Sture Gunnar (1903-10-23- ). Inflyttade fr\u00e5n Borstabygget. Flyttade 1903 till Hylletofta.<\/p>\n\n\n\n<p>1905. Klas August Svensson (1856-08-10&#8211;1912-02-27), Anna Lisa Johannesdotter (1857-06-30&#8211;1913-04-13), Sven Edvin (1889-10-20- ), Ester Karin Elisabeth (1891-11-17- ), Ellen Viktoria Ingeborg (1900-02-05- ). Barnen flyttade \u00e5ren 1912-1917.<\/p>\n\n\n\n<p><a href=\"https:\/\/vrigstadshembygdsforening.se\/PDF\/1987.pdf\" data-type=\"URL\" data-id=\"https:\/\/vrigstadshembygdsforening.se\/PDF\/1987.pdf\">Se karta<\/a>. <\/p>\n","protected":false},"excerpt":{"rendered":"<p>Backstuga under Virestorp S\u00f6derg\u00e5rd som f\u00f6rsvann omkring 1930. H\u00e4r bodde bl. a. Klas August Svensson (d\u00f6d 1912) och hustrun Anna<\/p>\n","protected":false},"author":1,"featured_media":0,"parent":0,"menu_order":0,"comment_status":"closed","ping_status":"closed","template":"","meta":{"footnotes":""},"class_list":["post-4736","page","type-page","status-publish","hentry"],"_links":{"self":[{"href":"https:\/\/vrigstadshembygdsforening.se\/index.php?rest_route=\/wp\/v2\/pages\/4736","targetHints":{"allow":["GET"]}}],"collection":[{"href":"https:\/\/vrigstadshembygdsforening.se\/index.php?rest_route=\/wp\/v2\/pages"}],"about":[{"href":"https:\/\/vrigstadshembygdsforening.se\/index.php?rest_route=\/wp\/v2\/types\/page"}],"author":[{"embeddable":true,"href":"https:\/\/vrigstadshembygdsforening.se\/index.php?rest_route=\/wp\/v2\/users\/1"}],"replies":[{"embeddable":true,"href":"https:\/\/vrigstadshembygdsforening.se\/index.php?rest_route=%2Fwp%2Fv2%2Fcomments&post=4736"}],"version-history":[{"count":1,"href":"https:\/\/vrigstadshembygdsforening.se\/index.php?rest_route=\/wp\/v2\/pages\/4736\/revisions"}],"predecessor-version":[{"id":4737,"href":"https:\/\/vrigstadshembygdsforening.se\/index.php?rest_route=\/wp\/v2\/pages\/4736\/revisions\/4737"}],"wp:attachment":[{"href":"https:\/\/vrigstadshembygdsforening.se\/index.php?rest_route=%2Fwp%2Fv2%2Fmedia&parent=4736"}],"curies":[{"name":"wp","href":"https:\/\/api.w.org\/{rel}","templated":true}]}}