{"id":4435,"date":"2021-01-17T09:54:17","date_gmt":"2021-01-17T09:54:17","guid":{"rendered":"http:\/\/vrigstadshembygdsforening.se\/?page_id=4435"},"modified":"2021-01-17T09:54:18","modified_gmt":"2021-01-17T09:54:18","slug":"aktiviteter-2020","status":"publish","type":"page","link":"https:\/\/vrigstadshembygdsforening.se\/?page_id=4435","title":{"rendered":"Aktiviteter 2020"},"content":{"rendered":"\n<p>\u00c5r 2020 pr\u00e4glades av pandemin, vilket gjorde att de flesta av v\u00e5ra planerade aktiviteter fick st\u00e4llas in. Nedan \u00e4r dock ett axplock av vad vi genomf\u00f6rde.<\/p>\n\n\n\n<p>Den <strong>12 december<\/strong> s\u00e5lde Marie Olofsson f\u00f6reningens nya bok &#8221;Fr\u00e5n sandb\u00e4nk till l\u00e4rplatta&#8221; utanf\u00f6r Glints salong vid torget. Efterfr\u00e5gan var god och Marie s\u00e5lde b\u00e5de b\u00f6cker och almanackor p\u00e5 l\u00f6pande band under de tv\u00e5 timmar f\u00f6rs\u00e4ljningen p\u00e5gick.<\/p>\n\n\n\n<figure class=\"wp-block-image alignnone\"><a href=\"https:\/\/media.vrigstadshembygdsforening.se\/\/201212_bok.jpg\"><img loading=\"lazy\" decoding=\"async\" width=\"700\" height=\"465\" src=\"https:\/\/media.vrigstadshembygdsforening.se\/\/201212_bok.jpg\" alt=\"\" class=\"wp-image-4422\" srcset=\"https:\/\/media.vrigstadshembygdsforening.se\/201212_bok.jpg 700w, https:\/\/media.vrigstadshembygdsforening.se\/201212_bok-300x199.jpg 300w\" sizes=\"auto, (max-width: 700px) 100vw, 700px\" \/><\/a><figcaption>Marie Olofsson s\u00e4ljer en bok till Jan Johansson.<\/figcaption><\/figure>\n\n\n\n<p><strong>Hembygdsf\u00f6reningens cykeltrim<\/strong> p\u00e5gick fram t.o.m. den 15 september. Drygt 300 kartor har h\u00e4mtats p\u00e5 CirkleK eller p\u00e5 Jotos\/Hemk\u00f6p. Det fanns 16 kontroller och f\u00f6r att delta i utlottningen av Trisslotter m\u00e5ste man ha hittat 15 av dessa.<\/p>\n\n\n\n<p>De r\u00e4tta svaren \u00e4r: 1. Nyholm 2. Borgen 3. Blomslund (Blomsholm, Tuvan, Anna-Kajsas) 4. Pantzars 5. S\u00e4by 6. Lunkebo (Lyckan) 7. Norra Skogsdal 8. Olas 10. K\u00e4llehult 11. Riket (\u00c4ngen) 12. Sj\u00f6bo 13. \u00c4ngdala 14. Gr\u00f6nemad 15. Latan 16. Latebro.<\/p>\n\n\n\n<p>Bland de som l\u00e4mnat in sin svarstalong har vi dragit tio vinnare som f\u00e5r var sin Trisslott. Vinnarna \u00e4r: Eva-Lisa Str\u00f6mqvist, Gunilla och Rolf Sj\u00f6\u00f6, Glenn Henningsson, Birgitta Andersson, Fredrik Bodef\u00e4lt, Britt-Marie Hultin, Margareta Berggren, Alvar Nordstrand, Lukas Axelsson och Jennie Haegerstam.<\/p>\n\n\n\n<figure class=\"wp-block-image alignnone\"><a href=\"https:\/\/media.vrigstadshembygdsforening.se\/\/Cykeltrim.jpg\"><img loading=\"lazy\" decoding=\"async\" width=\"700\" height=\"465\" src=\"https:\/\/media.vrigstadshembygdsforening.se\/\/Cykeltrim.jpg\" alt=\"\" class=\"wp-image-4205\" srcset=\"https:\/\/media.vrigstadshembygdsforening.se\/Cykeltrim.jpg 700w, https:\/\/media.vrigstadshembygdsforening.se\/Cykeltrim-300x199.jpg 300w\" sizes=\"auto, (max-width: 700px) 100vw, 700px\" \/><\/a><figcaption>RosMari och Carl-Johan Lundberg \u00e4r tv\u00e5 av de m\u00e5nga cyklister som nu letar kontroller runt Vrigstad.<\/figcaption><\/figure>\n\n\n\n<p>Vid \u00e5rsm\u00f6tet i \u00e5r avgick Stig Marz ur styrelsen efter m\u00e5nga \u00e5rs medverkan. Stig skulle avtackats h\u00f6gtidligt i samband med \u00e5rsm\u00f6tet men p.g.a. coronapandemin blev det inte s\u00e5. Vi har avvaktat l\u00e4nge men den <strong>23 juli<\/strong> \u00e5kte Kerstin Carlsson och B\u00f6rje Cronvall till \u00d6jaby f\u00f6r att \u00e4ntligen tacka Stig f\u00f6r allt hans arbete i hembygdsf\u00f6reningen.<\/p>\n\n\n\n<figure class=\"wp-block-image alignnone\"><a href=\"https:\/\/media.vrigstadshembygdsforening.se\/\/200723_Stig.jpg\"><img loading=\"lazy\" decoding=\"async\" width=\"700\" height=\"444\" src=\"https:\/\/media.vrigstadshembygdsforening.se\/\/200723_Stig.jpg\" alt=\"\" class=\"wp-image-4200\" srcset=\"https:\/\/media.vrigstadshembygdsforening.se\/200723_Stig.jpg 700w, https:\/\/media.vrigstadshembygdsforening.se\/200723_Stig-300x190.jpg 300w\" sizes=\"auto, (max-width: 700px) 100vw, 700px\" \/><\/a><figcaption>Stig fick blommor och blomstercheckar f\u00f6r sitt m\u00e5ng\u00e5riga arbete i hembygdsf\u00f6reningen.<\/figcaption><\/figure>\n\n\n\n<p>Den <strong>18 juni<\/strong> startar hembygdsf\u00f6reningens cykeltrim. Hitta 15 av 16 torpskyltar s\u00e5 deltar du i v\u00e5r t\u00e4vling d\u00e4r vi lottar ut 10 Trisslotter. Vi bjuder p\u00e5 kartan, som du kan h\u00e4mta p\u00e5 CircleK eller Jotos\/Hemk\u00f6p. Senast den 15 september vill vi ha in din svarstalong.<\/p>\n\n\n\n<p>Den <strong>11 juni<\/strong> h\u00f6ll styrelsen ett sammantr\u00e4de. Det fick ske utomhus, med 2 meters lucka.<\/p>\n\n\n\n<figure class=\"wp-block-image alignnone\"><a href=\"https:\/\/media.vrigstadshembygdsforening.se\/\/Styr_200611.jpg\"><img loading=\"lazy\" decoding=\"async\" width=\"700\" height=\"374\" src=\"https:\/\/media.vrigstadshembygdsforening.se\/\/Styr_200611.jpg\" alt=\"\" class=\"wp-image-4189\" srcset=\"https:\/\/media.vrigstadshembygdsforening.se\/Styr_200611.jpg 700w, https:\/\/media.vrigstadshembygdsforening.se\/Styr_200611-300x160.jpg 300w\" sizes=\"auto, (max-width: 700px) 100vw, 700px\" \/><\/a><figcaption>Vid detta tillf\u00e4lle h\u00f6ll styrelsen sitt m\u00f6te utomhus p.g.a. coronapandemin.<\/figcaption><\/figure>\n\n\n\n<p>Den <strong>8 maj <\/strong>\u00f6verl\u00e4mnade hembygdsf\u00f6reningen en l\u00e5da med saker fr\u00e5n 50-talet till G\u00f6ransg\u00e5rden. L\u00e5dan kommer fr\u00e5n ett projekt och initiativ fr\u00e5n S\u00e4vsj\u00f6 Rotaryklubb, som tog kontakt med S\u00e4vsj\u00f6 och Vrigstads hembygdsf\u00f6reningar om ett samarbete f\u00f6rra \u00e5ret. Tanken var och \u00e4r att representanter fr\u00e5n f\u00f6reningarna ska tr\u00e4ffa de boende p\u00e5 bl.a. G\u00f6ransg\u00e5rden f\u00f6r att samtala om sakerna i l\u00e5dan. P\u00e5 grund av pandemin har situationen f\u00f6r\u00e4ndrats, d\u00e5 inga utomst\u00e5ende f\u00e5r komma in p\u00e5 boendet. Nu f\u00e5r Ida och \u00f6vrig personal anv\u00e4nda l\u00e5dan sj\u00e4lva till dess f\u00f6rh\u00e5llandena normaliserats.<\/p>\n\n\n\n<figure class=\"wp-block-image alignnone\"><a href=\"https:\/\/media.vrigstadshembygdsforening.se\/\/200508-Rotary.jpg\"><img loading=\"lazy\" decoding=\"async\" width=\"700\" height=\"465\" src=\"https:\/\/media.vrigstadshembygdsforening.se\/\/200508-Rotary.jpg\" alt=\"\" class=\"wp-image-4182\" srcset=\"https:\/\/media.vrigstadshembygdsforening.se\/200508-Rotary.jpg 700w, https:\/\/media.vrigstadshembygdsforening.se\/200508-Rotary-300x199.jpg 300w\" sizes=\"auto, (max-width: 700px) 100vw, 700px\" \/><\/a><figcaption>Ida Lantz tar emot l\u00e5dan p\u00e5 G\u00f6ransg\u00e5rden.<\/figcaption><\/figure>\n\n\n\n<p>Den <strong>20-23 april<\/strong> jobbades det flitigt p\u00e5 Gr\u00f6ndal. F\u00f6rra \u00e5ret m\u00e5lades staketen och den stora stugan &#8211; och nu \u00e4r \u00e4ven den lilla stugan nym\u00e5lad efter ett gott arbete av Andreas Ljung, Sten-Anders Karlsson, Bengt Gunnarsson och Sven-Olof Svensson.<\/p>\n\n\n\n<figure class=\"wp-block-image alignnone\"><a href=\"https:\/\/media.vrigstadshembygdsforening.se\/\/M\u00e5lning-200423.jpg\"><img loading=\"lazy\" decoding=\"async\" width=\"700\" height=\"439\" src=\"https:\/\/media.vrigstadshembygdsforening.se\/\/M\u00e5lning-200423.jpg\" alt=\"\" class=\"wp-image-4170\" srcset=\"https:\/\/media.vrigstadshembygdsforening.se\/M\u00e5lning-200423.jpg 700w, https:\/\/media.vrigstadshembygdsforening.se\/M\u00e5lning-200423-300x188.jpg 300w\" sizes=\"auto, (max-width: 700px) 100vw, 700px\" \/><\/a><figcaption>Bengt, Sven-Olof och Andreas m\u00e5lar f\u00e4rdigt stugan.<\/figcaption><\/figure>\n\n\n\n<p>Med restriktioner om att undvika handh\u00e4lsningar, h\u00e5lla avst\u00e5nd och genom att avst\u00e5 fr\u00e5n den annars helt obligatoriska kaffeserveringen genomf\u00f6rde Vrigstads hembygdsf\u00f6rening <strong>torsdagen den 19<\/strong> <strong>mars<\/strong> sitt \u00e5rsm\u00f6te p\u00e5 torsdagskv\u00e4llen.<\/p>\n\n\n\n<p>F\u00f6reningen kunde se tillbaka p\u00e5 ett framg\u00e5ngsrikt 2019 d\u00e5 man \u00e5ter \u00f6kat antalet medlemmar rej\u00e4lt, nu till 450. Tio aktiviteter genomf\u00f6rdes under \u00e5ret, bl.a. en torpvandring, en kyrkog\u00e5rdsvandring samt ett stort antal tematr\u00e4ffar.<\/p>\n\n\n\n<p>F\u00f6reningens \u00e5rsber\u00e4ttelse presenterades i form av en film d\u00e4r det framgick att f\u00f6reningen under \u00e5ret gjort en stor renovering av hembygdsstugan Gr\u00f6ndal.<\/p>\n\n\n\n<p>Stig Marz, som varit med i styrelsen i n\u00e4stan 50 \u00e5r hade avb\u00f6jt omval, och styrelsen fick nu f\u00f6ljande utseende: B\u00f6rje Cronvall, ordf\u00f6rande, Kerstin Carlsson, Marita Borkowski, Sven-Olof Svensson, Marie Olofsson, Andreas Ljung och Catharina Andersson. Till ny styrelsesuppleant valdes Ted Wolfram.<\/p>\n\n\n\n<p>Som avslutning p\u00e5 kv\u00e4llen visades en film Stig Marz spelat in 1998 och Gamla skolg\u00e5rden i Vrigstad och dess historia.<\/p>\n\n\n\n<p><strong>Torsdagen den 6 februari<\/strong> anordnade f\u00f6reningen en tr\u00e4ff med visning av gamla bilder fr\u00e5n Vrigstad. Kv\u00e4llen inleddes med att Ted Wolfram presenterade den nya s\u00f6kfunktion f\u00f6r bildarkivet som finns p\u00e5 hemsidan. Ted har hj\u00e4lpt f\u00f6reningen med funktionen och den underl\u00e4ttar n\u00e4r man letar bilder.<\/p>\n\n\n\n<p>Arbetet med den nya boken om skolorna i Vrigstad socken p\u00e5g\u00e5r f\u00f6r fullt och till den vill f\u00f6reningen g\u00e4rna ha in egna ber\u00e4ttelser och bilder fr\u00e5n personer med koppling till skolan. Vi visade bilder Henry Johansson (Renshult) tagit under 1950-talet och fick hj\u00e4lp med att identifiera personer p\u00e5 dessa.<\/p>\n\n\n\n<figure class=\"wp-block-image alignnone\"><a href=\"https:\/\/media.vrigstadshembygdsforening.se\/\/200206.jpg\"><img loading=\"lazy\" decoding=\"async\" width=\"700\" height=\"465\" src=\"https:\/\/media.vrigstadshembygdsforening.se\/\/200206.jpg\" alt=\"\" class=\"wp-image-4094\" srcset=\"https:\/\/media.vrigstadshembygdsforening.se\/200206.jpg 700w, https:\/\/media.vrigstadshembygdsforening.se\/200206-300x199.jpg 300w\" sizes=\"auto, (max-width: 700px) 100vw, 700px\" \/><\/a><figcaption>Under kv\u00e4llen fick vi in ett stort antal bilder som bes\u00f6karna tagit med sig. H\u00e4r tittar Harriet Str\u00f6mqvist, Ann-Britt Lagerkvist, Pia L\u00f6nnborg, Birgitta Johansson p\u00e5 bilder som Marita Borkowski tagit med sig.<\/figcaption><\/figure>\n\n\n\n<p>Efter kaffepausen visades ett antal bilder fr\u00e5n 1960-talet och fram\u00e5t fr\u00e5n f\u00f6reningens bildarkiv.<\/p>\n","protected":false},"excerpt":{"rendered":"<p>\u00c5r 2020 pr\u00e4glades av pandemin, vilket gjorde att de flesta av v\u00e5ra planerade aktiviteter fick st\u00e4llas in. Nedan \u00e4r dock<\/p>\n","protected":false},"author":1,"featured_media":0,"parent":0,"menu_order":0,"comment_status":"closed","ping_status":"closed","template":"","meta":{"footnotes":""},"class_list":["post-4435","page","type-page","status-publish","hentry"],"_links":{"self":[{"href":"https:\/\/vrigstadshembygdsforening.se\/index.php?rest_route=\/wp\/v2\/pages\/4435","targetHints":{"allow":["GET"]}}],"collection":[{"href":"https:\/\/vrigstadshembygdsforening.se\/index.php?rest_route=\/wp\/v2\/pages"}],"about":[{"href":"https:\/\/vrigstadshembygdsforening.se\/index.php?rest_route=\/wp\/v2\/types\/page"}],"author":[{"embeddable":true,"href":"https:\/\/vrigstadshembygdsforening.se\/index.php?rest_route=\/wp\/v2\/users\/1"}],"replies":[{"embeddable":true,"href":"https:\/\/vrigstadshembygdsforening.se\/index.php?rest_route=%2Fwp%2Fv2%2Fcomments&post=4435"}],"version-history":[{"count":1,"href":"https:\/\/vrigstadshembygdsforening.se\/index.php?rest_route=\/wp\/v2\/pages\/4435\/revisions"}],"predecessor-version":[{"id":4436,"href":"https:\/\/vrigstadshembygdsforening.se\/index.php?rest_route=\/wp\/v2\/pages\/4435\/revisions\/4436"}],"wp:attachment":[{"href":"https:\/\/vrigstadshembygdsforening.se\/index.php?rest_route=%2Fwp%2Fv2%2Fmedia&parent=4435"}],"curies":[{"name":"wp","href":"https:\/\/api.w.org\/{rel}","templated":true}]}}