{"id":443,"date":"2015-07-16T20:24:45","date_gmt":"2015-07-16T20:24:45","guid":{"rendered":"http:\/\/vrigstadshembygdsforening.se\/?page_id=443"},"modified":"2015-07-16T20:24:45","modified_gmt":"2015-07-16T20:24:45","slug":"planerad-jarnvag-stockaryd-vrigstad","status":"publish","type":"page","link":"https:\/\/vrigstadshembygdsforening.se\/?page_id=443","title":{"rendered":"Planerad j\u00e4rnv\u00e4g Stockaryd-Vrigstad"},"content":{"rendered":"<p class=\"ingress\">N\u00e4r S\u00f6dra Stambanan byggdes s\u00e5 fanns det b\u00e5de f\u00f6respr\u00e5kare och motst\u00e5ndare till att j\u00e4rnv\u00e4gen skulle g\u00e5 via Vrigstad. I efterhand gjordes ett f\u00f6rs\u00f6k att bygga ett sp\u00e5r till Stockaryd fr\u00e5n Vrigstad &#8211; f\u00f6r att p\u00e5 s\u00e5 s\u00e4tt f\u00e5 nytta av j\u00e4rnv\u00e4gens m\u00f6jligheter.<\/p>\n<p><span class=\"brodtext\">De l\u00e4ttnader, som gjordes 1846 i n\u00e4ringsfrihetslagarna, gjorde att f\u00f6retagsetableringarna \u00f6kade i en rasande fart. Vid 1860-talets ing\u00e5ng fanns i Vrigstad tv\u00e5 sk\u00f6nf\u00e4rgerier, tre garverier, ett bryggeri och ett tegelbruk. Alla med vattenberoende hantering. I Vrigstad fanns vattendraget. <\/span><\/p>\n<p><span class=\"brodtext\">Hantverksyrkena representerades av bl.a. sju skr\u00e4ddare, en m\u00f6sseskr\u00e4ddare, fyra skomakare, tv\u00e5 bagare, en sadelmakare, en handskmakare, en smed med flera. Vidare fanns n\u00e5got s\u00e5 exklusivt som en cigarrmakare och en guldsmed. Dessutom fanns i kyrkbyn fem handelsbodar. <\/span><\/p>\n<p><span class=\"brodtext\"> D\u00e5 planeringen av S\u00f6dra stambanans str\u00e4ckning inleddes var starka krafter ig\u00e5ng i Vrigstad f\u00f6r att f\u00e5 den till samh\u00e4llet. Vrigstads st\u00e4llning som h\u00e4radscentrum hade \u00e4nnu inte blivit hotad. Det skedde f\u00f6rst n\u00e4r stambanan byggdes och de nya orterna S\u00e4vsj\u00f6 och Stockaryd b\u00f6rjade t\u00e4vla om h\u00e4radshegemonien.<br \/>\n<\/span><br \/>\n<span class=\"brodtext\">De som slogs f\u00f6r stambanans dragning genom Vrigstad var i f\u00f6rsta hand n\u00e4ringsidkarna med f\u00e4rgerifabrik\u00f6ren Fredrik Runstedt i spetsen. I f\u00f6rl\u00e4ngningen s\u00e5g man att Vrigstad skulle utvecklas till k\u00f6ping och s\u00e5 sm\u00e5ningom till stad.<\/p>\n<p>N\u00e4r f\u00f6rs\u00f6ket misslyckades blev en av konsekvenserna att handlanden Sven Gustaf Lundberg, som 1857 hade etablerat en lanthandel vid torget i Vrigstad, flyttade. \u00c5r 1868 flyttade han sin verksamhet till S\u00e4vsj\u00f6 och inte bara verksamheten utan han tog ocks\u00e5 huset med sig. Huset uppf\u00f6rdes vid det som idag kallas Lundbergs plan och st\u00e5r d\u00e4r \u00e4n idag. Tomten i Vrigstad stod \u00f6de till 1892 d\u00e5 ett nytt aff\u00e4rshus uppf\u00f6rdes p\u00e5 platsen. <\/span><\/p>\n<p>N\u00e4r det nu inte blev n\u00e5gon j\u00e4rnv\u00e4g kr\u00e4vde f\u00f6retagarna, av de styrande, att en bank skulle etableras i Vrigstad. S\u00e5 kom allts\u00e5 Vestra H\u00e4rads Sparbank att \u00f6ppnas 1867. Banken i Vrigstad blev den sjunde banken i l\u00e4net. Namnet, Vestra H\u00e4rads Sparbank, angav det egentliga verksamhetsomr\u00e5det.<\/p>\n<p>Men tanken om en j\u00e4rnv\u00e4g i Vrigstad l\u00e5g och grodde hos f\u00f6retagarna. \u00c5r 1897 gav man i uppdrag \u00e5t v\u00e4g- och vatten-byggnadsingenj\u00f6ren Carl J. Insulander i G\u00f6teborg att utarbeta ett f\u00f6rslag om en j\u00e4rnv\u00e4gsdragning mellan Stockaryd och Vrigstad. F\u00f6r ett arvode av 304 kronor, som av kronol\u00e4nsman Alfred Dahl prutades ned till 300, uppr\u00e4ttade Insulander ritningar och en kostnadskalkyl.<\/p>\n<p>I bet\u00e4nkandet skriver Insulander:<br \/>\n<em>Alltsedan dagarne f\u00f6r S\u00f6dra Stambanans tillkomst, genom hvilken den lifaktiga r\u00f6relsen i Vrigstad med flera orter vid de gamla hufudv\u00e4garne drogs ut till de platser, som af jernv\u00e4gen ber\u00f6ras, har allt mer och mer detta f\u00f6rh\u00e5llande visat sig verka h\u00e4mmande p\u00e5 utvecklingen af s\u00e5dana orter och samh\u00e4llen som Vrigstad.<\/em><br \/>\n<em>Denna plats var f\u00f6rr en af de st\u00f6rsta p\u00e5 sm\u00e5l\u00e4ndska landsbygden, men har efter n\u00e4mnda tid ej kunnat h\u00e5lla jemna steg med af de nya f\u00f6rh\u00e5llandena b\u00e4ttre gynnade platser. Och f\u00f6r att nu i den brinnande konkurrensen ej beh\u00f6fva ligga efter k\u00e4nner samh\u00e4llet i fr\u00e5ga det som ett oundg\u00e4ngligt behof att medelst jernv\u00e4g skaffa sig en tidsenlig f\u00f6rbindelse med den yttre verlden och har f\u00f6r den skull l\u00e5tit verkst\u00e4lla den jernv\u00e4gsunders\u00f6kning, hvars resultat h\u00e4r f\u00f6religger. <\/em><\/p>\n<p><a href=\"https:\/\/media.vrigstadshembygdsforening.se\/\/2015\/07\/Fakta_nliv_jarnv1.jpg\"><img loading=\"lazy\" decoding=\"async\" class=\"alignnone size-full wp-image-444\" src=\"https:\/\/media.vrigstadshembygdsforening.se\/\/2015\/07\/Fakta_nliv_jarnv1.jpg\" alt=\"Fakta_nliv_jarnv1\" width=\"700\" height=\"453\" srcset=\"https:\/\/media.vrigstadshembygdsforening.se\/2015\/07\/Fakta_nliv_jarnv1.jpg 700w, https:\/\/media.vrigstadshembygdsforening.se\/2015\/07\/Fakta_nliv_jarnv1-300x194.jpg 300w\" sizes=\"auto, (max-width: 700px) 100vw, 700px\" \/><\/a><\/p>\n<p>Stationen i Vrigstad skulle placeras p\u00e5 d\u00e5varande marknadsplatsen i v\u00e4gm\u00f6tet mellan Stockaryd \u2013 och S\u00e4vsj\u00f6v\u00e4gen. Banan skulle sedan i stort sett f\u00f6lja v\u00e4gen och ligga norr om denna f\u00f6rbi Svinseryd och genom H\u00e4llaryd till stationen i Stockaryd.<\/p>\n<p><a href=\"https:\/\/media.vrigstadshembygdsforening.se\/\/2015\/07\/Fakta_nliv_jarnv2.jpg\"><img loading=\"lazy\" decoding=\"async\" class=\"alignnone size-full wp-image-445\" src=\"https:\/\/media.vrigstadshembygdsforening.se\/\/2015\/07\/Fakta_nliv_jarnv2.jpg\" alt=\"Fakta_nliv_jarnv2\" width=\"700\" height=\"477\" srcset=\"https:\/\/media.vrigstadshembygdsforening.se\/2015\/07\/Fakta_nliv_jarnv2.jpg 700w, https:\/\/media.vrigstadshembygdsforening.se\/2015\/07\/Fakta_nliv_jarnv2-300x204.jpg 300w\" sizes=\"auto, (max-width: 700px) 100vw, 700px\" \/><\/a><\/p>\n<p>Sp\u00e5rvidden var 2 fot, 600 mm, allts\u00e5 ett smalsp\u00e5r, varf\u00f6r transporterat gods skulle f\u00e5 omlastas i Stockaryd. Utredaren konstaterar att p\u00e5 grund av den kraftiga stigningen som f\u00f6rekommer utmed banan m\u00e5ste 2 lok anv\u00e4ndas.<\/p>\n<p>Totalkostnaden slutade p\u00e5 160.000 kronor. Insulander f\u00f6resl\u00e5r att man skulle \u00f6ka sp\u00e5rvidden till 3 fot, vilket inte n\u00e4mnv\u00e4rt skulle p\u00e5verka kostnaden.<\/p>\n<p>Nu blev det ingen j\u00e4rnv\u00e4g i Vrigstad och sk\u00f6nt var v\u00e4l det.<br \/>\n<span class=\"brodtext\"><br \/>\nBaserat p\u00e5 en text skriven av Stig Marz.<\/span><\/p>\n","protected":false},"excerpt":{"rendered":"<p>N\u00e4r S\u00f6dra Stambanan byggdes s\u00e5 fanns det b\u00e5de f\u00f6respr\u00e5kare och motst\u00e5ndare till att j\u00e4rnv\u00e4gen skulle g\u00e5 via Vrigstad. I efterhand<\/p>\n","protected":false},"author":1,"featured_media":0,"parent":0,"menu_order":0,"comment_status":"open","ping_status":"open","template":"","meta":{"footnotes":""},"class_list":["post-443","page","type-page","status-publish","hentry"],"_links":{"self":[{"href":"https:\/\/vrigstadshembygdsforening.se\/index.php?rest_route=\/wp\/v2\/pages\/443","targetHints":{"allow":["GET"]}}],"collection":[{"href":"https:\/\/vrigstadshembygdsforening.se\/index.php?rest_route=\/wp\/v2\/pages"}],"about":[{"href":"https:\/\/vrigstadshembygdsforening.se\/index.php?rest_route=\/wp\/v2\/types\/page"}],"author":[{"embeddable":true,"href":"https:\/\/vrigstadshembygdsforening.se\/index.php?rest_route=\/wp\/v2\/users\/1"}],"replies":[{"embeddable":true,"href":"https:\/\/vrigstadshembygdsforening.se\/index.php?rest_route=%2Fwp%2Fv2%2Fcomments&post=443"}],"version-history":[{"count":1,"href":"https:\/\/vrigstadshembygdsforening.se\/index.php?rest_route=\/wp\/v2\/pages\/443\/revisions"}],"predecessor-version":[{"id":447,"href":"https:\/\/vrigstadshembygdsforening.se\/index.php?rest_route=\/wp\/v2\/pages\/443\/revisions\/447"}],"wp:attachment":[{"href":"https:\/\/vrigstadshembygdsforening.se\/index.php?rest_route=%2Fwp%2Fv2%2Fmedia&parent=443"}],"curies":[{"name":"wp","href":"https:\/\/api.w.org\/{rel}","templated":true}]}}