{"id":424,"date":"2015-07-16T18:58:23","date_gmt":"2015-07-16T18:58:23","guid":{"rendered":"http:\/\/vrigstadshembygdsforening.se\/?page_id=424"},"modified":"2020-08-18T15:23:41","modified_gmt":"2020-08-18T15:23:41","slug":"milstenar","status":"publish","type":"page","link":"https:\/\/vrigstadshembygdsforening.se\/?page_id=424","title":{"rendered":"Milstenar"},"content":{"rendered":"<p>En av Vrigstads \u00e4ldsta v\u00e4gar \u00e4r kungsv\u00e4gen fr\u00e5n V\u00e4xj\u00f6 till J\u00f6nk\u00f6ping \u00f6ver Lammhult och \u00f6ver g\u00e4stgivareg\u00e5rdarna Bo, Starhult, Vrigstad och Svenstorp. Den v\u00e4gen var ocks\u00e5 postv\u00e4g med postb\u00f6nder p\u00e5 best\u00e4mda g\u00e5rdar. Fr\u00e5n Vrigstad fanns senare \u00e4ven en st\u00f6rre v\u00e4g \u00f6ver Komstad, Vallsj\u00f6, Lannaskede och Broby mot Vetlanda.<\/p>\n<p>Utmed v\u00e4garna fanns milstenar eller milstolpar &#8211; v\u00e5ra f\u00f6reg\u00e5ngare till v\u00e4gm\u00e4rken. I Sverige anv\u00e4ndes milstenar fr\u00e5n 1649 \u00e5rs G\u00e4stgivarordning till 1890-talet f\u00f6r att markera avst\u00e5nd l\u00e4ngs landsv\u00e4gar och senare h\u00e4radsv\u00e4gar. Vanligen sattes en st\u00f6rre stolpe upp vid varje hel mil och mindre stolpar som markerade halva eller fj\u00e4rdedels mil. P\u00e5 sina h\u00e5ll sattes tv\u00e5 tr\u00e4stolpar upp p\u00e5 helmilsplats, en p\u00e5 var sida v\u00e4gen. Det \u00e4r d\u00e5 svensk gammal mil som avses, vilket motsvarade 18000 alnar, allts\u00e5 cirka 10 688 meter.<\/p>\n<p>Syftet med milstolparna var att f\u00e5 tillf\u00f6rlitliga underlag f\u00f6r ber\u00e4kning av reseers\u00e4ttningar. D\u00e4rf\u00f6r m\u00e5ste v\u00e4garnas m\u00e4tning utg\u00e5 fr\u00e5n Stockholms slott, utan avseende p\u00e5 l\u00e4nsgr\u00e4nser och residensst\u00e4der. Denna princip till\u00e4mpades dock inte f\u00f6rr\u00e4n fr\u00e5n 1690-talet, vilket skapade viss f\u00f6rvirring.<\/p>\n<p>Milstolparna \u00e4r oftast f\u00f6rsedda med kunglig krona och monogram, miltalet (1 mil, 1\/2 mil, 1\/4 mil), landsh\u00f6vdingens namn samt ibland \u00e4ven \u00e5rtalet.<\/p>\n<p>Genom den nya V\u00e4glagen1891 (som tr\u00e4dde i kraft 1895) upph\u00f6rde f\u00f6reskrifterna om milstolpars upps\u00e4ttande. P\u00e5 1870-talet inf\u00f6rdes den nuvarande mill\u00e4ngden &#8211; 1 mil = 10 kilometer. Milstolpar \u00e4r genom fornminneslagen 1942 lagskyddade fasta fornminnen och f\u00e5r inte uts\u00e4ttas f\u00f6r n\u00e5gon \u00e5tg\u00e4rd utan L\u00e4nsstyrelsens skriftliga medgivande.<\/p>\n<p>Nedan finns en karta med n\u00e5gra av de milstenar som fanns runt Vrigstad (inritade p\u00e5 Generalstabskartan fr\u00e5n 1875). De \u00e4r angivna med Trafikverkets (tidigare V\u00e4gverkets) registernummer.<\/p>\n<p><a href=\"https:\/\/media.vrigstadshembygdsforening.se\/\/2015\/07\/Fakta_milstenar.jpg\"><img loading=\"lazy\" decoding=\"async\" class=\"alignnone size-full wp-image-425\" src=\"https:\/\/media.vrigstadshembygdsforening.se\/\/2015\/07\/Fakta_milstenar.jpg\" alt=\"Fakta_milstenar\" width=\"700\" height=\"726\" srcset=\"https:\/\/media.vrigstadshembygdsforening.se\/2015\/07\/Fakta_milstenar.jpg 700w, https:\/\/media.vrigstadshembygdsforening.se\/2015\/07\/Fakta_milstenar-289x300.jpg 289w\" sizes=\"auto, (max-width: 700px) 100vw, 700px\" \/><\/a><\/p>\n<p>Milsten 648 M\u00f6lnarp, s\u00f6der om Vrigstad. Milstenen st\u00e5r i ett postament. Inhuggen text: 1\/2 MIL. Renoverades 1993.<\/p>\n<p>Milsten 649 Lunnaberg. Milstenen st\u00e5r i ett postament p\u00e5 en tr\u00e4dg\u00e5rdstomt. Inhuggen text: 1\/4 MIL. Milstenens ursprungliga plats \u00e4r inte klarlagd.F\u00f6rmodeligen stod stenen i n\u00e4rheten av nuvarande plats. Renoverad 1993.<\/p>\n<p>Milsten 651 Lundholmen. Milstenen, en s.k. landsh\u00f6vdingemilsten, st\u00e5r i ett postament. P\u00e5n stenens \u00f6vre del, i upph\u00f6jt utf\u00f6rande, kunglig krona och monogram G III, D\u00e4runder inhuggen text: 1 MIL 1779 F.V. HAMILTON L:H\u00d6FDINGE. Renoverad 1993. Milstenen flyttad till Lundholmen fr\u00e5n en plats p\u00e5 g\u00e5rdens \u00e4gor NV om Vrigstad.<\/p>\n<p>Milsten 653 Biskopsbo. Milstenen, en s.k. landsh\u00f6vdingemilsten, st\u00e5r i ett postament. P\u00e5 stenens \u00f6vre del, i upph\u00f6jt utf\u00f6rande, kunglig krona och monogram G III. D\u00e4runder inhuggen text: 1 MIL 1779 F.V. HAMILTON L:H\u00d6VDINGE. Renoverad 1992. Milstenen har tidigare st\u00e5tt utefter en \u00e4ldre v\u00e4g mellan Vrigstad och S\u00e4vsj\u00f6, cirka 200 meter NO om nuvarande plats.<\/p>\n<p>Milsten 662 P\u00e5lastugan, s\u00f6der om Vrigstad. Milstenen saknas. Postamentet renoverades 1994.<\/p>\n<p>Milsten 663 Rosendal, V\u00e4sterkvarn, s\u00f6der om Hj\u00e4lmseryd. Milstenen, en s.k. landsh\u00f6vdingemilsten, saknas. Postamentet renoverades 1994.<\/p>\n","protected":false},"excerpt":{"rendered":"<p>En av Vrigstads \u00e4ldsta v\u00e4gar \u00e4r kungsv\u00e4gen fr\u00e5n V\u00e4xj\u00f6 till J\u00f6nk\u00f6ping \u00f6ver Lammhult och \u00f6ver g\u00e4stgivareg\u00e5rdarna Bo, Starhult, Vrigstad och<\/p>\n","protected":false},"author":1,"featured_media":0,"parent":0,"menu_order":0,"comment_status":"closed","ping_status":"open","template":"","meta":{"footnotes":""},"class_list":["post-424","page","type-page","status-publish","hentry"],"_links":{"self":[{"href":"https:\/\/vrigstadshembygdsforening.se\/index.php?rest_route=\/wp\/v2\/pages\/424","targetHints":{"allow":["GET"]}}],"collection":[{"href":"https:\/\/vrigstadshembygdsforening.se\/index.php?rest_route=\/wp\/v2\/pages"}],"about":[{"href":"https:\/\/vrigstadshembygdsforening.se\/index.php?rest_route=\/wp\/v2\/types\/page"}],"author":[{"embeddable":true,"href":"https:\/\/vrigstadshembygdsforening.se\/index.php?rest_route=\/wp\/v2\/users\/1"}],"replies":[{"embeddable":true,"href":"https:\/\/vrigstadshembygdsforening.se\/index.php?rest_route=%2Fwp%2Fv2%2Fcomments&post=424"}],"version-history":[{"count":2,"href":"https:\/\/vrigstadshembygdsforening.se\/index.php?rest_route=\/wp\/v2\/pages\/424\/revisions"}],"predecessor-version":[{"id":4258,"href":"https:\/\/vrigstadshembygdsforening.se\/index.php?rest_route=\/wp\/v2\/pages\/424\/revisions\/4258"}],"wp:attachment":[{"href":"https:\/\/vrigstadshembygdsforening.se\/index.php?rest_route=%2Fwp%2Fv2%2Fmedia&parent=424"}],"curies":[{"name":"wp","href":"https:\/\/api.w.org\/{rel}","templated":true}]}}