{"id":3919,"date":"2019-07-29T20:51:34","date_gmt":"2019-07-29T20:51:34","guid":{"rendered":"http:\/\/vrigstadshembygdsforening.se\/?page_id=3919"},"modified":"2019-07-29T20:51:34","modified_gmt":"2019-07-29T20:51:34","slug":"jacobsson-i-kvarnagarden","status":"publish","type":"page","link":"https:\/\/vrigstadshembygdsforening.se\/?page_id=3919","title":{"rendered":"Jacobsson i Kvarnag\u00e5rden"},"content":{"rendered":"<p>Per Anton Jacobsson f\u00f6ddes 1863 i Hagshult d\u00e4r fadern var mj\u00f6lnare vid Gr\u00e4shults kvarn. Under uppv\u00e4xt\u00e5ren flyttade han med f\u00f6r\u00e4ldrarna till olika kvarnar, bl.a. Herrestad i K\u00e4rda socken, L\u00e5ng\u00f6 i Nydala och Hubbestad i Svenarum.<\/p>\n<p>\u00c5r 1886 k\u00f6pte fadern, Carl Jacobsson, Stenshults Kvarnag\u00e5rd i Vrigstad av sterbhuset efter apotekaren Lejdenfrost. K\u00f6pet omfattade b\u00e5de kvarn och s\u00e5gverk. B\u00e5de kvarn och s\u00e5g var ganska f\u00f6rfallet, men sattes i brukbart skick av Jacobsson.<\/p>\n<p>Kvarnen i Kvarnag\u00e5rden \u00e4r mycket gammal. Den n\u00e4mns redan i slutet av 1600-talet och malde d\u00e5 f\u00f6r tull, vilket innebar att man malde \u00e5t en vidare kundkrets mot betalning som kallades tull till skillnad mot de sm\u00e5 kvarnarna som malde endast f\u00f6r eget behov. Fallh\u00f6jden p\u00e5 Kvarnag\u00e5tdsfallet var 4,5 meter och vattentillg\u00e5ngen var god varf\u00f6r man kunde mala \u00e5ret om.<\/p>\n<p>1904 g\u00e5r Antons far ur tiden och Anton och hans yngre bror Fridolf tar \u00f6ver b\u00e5de jordbruk, kvarn och s\u00e5gverk. Kvarn och s\u00e5g drevs av ett vattenhjul. Men br\u00f6derna var tekniskt intresserade och installerade under 1910-talet en vattenturbin med en effekt av 110 h\u00e4stkrafter som gjorde att kvarn och s\u00e5g nu drevs med elektrisk kraft.<\/p>\n<p>Nu f\u00f6rs\u00f6kte br\u00f6derna Jacobsson intressera Vrigstad och Stockaryd f\u00f6r att elektrifiera samh\u00e4llena utan att riktigt lyckas. Men de var s\u00e5 s\u00e4kra p\u00e5 att de skulle lyckas att turbinen f\u00f6rbereddes f\u00f6r anslutning till ett yttre n\u00e4t.<\/p>\n<p>I januari 1918 hade de f\u00e5tt med sig handlanden J. K. Bengtsson med flera f\u00f6retagare i Vrigstad p\u00e5 id\u00e9n. Det resulterade i att Bengtsson och \u00f6vriga intresserade tillst\u00e4llde Kungl. Majt. En skrivelse med anh\u00e5llan om tillst\u00e5nd att fr\u00e5n Kvarnag\u00e5rden dra en h\u00f6gsp\u00e4nningledning till en transformator i Vrigstad samh\u00e4lle samt fr\u00e5n transformatorn dra l\u00e5gsp\u00e4nningsledningar f\u00f6r belysning i samh\u00e4llet.<\/p>\n<p>Tillst\u00e5nd erh\u00f6lls och transformatorn placerades i torgets nord\u00f6stra h\u00f6rn vid G\u00e4stgivarg\u00e5rden dit ledningen fr\u00e5n Kvarnag\u00e5rden drogs. Nu var det s\u00e5 att turbinen klarade av att f\u00f6rs\u00f6rja driften av kvarnen och s\u00e5gen under dagtid. F\u00f6rst efter m\u00f6rkrets inbrott skickades kraften ut p\u00e5 n\u00e4tet till belysningen i Vrigstad.<\/p>\n<p>Br\u00f6derna Jacobsson f\u00f6rberedde dock en utbyggnad av turbinen f\u00f6r att \u00e4ven leverera kraft till industrierna i Vrigstad om intresse fanns.<\/p>\n<p>N\u00e5gon l\u00e4rd person har sagt att den viktigaste f\u00f6r\u00e4ndringen hittills i m\u00e4nniskors vardagstillvaro skedde n\u00e4r det elektriska ljuset kom. Man kan med fog s\u00e4ga att br\u00f6derna Jacobsson var de som s\u00e5g till att Vrigstadborna fick elektriskt ljus p\u00e5 gator och i hemmen, Det har g\u00e5tt 101 \u00e5r sedan det blev verklighet.<\/p>\n<p>Anton Jacobsson avled 1943. Han var d\u00e5 80 \u00e5r och n\u00e5gra m\u00e5nader. Brodern Fridolf ligger h\u00e4r i samma grav. Han var f\u00f6dd 1875 i Nydala och kom till Kvarnag\u00e5rden med f\u00f6r\u00e4ldrarna 1886. Han f\u00f6rblev ogift och Kvarnag\u00e5rden trogen livet ut.<\/p>\n<p>Fridolf var en duktig s\u00e5ngare. Han var tenor. I det hemliga ordenss\u00e4llskapet STF var han i gott s\u00e4llskap med operas\u00e5ngaren Oscar Ralf. STF stod f\u00f6r \u201dSm\u00e5l\u00e4nningar tutar friskt\u201d. Fridolf var under m\u00e5nga \u00e5r medlem i Vrigstads kyrkok\u00f6r. Han sj\u00f6ng med hela kroppen. Vid h\u00f6ga toner gick han upp p\u00e5 t\u00e5spetsarna.<\/p>\n<p>I minnesrunan st\u00e5r bl.a. <em>\u201dMedan stenarna i Din kvarn roterade och sj\u00f6ng sin monotona s\u00e5ng, sj\u00f6ng ocks\u00e5 Du\u201d.<\/em><\/p>\n<p>Fridolf var kyrkligt intresserad och var kyrkv\u00e4rd under \u00e5ren 1938 till 1951. Fridolf gick ur tiden 1959 vid 84 \u00e5rs \u00e5lder.<\/p>\n<p>\u00a9 Stig Marz<\/p>\n","protected":false},"excerpt":{"rendered":"<p>Per Anton Jacobsson f\u00f6ddes 1863 i Hagshult d\u00e4r fadern var mj\u00f6lnare vid Gr\u00e4shults kvarn. Under uppv\u00e4xt\u00e5ren flyttade han med f\u00f6r\u00e4ldrarna<\/p>\n","protected":false},"author":1,"featured_media":0,"parent":0,"menu_order":0,"comment_status":"closed","ping_status":"closed","template":"","meta":{"footnotes":""},"class_list":["post-3919","page","type-page","status-publish","hentry"],"_links":{"self":[{"href":"https:\/\/vrigstadshembygdsforening.se\/index.php?rest_route=\/wp\/v2\/pages\/3919","targetHints":{"allow":["GET"]}}],"collection":[{"href":"https:\/\/vrigstadshembygdsforening.se\/index.php?rest_route=\/wp\/v2\/pages"}],"about":[{"href":"https:\/\/vrigstadshembygdsforening.se\/index.php?rest_route=\/wp\/v2\/types\/page"}],"author":[{"embeddable":true,"href":"https:\/\/vrigstadshembygdsforening.se\/index.php?rest_route=\/wp\/v2\/users\/1"}],"replies":[{"embeddable":true,"href":"https:\/\/vrigstadshembygdsforening.se\/index.php?rest_route=%2Fwp%2Fv2%2Fcomments&post=3919"}],"version-history":[{"count":1,"href":"https:\/\/vrigstadshembygdsforening.se\/index.php?rest_route=\/wp\/v2\/pages\/3919\/revisions"}],"predecessor-version":[{"id":3920,"href":"https:\/\/vrigstadshembygdsforening.se\/index.php?rest_route=\/wp\/v2\/pages\/3919\/revisions\/3920"}],"wp:attachment":[{"href":"https:\/\/vrigstadshembygdsforening.se\/index.php?rest_route=%2Fwp%2Fv2%2Fmedia&parent=3919"}],"curies":[{"name":"wp","href":"https:\/\/api.w.org\/{rel}","templated":true}]}}