{"id":3912,"date":"2019-07-24T20:08:39","date_gmt":"2019-07-24T20:08:39","guid":{"rendered":"http:\/\/vrigstadshembygdsforening.se\/?page_id=3912"},"modified":"2019-07-29T21:07:50","modified_gmt":"2019-07-29T21:07:50","slug":"petersson-maria","status":"publish","type":"page","link":"https:\/\/vrigstadshembygdsforening.se\/?page_id=3912","title":{"rendered":"Petersson Maria"},"content":{"rendered":"<p>1695 inf\u00f6rdes indelningsverket p\u00e5 Sm\u00e5lands kavalleriregemente i Eksj\u00f6. Majoren f\u00f6r majorens kompani fick bost\u00e4llet Biskopsbo och den nuvarande huvudbyggnaden uppf\u00f6rdes 1743 \u2013 1745. Till huvudbyggnaden h\u00f6rde tv\u00e5 flygelbyggnader. Man kan l\u00e4sa att \u201dyttertaken var torvt\u00e4ckta och byggnaderna var r\u00f6df\u00e4rgade\u201d. Indelningsverket upph\u00f6rde 1901 och \u00e4garen till Biskopsbo, svenska staten, s\u00e5g sig om efter nya hyresg\u00e4ster i husen.<\/p>\n<p>Fredrik Teodor Petersson var f\u00f6dd i Knivsta den 28\/1 1841. Han var gift med Hilma Josefina, f\u00f6dd Boklund, som var f\u00f6dd i Norrk\u00f6ping den 24\/9 1846. De gifte sig 21\/8 1874. Knappt ett \u00e5r senare, den 13\/6 1875 f\u00f6ddes deras f\u00f6rsta dotter Anna Maria i Valbo, G\u00e4vleborgs l\u00e4n. \u00c5ret efter f\u00f6ddes ytterligare en flicka \u2013 Elin Josefina. Samma \u00e5r flyttade familjen till G\u00e4vle.<\/p>\n<p>Det \u00e4r allts\u00e5 dottern Anna Maria som \u00e4r huvudpersonen i min ber\u00e4ttelse. Hon flyttade till Biskopsbo fr\u00e5n Str\u00e4ngn\u00e4s den 9\/9 1915. Om hon k\u00f6pte eller arrenderade Biskopsbo d\u00e5 vet jag inte. I husf\u00f6rh\u00f6rsl\u00e4ngden fr\u00e5n 1921 st\u00e5r hon som arrendator till \u00bc mantal Biskopsbo.<\/p>\n<p>Innan hon anl\u00e4nde till Biskopsbo hade hon arbetat p\u00e5 Slagsta, en s.k. uppfostringsanstalt f\u00f6r sinnessl\u00f6a. Den l\u00e5g vid M\u00e4laren strax utanf\u00f6r Stockholm. Hon startade asylen Biskopsbo. Begreppet asyl reserverades f\u00f6r institutioner f\u00f6r s\u00e5 kallat obildbara. Under 30-talet \u00e4ndrades namnet till v\u00e5rdhem.<\/p>\n<p>1927 l\u00e4t Maria Pettersson bygga en paviljong nere i tr\u00e4dg\u00e5rden. Paviljongen anv\u00e4ndes som uppeh\u00e5llsplats under sommartid. D\u00e4r serverades mat och d\u00e4r fanns toaletter. Framf\u00f6r byggnaden fanns tv\u00e5 rastg\u00e5rdar. En f\u00f6r pojkar och en f\u00f6r flickor. N\u00e4r det var dags att g\u00e5 tillbaks fick man tv\u00e4tta f\u00f6tterna i en zinkbalja, som stod vid trappan, och torka sig med en s\u00e4ckhandduk eftersom skor inte var aktuellt att ha p\u00e5 sig.<\/p>\n<p>1933 tillkom Biskopsbo arbetshem. H\u00e4r bodde endast utvecklingsst\u00f6rda m\u00e4n, som inte kunde klara sig p\u00e5 egen hand i samh\u00e4llet men som \u00e4nd\u00e5 kunde utf\u00f6ra en del arbetsuppgifter. M\u00e5nga minns s\u00e4kert Adolf Svensson, Sven Ragnar och Arvid Johansson. D\u00e4r fanns ocks\u00e5 Torsten Nilsson och Isidor Andersson och m\u00e5nga fler. Byggnaden bebos idag av G\u00f6ran Hjalmarssons familj.<\/p>\n<p>1944 kom nya \u00e4gare \u2013 Brita och Gunnar Axelson. De hade varit verksamma p\u00e5 skolhemmet Furuhagen i Br\u00e4cke i J\u00e4mtland. I samband med \u00e4garskiftet avstyckades huvudbyggnaden och ett omgivande markomr\u00e5de. Biskopsbo g\u00e5rd beh\u00f6ll Maria Pettersson ytterligare n\u00e5gra \u00e5r men s\u00e5lde den sedan till Hjalmar Johansson, farfar till G\u00f6ran Hjalmarsson.<\/p>\n<p>Fr\u00f6ken Petersson hade \u00e4ven en annan uppgift i samh\u00e4llet. Fortfarande, under hela 1940-talet, var Vrigstad en egen kommun. Kommunalfullm\u00e4ktige hade 20 ledam\u00f6ter och sammantr\u00e4dde p\u00e5 l\u00f6rdagseftermiddagarna i kyrkskolans samlingssal. De kunde med r\u00e4tta kalla sig kommunens f\u00e4der, eftersom det under perioden 1938-1942 bara fanns en kvinna bland ledam\u00f6terna &#8211; Maria Pettersson. Det var en kvinna som hade \u00e5sikter som l\u00e5g l\u00e5ngt f\u00f6re sin tid.<\/p>\n<p>1938 valdes hon in i kommunalfullm\u00e4ktige. Hon var ett manhaftigt fruntimmer och r\u00e4des ej sina manliga kollegor. Hon kunde i debattens hetta och n\u00e4r hon tyckte att deras agerande ej var till hennes bel\u00e5tenhet f\u00e4lla yttrande som &#8221;det \u00e4r fler h\u00e4r i salen som skulle g\u00e5 i kjolar&#8221;.<\/p>\n<p>Kanske hade Maria Pettersson en vision om hur makten i samh\u00e4llet skulle f\u00f6rdelas n\u00e4r hon vid kommunalfullm\u00e4ktiges sammantr\u00e4de den 26 november 1939, och val till kommunaln\u00e4mnd skulle f\u00f6rr\u00e4ttas, yrkade p\u00e5 att halva antalet ledam\u00f6ter skulle vara kvinnor. Ledam\u00f6terna blev med s\u00e4kerhet chockade och \u00f6verraskade och som vi vet nu, var fr\u00e5gan 50 \u00e5r f\u00f6r tidigt v\u00e4ckt.<\/p>\n<p>Vi l\u00e5ter protokollet ber\u00e4tta: <em>Vid fr\u00e5ga om val av kommunaln\u00e4mnd yrkade fr\u00f6ken Maria Pettersson i Biskopsbo att halva antalet skulle best\u00e5 av kvinnor och f\u00f6reslog hon i f\u00f6rsta hand att d\u00e4rvid skulle utses fru Vivi Rehn, distriktssk\u00f6terskan Dagmar Tengvall och fru Ida Sandstedt.<\/em><\/p>\n<p><em>Denna <sub>.<\/sub>fr\u00e5ga f\u00f6ranledde en stunds diskussion, varvid man visserligen medgav l\u00e4mpligheten av att \u00e5tminstone n\u00e5gra kvinnor invaldes i denna n\u00e4mnd, men hade detta f\u00f6rslag kommit s\u00e5 \u00f6verraskande, att man ej nu vore beredd p\u00e5 att avg\u00f6ra, vilka kvinnor, som l\u00e4mpligen borde inv\u00e4ljas och besl\u00f6t man icke nu inv\u00e4lja n\u00e5gra kvinnor utan ist\u00e4llet inv\u00e4lja de av <\/em><em>kommunaln\u00e4mnden f\u00f6reslagna. Efter detta beslut avl\u00e4gsnade sig fr\u00f6ken Maria Pettersson fr\u00e5n sammantr\u00e4det. <\/em><\/p>\n<p>Vrigstad sockens kommunalfullm\u00e4ktige \u00e5r 1938-42 hade f\u00f6ljande sammans\u00e4ttning:<br \/>\nKyrkoherde J. E. Dan\u00e9r, Vrigstad,<br \/>\nlantbr Gustaf Johansson, Kyrkarp<br \/>\nbankkamrer E. A. Crona, Vrigstad,<br \/>\nlantbr Axel Johansson, Gettersryd<br \/>\nskr\u00e4ddarm\u00e4stare Sigfrid Haegerstam, Vrigstad,<br \/>\nlantbr Harald Johansson, Lundholmen<br \/>\nlantbr J R Lundberg, Lunnaberg,<br \/>\nskoarb Otto Svensson, Vrigstad<br \/>\nlantbr Fredrik Hafstr\u00f6m, Vrigstad,<br \/>\nlantbr Gustaf Johansson, K\u00f6pstad<br \/>\nbyggm Hjalmar Johansson, Vrigstad,<br \/>\nverkm Axel Rehn, Vrigstad<br \/>\nskogvakt Edvard Edvardsson, Lundholmen,<br \/>\nlantbr Oscar Krona, Hj\u00e4rtetorp<br \/>\nskoarb Simon Rehn, Lundby,<br \/>\nlantbr Gustaf Ekholm, Norra Virestorp<br \/>\ndoktor Gustaf Hult\u00e9n, Vrigstad,<br \/>\nlantbr Josef Rylander, Porsam\u00e5len<br \/>\nfr\u00f6ken Maria Pettersson, Biskopsbo,<br \/>\nkronoj\u00e4gare G W Petersson, Lundby<\/p>\n<p>Ordf\u00f6randen kyrkoherde J. E. Dan\u00e9r avled 1940 och eftertr\u00e4ddes av E.A. Crona.<\/p>\n<p>Maria Petersson avled i Vrigstad den 2\/1 1964 och ligger allts\u00e5 begravd h\u00e4r.<\/p>\n<p>\u00a9 Vrigstads hembygdsf\u00f6rening<\/p>\n","protected":false},"excerpt":{"rendered":"<p>1695 inf\u00f6rdes indelningsverket p\u00e5 Sm\u00e5lands kavalleriregemente i Eksj\u00f6. Majoren f\u00f6r majorens kompani fick bost\u00e4llet Biskopsbo och den nuvarande huvudbyggnaden uppf\u00f6rdes<\/p>\n","protected":false},"author":1,"featured_media":0,"parent":0,"menu_order":0,"comment_status":"closed","ping_status":"closed","template":"","meta":{"footnotes":""},"class_list":["post-3912","page","type-page","status-publish","hentry"],"_links":{"self":[{"href":"https:\/\/vrigstadshembygdsforening.se\/index.php?rest_route=\/wp\/v2\/pages\/3912","targetHints":{"allow":["GET"]}}],"collection":[{"href":"https:\/\/vrigstadshembygdsforening.se\/index.php?rest_route=\/wp\/v2\/pages"}],"about":[{"href":"https:\/\/vrigstadshembygdsforening.se\/index.php?rest_route=\/wp\/v2\/types\/page"}],"author":[{"embeddable":true,"href":"https:\/\/vrigstadshembygdsforening.se\/index.php?rest_route=\/wp\/v2\/users\/1"}],"replies":[{"embeddable":true,"href":"https:\/\/vrigstadshembygdsforening.se\/index.php?rest_route=%2Fwp%2Fv2%2Fcomments&post=3912"}],"version-history":[{"count":2,"href":"https:\/\/vrigstadshembygdsforening.se\/index.php?rest_route=\/wp\/v2\/pages\/3912\/revisions"}],"predecessor-version":[{"id":3931,"href":"https:\/\/vrigstadshembygdsforening.se\/index.php?rest_route=\/wp\/v2\/pages\/3912\/revisions\/3931"}],"wp:attachment":[{"href":"https:\/\/vrigstadshembygdsforening.se\/index.php?rest_route=%2Fwp%2Fv2%2Fmedia&parent=3912"}],"curies":[{"name":"wp","href":"https:\/\/api.w.org\/{rel}","templated":true}]}}