{"id":3807,"date":"2019-02-28T16:36:37","date_gmt":"2019-02-28T16:36:37","guid":{"rendered":"http:\/\/vrigstadshembygdsforening.se\/?page_id=3807"},"modified":"2021-06-07T16:46:42","modified_gmt":"2021-06-07T16:46:42","slug":"glint","status":"publish","type":"page","link":"https:\/\/vrigstadshembygdsforening.se\/?page_id=3807","title":{"rendered":"GLINT"},"content":{"rendered":"<p>Den 10 oktober 2018 \u00f6ppnade Veronica Olofsson frisersalongen GLINT i Runstedtskas tidigare lokal, Torget 11. Veronica hyr sedan tidigare en stol p\u00e5 en salong i J\u00f6nk\u00f6ping och h\u00e5ller nu \u00f6ppet i Vrigstad tv\u00e5 dagar per vecka.<\/p>\n<p>V\u00e5ren 2021 st\u00e4ngde Veronica salongen.<\/p>\n<figure id=\"attachment_3808\" aria-describedby=\"caption-attachment-3808\" style=\"width: 800px\" class=\"wp-caption alignnone\"><a href=\"https:\/\/media.vrigstadshembygdsforening.se\/\/Glint.jpg\"><img loading=\"lazy\" decoding=\"async\" class=\"size-full wp-image-3808\" src=\"https:\/\/media.vrigstadshembygdsforening.se\/\/Glint.jpg\" alt=\"\" width=\"800\" height=\"525\" srcset=\"https:\/\/media.vrigstadshembygdsforening.se\/Glint.jpg 800w, https:\/\/media.vrigstadshembygdsforening.se\/Glint-300x197.jpg 300w, https:\/\/media.vrigstadshembygdsforening.se\/Glint-768x504.jpg 768w\" sizes=\"auto, (max-width: 800px) 100vw, 800px\" \/><\/a><figcaption id=\"caption-attachment-3808\" class=\"wp-caption-text\">Veronica klipper Sara Lindstens h\u00e5r.<\/figcaption><\/figure>\n","protected":false},"excerpt":{"rendered":"<p>Den 10 oktober 2018 \u00f6ppnade Veronica Olofsson frisersalongen GLINT i Runstedtskas tidigare lokal, Torget 11. Veronica hyr sedan tidigare en<\/p>\n","protected":false},"author":1,"featured_media":0,"parent":0,"menu_order":0,"comment_status":"closed","ping_status":"closed","template":"","meta":{"footnotes":""},"class_list":["post-3807","page","type-page","status-publish","hentry"],"_links":{"self":[{"href":"https:\/\/vrigstadshembygdsforening.se\/index.php?rest_route=\/wp\/v2\/pages\/3807","targetHints":{"allow":["GET"]}}],"collection":[{"href":"https:\/\/vrigstadshembygdsforening.se\/index.php?rest_route=\/wp\/v2\/pages"}],"about":[{"href":"https:\/\/vrigstadshembygdsforening.se\/index.php?rest_route=\/wp\/v2\/types\/page"}],"author":[{"embeddable":true,"href":"https:\/\/vrigstadshembygdsforening.se\/index.php?rest_route=\/wp\/v2\/users\/1"}],"replies":[{"embeddable":true,"href":"https:\/\/vrigstadshembygdsforening.se\/index.php?rest_route=%2Fwp%2Fv2%2Fcomments&post=3807"}],"version-history":[{"count":2,"href":"https:\/\/vrigstadshembygdsforening.se\/index.php?rest_route=\/wp\/v2\/pages\/3807\/revisions"}],"predecessor-version":[{"id":4551,"href":"https:\/\/vrigstadshembygdsforening.se\/index.php?rest_route=\/wp\/v2\/pages\/3807\/revisions\/4551"}],"wp:attachment":[{"href":"https:\/\/vrigstadshembygdsforening.se\/index.php?rest_route=%2Fwp%2Fv2%2Fmedia&parent=3807"}],"curies":[{"name":"wp","href":"https:\/\/api.w.org\/{rel}","templated":true}]}}