{"id":373,"date":"2015-07-15T21:08:50","date_gmt":"2015-07-15T21:08:50","guid":{"rendered":"http:\/\/vrigstadshembygdsforening.se\/?page_id=373"},"modified":"2015-07-21T07:24:06","modified_gmt":"2015-07-21T07:24:06","slug":"kung-gustaf-vi-adolfs-eriksgata-1954","status":"publish","type":"page","link":"https:\/\/vrigstadshembygdsforening.se\/?page_id=373","title":{"rendered":"Kung Gustaf VI Adolfs Eriksgata 1954"},"content":{"rendered":"<p class=\"rubrik\">Den 11 september 1954 bes\u00f6kte kung Gustav VI Adolf Vrigstad i samband med sin Eriksgata i l\u00e4net som p\u00e5gick fr\u00e5n den 10 till den 13 september.<\/p>\n<p class=\"brodtext\">I Vrigstad representerades kommunen av en mottagningskommitt\u00e9 som bestod av Emil Krona, Osvald Gustafsson, Daniel St\u00e5lhammar, Nils \u00c5hl\u00e9n och Gustaf Hult\u00e9n.<\/p>\n<p class=\"brodtext\">Handlingar fr\u00e5n 1954:<br \/>\nSkrivelse fr\u00e5n landsfiskalkontoret, <a href=\"https:\/\/vrigstadshembygdsforening.se\/Bilder\/FVd\/N_liv\/Landsfiskalen.pdf\" target=\"_blank\"><u>pdf<\/u><\/a>.<br \/>\nPM i anledning av Deras Majest\u00e4ters bes\u00f6k i J\u00f6nk\u00f6pings l\u00e4n, <a href=\"https:\/\/vrigstadshembygdsforening.se\/Bilder\/FVd\/N_liv\/PM.pdf\" target=\"_blank\"><u><span style=\"color: #ff0000;\">pdf<\/span><\/u><\/a>.<br \/>\nProgram f\u00f6r bes\u00f6ket samt resan fr\u00e5n S\u00e4vsj\u00f6 till V\u00e4rnamo, <a href=\"https:\/\/vrigstadshembygdsforening.se\/Bilder\/FVd\/N_liv\/Program.pdf\" target=\"_blank\"><u><span style=\"color: #ff0000;\">pdf<\/span><\/u><\/a>.<\/p>\n<p class=\"brodtext\">Vid bes\u00f6ket \u00f6verl\u00e4mnades en tavla av Vrigstadkonstn\u00e4ren Ture Fabiansson.<a href=\"https:\/\/media.vrigstadshembygdsforening.se\/\/2015\/07\/Fakta_hand_eriksg1.jpg\"><img loading=\"lazy\" decoding=\"async\" class=\"alignnone size-full wp-image-830\" src=\"https:\/\/media.vrigstadshembygdsforening.se\/\/2015\/07\/Fakta_hand_eriksg1.jpg\" alt=\"Fakta_hand_eriksg1\" width=\"700\" height=\"501\" srcset=\"https:\/\/media.vrigstadshembygdsforening.se\/2015\/07\/Fakta_hand_eriksg1.jpg 700w, https:\/\/media.vrigstadshembygdsforening.se\/2015\/07\/Fakta_hand_eriksg1-300x215.jpg 300w\" sizes=\"auto, (max-width: 700px) 100vw, 700px\" \/><\/a><\/p>\n<p class=\"brodtext\">Hemv\u00e4rnet och Lottorna var uppst\u00e4llda f\u00f6r att v\u00e4lkomna kungen. I f\u00f6rsta ledet st\u00e5r hemv\u00e4rnschefen Harald Johansson tillsammans med st\u00e4llf\u00f6retr\u00e4dande Sigfrid Haegerstam.<a href=\"https:\/\/media.vrigstadshembygdsforening.se\/\/2015\/07\/Fakta_hand_eriksg2.jpg\"><img loading=\"lazy\" decoding=\"async\" class=\"alignnone size-full wp-image-831\" src=\"https:\/\/media.vrigstadshembygdsforening.se\/\/2015\/07\/Fakta_hand_eriksg2.jpg\" alt=\"Fakta_hand_eriksg2\" width=\"700\" height=\"430\" srcset=\"https:\/\/media.vrigstadshembygdsforening.se\/2015\/07\/Fakta_hand_eriksg2.jpg 700w, https:\/\/media.vrigstadshembygdsforening.se\/2015\/07\/Fakta_hand_eriksg2-300x184.jpg 300w\" sizes=\"auto, (max-width: 700px) 100vw, 700px\" \/><\/a><\/p>\n<p>Margareta St\u00e5lhammar \u00f6verl\u00e4mnade blommor till kungen.<img loading=\"lazy\" decoding=\"async\" src=\"https:\/\/vrigstadshembygdsforening.se\/Bilder\/FVd\/eriksg_3.jpg\" alt=\"Eriksgata 1954\" width=\"450\" height=\"619\" \/><\/p>\n<p>P\u00e5 IM-hemmet hade personal och boende gjort en l\u00f6vprydd skylt med kungens monogram.<a href=\"https:\/\/media.vrigstadshembygdsforening.se\/\/2015\/07\/Fakta_hand_eriksg3.jpg\"><img loading=\"lazy\" decoding=\"async\" class=\"alignnone size-full wp-image-832\" src=\"https:\/\/media.vrigstadshembygdsforening.se\/\/2015\/07\/Fakta_hand_eriksg3.jpg\" alt=\"Fakta_hand_eriksg3\" width=\"700\" height=\"510\" srcset=\"https:\/\/media.vrigstadshembygdsforening.se\/2015\/07\/Fakta_hand_eriksg3.jpg 700w, https:\/\/media.vrigstadshembygdsforening.se\/2015\/07\/Fakta_hand_eriksg3-300x219.jpg 300w, https:\/\/media.vrigstadshembygdsforening.se\/2015\/07\/Fakta_hand_eriksg3-260x190.jpg 260w\" sizes=\"auto, (max-width: 700px) 100vw, 700px\" \/><\/a><\/p>\n<p>P\u00e5 hedersplats p\u00e5 torget satt tre uppkl\u00e4dda &#8221;\u00e5ldersm\u00e4n&#8221;: Enock Karlsson, Malmb\u00e4ck, Karl Svahnberg och Karl Sj\u00f6berg, N. Hetseryd.<a href=\"https:\/\/media.vrigstadshembygdsforening.se\/\/2015\/07\/Fakta_hand_eriksg4.jpg\"><img loading=\"lazy\" decoding=\"async\" class=\"alignnone size-full wp-image-829\" src=\"https:\/\/media.vrigstadshembygdsforening.se\/\/2015\/07\/Fakta_hand_eriksg4.jpg\" alt=\"Fakta_hand_eriksg4\" width=\"700\" height=\"490\" srcset=\"https:\/\/media.vrigstadshembygdsforening.se\/2015\/07\/Fakta_hand_eriksg4.jpg 700w, https:\/\/media.vrigstadshembygdsforening.se\/2015\/07\/Fakta_hand_eriksg4-300x210.jpg 300w\" sizes=\"auto, (max-width: 700px) 100vw, 700px\" \/><\/a><\/p>\n<p>\u00c4ven utanf\u00f6r \u00e5lderdomshemmet samlades man f\u00f6r att f\u00e5 se kungen, fr.v. Elin Olsson, Anna Johansson, Syster Dagmar, Emma Lund, M\u00e4rta och Margareta Rehn, &#8221;Blinne-Johan&#8221; och Emil Qvint. <a href=\"https:\/\/media.vrigstadshembygdsforening.se\/\/2015\/07\/Fakta_hand_eriksg5.jpg\"><img loading=\"lazy\" decoding=\"async\" class=\"alignnone size-full wp-image-833\" src=\"https:\/\/media.vrigstadshembygdsforening.se\/\/2015\/07\/Fakta_hand_eriksg5.jpg\" alt=\"Fakta_hand_eriksg5\" width=\"700\" height=\"445\" srcset=\"https:\/\/media.vrigstadshembygdsforening.se\/2015\/07\/Fakta_hand_eriksg5.jpg 700w, https:\/\/media.vrigstadshembygdsforening.se\/2015\/07\/Fakta_hand_eriksg5-300x191.jpg 300w\" sizes=\"auto, (max-width: 700px) 100vw, 700px\" \/><\/a><\/p>\n","protected":false},"excerpt":{"rendered":"<p>Den 11 september 1954 bes\u00f6kte kung Gustav VI Adolf Vrigstad i samband med sin Eriksgata i l\u00e4net som p\u00e5gick fr\u00e5n<\/p>\n","protected":false},"author":1,"featured_media":0,"parent":0,"menu_order":0,"comment_status":"open","ping_status":"open","template":"","meta":{"footnotes":""},"class_list":["post-373","page","type-page","status-publish","hentry"],"_links":{"self":[{"href":"https:\/\/vrigstadshembygdsforening.se\/index.php?rest_route=\/wp\/v2\/pages\/373","targetHints":{"allow":["GET"]}}],"collection":[{"href":"https:\/\/vrigstadshembygdsforening.se\/index.php?rest_route=\/wp\/v2\/pages"}],"about":[{"href":"https:\/\/vrigstadshembygdsforening.se\/index.php?rest_route=\/wp\/v2\/types\/page"}],"author":[{"embeddable":true,"href":"https:\/\/vrigstadshembygdsforening.se\/index.php?rest_route=\/wp\/v2\/users\/1"}],"replies":[{"embeddable":true,"href":"https:\/\/vrigstadshembygdsforening.se\/index.php?rest_route=%2Fwp%2Fv2%2Fcomments&post=373"}],"version-history":[{"count":4,"href":"https:\/\/vrigstadshembygdsforening.se\/index.php?rest_route=\/wp\/v2\/pages\/373\/revisions"}],"predecessor-version":[{"id":834,"href":"https:\/\/vrigstadshembygdsforening.se\/index.php?rest_route=\/wp\/v2\/pages\/373\/revisions\/834"}],"wp:attachment":[{"href":"https:\/\/vrigstadshembygdsforening.se\/index.php?rest_route=%2Fwp%2Fv2%2Fmedia&parent=373"}],"curies":[{"name":"wp","href":"https:\/\/api.w.org\/{rel}","templated":true}]}}