{"id":3727,"date":"2019-02-21T10:45:03","date_gmt":"2019-02-21T10:45:03","guid":{"rendered":"http:\/\/vrigstadshembygdsforening.se\/?page_id=3727"},"modified":"2019-02-21T10:45:03","modified_gmt":"2019-02-21T10:45:03","slug":"studio-k","status":"publish","type":"page","link":"https:\/\/vrigstadshembygdsforening.se\/?page_id=3727","title":{"rendered":"Studio K"},"content":{"rendered":"<p dir=\"LTR\" style=\"text-align: left;\" align=\"JUSTIFY\">Katrin Sj\u00f6gren startade Studio K i maj 2001 i Marknadshuset. Flyttade till sin nuvarande lokal p\u00e5 S\u00e4vsj\u00f6v\u00e4gen 2 i januari 2008.<\/p>\n<figure id=\"attachment_3728\" aria-describedby=\"caption-attachment-3728\" style=\"width: 500px\" class=\"wp-caption alignnone\"><a href=\"https:\/\/media.vrigstadshembygdsforening.se\/\/W_Studio-K.jpg\"><img loading=\"lazy\" decoding=\"async\" class=\"size-full wp-image-3728\" src=\"https:\/\/media.vrigstadshembygdsforening.se\/\/W_Studio-K.jpg\" alt=\"\" width=\"500\" height=\"571\" srcset=\"https:\/\/media.vrigstadshembygdsforening.se\/W_Studio-K.jpg 500w, https:\/\/media.vrigstadshembygdsforening.se\/W_Studio-K-263x300.jpg 263w\" sizes=\"auto, (max-width: 500px) 100vw, 500px\" \/><\/a><figcaption id=\"caption-attachment-3728\" class=\"wp-caption-text\">Katrin Sj\u00f6gren i sin salong.<\/figcaption><\/figure>\n<p>&nbsp;<\/p>\n","protected":false},"excerpt":{"rendered":"<p>Katrin Sj\u00f6gren startade Studio K i maj 2001 i Marknadshuset. Flyttade till sin nuvarande lokal p\u00e5 S\u00e4vsj\u00f6v\u00e4gen 2 i januari<\/p>\n","protected":false},"author":1,"featured_media":0,"parent":0,"menu_order":0,"comment_status":"closed","ping_status":"closed","template":"","meta":{"footnotes":""},"class_list":["post-3727","page","type-page","status-publish","hentry"],"_links":{"self":[{"href":"https:\/\/vrigstadshembygdsforening.se\/index.php?rest_route=\/wp\/v2\/pages\/3727","targetHints":{"allow":["GET"]}}],"collection":[{"href":"https:\/\/vrigstadshembygdsforening.se\/index.php?rest_route=\/wp\/v2\/pages"}],"about":[{"href":"https:\/\/vrigstadshembygdsforening.se\/index.php?rest_route=\/wp\/v2\/types\/page"}],"author":[{"embeddable":true,"href":"https:\/\/vrigstadshembygdsforening.se\/index.php?rest_route=\/wp\/v2\/users\/1"}],"replies":[{"embeddable":true,"href":"https:\/\/vrigstadshembygdsforening.se\/index.php?rest_route=%2Fwp%2Fv2%2Fcomments&post=3727"}],"version-history":[{"count":1,"href":"https:\/\/vrigstadshembygdsforening.se\/index.php?rest_route=\/wp\/v2\/pages\/3727\/revisions"}],"predecessor-version":[{"id":3729,"href":"https:\/\/vrigstadshembygdsforening.se\/index.php?rest_route=\/wp\/v2\/pages\/3727\/revisions\/3729"}],"wp:attachment":[{"href":"https:\/\/vrigstadshembygdsforening.se\/index.php?rest_route=%2Fwp%2Fv2%2Fmedia&parent=3727"}],"curies":[{"name":"wp","href":"https:\/\/api.w.org\/{rel}","templated":true}]}}