{"id":3664,"date":"2019-02-20T21:28:19","date_gmt":"2019-02-20T21:28:19","guid":{"rendered":"http:\/\/vrigstadshembygdsforening.se\/?page_id=3664"},"modified":"2019-02-28T16:37:53","modified_gmt":"2019-02-28T16:37:53","slug":"ovriga-tjanster","status":"publish","type":"page","link":"https:\/\/vrigstadshembygdsforening.se\/?page_id=3664","title":{"rendered":"\u00d6vriga tj\u00e4nster"},"content":{"rendered":"<p dir=\"LTR\" align=\"LEFT\"><a href=\"https:\/\/vrigstadshembygdsforening.se\/?page_id=3697\">Balpresservice<br \/>\n<\/a><a href=\"https:\/\/vrigstadshembygdsforening.se\/?page_id=3702\">Claes Ymans herr- och damfrisering<br \/>\n<\/a><a href=\"https:\/\/vrigstadshembygdsforening.se\/?page_id=3735\">Conny Johnson Skomakeri &amp; Skoaff\u00e4r<br \/>\n<\/a><a href=\"https:\/\/vrigstadshembygdsforening.se\/?page_id=3689\">Daveart AB<br \/>\n<\/a><a href=\"https:\/\/vrigstadshembygdsforening.se\/?page_id=3704\">Elsy Karlsson<br \/>\n<\/a><a href=\"https:\/\/vrigstadshembygdsforening.se\/?page_id=3654\">Fotografen Carl K\u00e4llstr\u00f6m<\/a><br \/>\n<a href=\"https:\/\/vrigstadshembygdsforening.se\/?page_id=3657\">Fotograf Gustaf Karlsson-Siegert<\/a><br \/>\n<a href=\"https:\/\/vrigstadshembygdsforening.se\/?page_id=3660\">Fotografisten P. F. Bjelke<\/a><br \/>\n<a href=\"https:\/\/vrigstadshembygdsforening.se\/?page_id=3807\">GLINT<\/a><br \/>\n<a href=\"https:\/\/vrigstadshembygdsforening.se\/?page_id=3706\">Holmbergs Frisersalong<br \/>\n<\/a><a href=\"https:\/\/vrigstadshembygdsforening.se\/?page_id=3739\">Hugos skomakeri<\/a><br \/>\n<a href=\"https:\/\/vrigstadshembygdsforening.se\/?page_id=3785\">IM Vrigstadg\u00e5rden<br \/>\n<\/a><a href=\"https:\/\/vrigstadshembygdsforening.se\/?page_id=3646\">JPS-konsult i Vrigstad AB<br \/>\n<\/a><a href=\"https:\/\/vrigstadshembygdsforening.se\/?page_id=3746\">Johan Wiss<br \/>\n<\/a><a href=\"https:\/\/vrigstadshembygdsforening.se\/?page_id=3743\">Karl Westelindh<br \/>\n<\/a><a href=\"https:\/\/vrigstadshembygdsforening.se\/?page_id=3754\">Kjellstr\u00f6ms Begravningsbyr\u00e5<br \/>\n<\/a><a href=\"https:\/\/vrigstadshembygdsforening.se\/?page_id=3709\">Klipp Linas<br \/>\n<\/a><a href=\"https:\/\/vrigstadshembygdsforening.se\/?page_id=3713\">M\u00e4rta Wolframs Damfrisering<br \/>\n<\/a><a href=\"https:\/\/vrigstadshembygdsforening.se\/?page_id=3716\">Runes Fris\u00e9rsalong<br \/>\n<\/a><a href=\"https:\/\/vrigstadshembygdsforening.se\/?page_id=3719\">R\u00e4tt stil<br \/>\n<\/a><a href=\"https:\/\/vrigstadshembygdsforening.se\/?page_id=3722\">Salong Bitten<br \/>\n<\/a><a href=\"https:\/\/vrigstadshembygdsforening.se\/?page_id=3725\">Salong QvinMan<br \/>\n<\/a><a href=\"https:\/\/vrigstadshembygdsforening.se\/?page_id=3752\">Sandbergs skomakeri<br \/>\n<\/a><a href=\"https:\/\/vrigstadshembygdsforening.se\/?page_id=3727\">Studio K<br \/>\n<\/a><a href=\"https:\/\/vrigstadshembygdsforening.se\/?page_id=3758\">S\u00e4vsj\u00f6 Fotv\u00e5rd och h\u00e4lsocenter<br \/>\n<\/a><a href=\"https:\/\/vrigstadshembygdsforening.se\/?page_id=3730\">Tarjas klipph\u00f6rna<br \/>\n<\/a><a href=\"https:\/\/vrigstadshembygdsforening.se\/?page_id=3699\">Vrigstad Alltj\u00e4nst AB<br \/>\n<\/a><a href=\"https:\/\/vrigstadshembygdsforening.se\/?page_id=3760\">Vrigstad Solcenter<br \/>\n<\/a><a href=\"https:\/\/vrigstadshembygdsforening.se\/?page_id=3643\">Vrigstad F\u00f6retagstj\u00e4nst AB<br \/>\n<\/a><a href=\"https:\/\/vrigstadshembygdsforening.se\/?page_id=3750\">Wille Johnsson<br \/>\n<\/a><a href=\"https:\/\/vrigstadshembygdsforening.se\/?page_id=3732\">\u00c5 saxen<\/a><\/p>\n<p>&nbsp;<\/p>\n","protected":false},"excerpt":{"rendered":"<p>Balpresservice Claes Ymans herr- och damfrisering Conny Johnson Skomakeri &amp; Skoaff\u00e4r Daveart AB Elsy Karlsson Fotografen Carl K\u00e4llstr\u00f6m Fotograf Gustaf<\/p>\n","protected":false},"author":1,"featured_media":0,"parent":0,"menu_order":0,"comment_status":"closed","ping_status":"closed","template":"","meta":{"footnotes":""},"class_list":["post-3664","page","type-page","status-publish","hentry"],"_links":{"self":[{"href":"https:\/\/vrigstadshembygdsforening.se\/index.php?rest_route=\/wp\/v2\/pages\/3664","targetHints":{"allow":["GET"]}}],"collection":[{"href":"https:\/\/vrigstadshembygdsforening.se\/index.php?rest_route=\/wp\/v2\/pages"}],"about":[{"href":"https:\/\/vrigstadshembygdsforening.se\/index.php?rest_route=\/wp\/v2\/types\/page"}],"author":[{"embeddable":true,"href":"https:\/\/vrigstadshembygdsforening.se\/index.php?rest_route=\/wp\/v2\/users\/1"}],"replies":[{"embeddable":true,"href":"https:\/\/vrigstadshembygdsforening.se\/index.php?rest_route=%2Fwp%2Fv2%2Fcomments&post=3664"}],"version-history":[{"count":10,"href":"https:\/\/vrigstadshembygdsforening.se\/index.php?rest_route=\/wp\/v2\/pages\/3664\/revisions"}],"predecessor-version":[{"id":3810,"href":"https:\/\/vrigstadshembygdsforening.se\/index.php?rest_route=\/wp\/v2\/pages\/3664\/revisions\/3810"}],"wp:attachment":[{"href":"https:\/\/vrigstadshembygdsforening.se\/index.php?rest_route=%2Fwp%2Fv2%2Fmedia&parent=3664"}],"curies":[{"name":"wp","href":"https:\/\/api.w.org\/{rel}","templated":true}]}}