{"id":3582,"date":"2019-02-18T18:16:18","date_gmt":"2019-02-18T18:16:18","guid":{"rendered":"http:\/\/vrigstadshembygdsforening.se\/?page_id=3582"},"modified":"2019-02-18T18:16:18","modified_gmt":"2019-02-18T18:16:18","slug":"cafeer-bagerier","status":"publish","type":"page","link":"https:\/\/vrigstadshembygdsforening.se\/?page_id=3582","title":{"rendered":"Caf\u00e9er\/bagerier"},"content":{"rendered":"<p dir=\"LTR\" align=\"LEFT\"><a href=\"https:\/\/vrigstadshembygdsforening.se\/?page_id=3537\">Bengtas Caf\u00e9<\/a><br \/>\n<a href=\"https:\/\/vrigstadshembygdsforening.se\/?page_id=3542\">&#8221;Bulla-Kristin&#8221;\u00a0<\/a><br \/>\n<a href=\"https:\/\/vrigstadshembygdsforening.se\/?page_id=3545\">Caf\u00e9 Gr\u00f6ndal &#8211; Hulda Qvint<\/a><br \/>\n<a href=\"https:\/\/vrigstadshembygdsforening.se\/?page_id=3548\">Elsas caf\u00e9<\/a><br \/>\n<a href=\"https:\/\/vrigstadshembygdsforening.se\/?page_id=3550\">Hanna Karlsson<\/a><br \/>\n<a href=\"https:\/\/vrigstadshembygdsforening.se\/?page_id=3552\">Hennings Konditori<\/a><br \/>\n<a href=\"https:\/\/vrigstadshembygdsforening.se\/?page_id=3554\">Kajsas Caf\u00e9<\/a><br \/>\n<a href=\"https:\/\/vrigstadshembygdsforening.se\/?page_id=3556\">Kronans caf\u00e9<\/a><br \/>\n<a href=\"https:\/\/vrigstadshembygdsforening.se\/?page_id=3558\">Lisas konditori<\/a><br \/>\n<a href=\"https:\/\/vrigstadshembygdsforening.se\/?page_id=3560\">Lisas Konditori Eftr.<\/a><br \/>\n<a href=\"https:\/\/vrigstadshembygdsforening.se\/?page_id=3562\">Lydia Perssons hembageri<\/a><br \/>\n<a href=\"https:\/\/vrigstadshembygdsforening.se\/?page_id=3566\">Maronas Caf\u00e9<\/a><br \/>\n<a href=\"https:\/\/vrigstadshembygdsforening.se\/?page_id=3568\">Ritz Konditori<\/a><br \/>\n<a href=\"https:\/\/vrigstadshembygdsforening.se\/?page_id=3570\">Rydstr\u00f6ms Conditori<\/a><br \/>\n<a href=\"https:\/\/vrigstadshembygdsforening.se\/?page_id=3576\">Selma Bolanders hembageri<\/a><br \/>\n<a href=\"https:\/\/vrigstadshembygdsforening.se\/?page_id=3578\">Vrigstads Conditori &amp; Bageri<\/a><\/p>\n<p dir=\"LTR\" align=\"LEFT\">\n<p>&nbsp;<\/p>\n","protected":false},"excerpt":{"rendered":"<p>Bengtas Caf\u00e9 &#8221;Bulla-Kristin&#8221;\u00a0 Caf\u00e9 Gr\u00f6ndal &#8211; Hulda Qvint Elsas caf\u00e9 Hanna Karlsson Hennings Konditori Kajsas Caf\u00e9 Kronans caf\u00e9 Lisas konditori<\/p>\n","protected":false},"author":1,"featured_media":0,"parent":0,"menu_order":0,"comment_status":"closed","ping_status":"closed","template":"","meta":{"footnotes":""},"class_list":["post-3582","page","type-page","status-publish","hentry"],"_links":{"self":[{"href":"https:\/\/vrigstadshembygdsforening.se\/index.php?rest_route=\/wp\/v2\/pages\/3582","targetHints":{"allow":["GET"]}}],"collection":[{"href":"https:\/\/vrigstadshembygdsforening.se\/index.php?rest_route=\/wp\/v2\/pages"}],"about":[{"href":"https:\/\/vrigstadshembygdsforening.se\/index.php?rest_route=\/wp\/v2\/types\/page"}],"author":[{"embeddable":true,"href":"https:\/\/vrigstadshembygdsforening.se\/index.php?rest_route=\/wp\/v2\/users\/1"}],"replies":[{"embeddable":true,"href":"https:\/\/vrigstadshembygdsforening.se\/index.php?rest_route=%2Fwp%2Fv2%2Fcomments&post=3582"}],"version-history":[{"count":1,"href":"https:\/\/vrigstadshembygdsforening.se\/index.php?rest_route=\/wp\/v2\/pages\/3582\/revisions"}],"predecessor-version":[{"id":3583,"href":"https:\/\/vrigstadshembygdsforening.se\/index.php?rest_route=\/wp\/v2\/pages\/3582\/revisions\/3583"}],"wp:attachment":[{"href":"https:\/\/vrigstadshembygdsforening.se\/index.php?rest_route=%2Fwp%2Fv2%2Fmedia&parent=3582"}],"curies":[{"name":"wp","href":"https:\/\/api.w.org\/{rel}","templated":true}]}}