{"id":3578,"date":"2019-02-18T18:08:31","date_gmt":"2019-02-18T18:08:31","guid":{"rendered":"http:\/\/vrigstadshembygdsforening.se\/?page_id=3578"},"modified":"2019-02-18T18:08:31","modified_gmt":"2019-02-18T18:08:31","slug":"vrigstads-conditori-bageri","status":"publish","type":"page","link":"https:\/\/vrigstadshembygdsforening.se\/?page_id=3578","title":{"rendered":"Vrigstads Conditori &#038; Bageri"},"content":{"rendered":"<p dir=\"LTR\" style=\"text-align: left;\" align=\"JUSTIFY\">I b\u00f6rjan p\u00e5 60-talet tog Karl-Erik Edvardsson med fru Anna-Greta \u00f6ver Hennings Konditori och namn\u00e4ndrade det till Vrigstads Conditori &amp; Bageri.<\/p>\n<p dir=\"LTR\" style=\"text-align: left;\" align=\"JUSTIFY\">De lade ned verksamheten den 12 augusti 1989.<\/p>\n<figure id=\"attachment_3579\" aria-describedby=\"caption-attachment-3579\" style=\"width: 700px\" class=\"wp-caption alignnone\"><a href=\"https:\/\/media.vrigstadshembygdsforening.se\/\/W_1983.1342B.png\"><img loading=\"lazy\" decoding=\"async\" class=\"size-full wp-image-3579\" src=\"https:\/\/media.vrigstadshembygdsforening.se\/\/W_1983.1342B.png\" alt=\"\" width=\"700\" height=\"573\" srcset=\"https:\/\/media.vrigstadshembygdsforening.se\/W_1983.1342B.png 700w, https:\/\/media.vrigstadshembygdsforening.se\/W_1983.1342B-300x246.png 300w\" sizes=\"auto, (max-width: 700px) 100vw, 700px\" \/><\/a><figcaption id=\"caption-attachment-3579\" class=\"wp-caption-text\">Karl-Erik Edvardsson i bageriet. Foto fr\u00e5n 1983.<\/figcaption><\/figure>\n<figure id=\"attachment_3580\" aria-describedby=\"caption-attachment-3580\" style=\"width: 700px\" class=\"wp-caption alignnone\"><a href=\"https:\/\/media.vrigstadshembygdsforening.se\/\/W_1989.015.png\"><img loading=\"lazy\" decoding=\"async\" class=\"size-full wp-image-3580\" src=\"https:\/\/media.vrigstadshembygdsforening.se\/\/W_1989.015.png\" alt=\"\" width=\"700\" height=\"449\" srcset=\"https:\/\/media.vrigstadshembygdsforening.se\/W_1989.015.png 700w, https:\/\/media.vrigstadshembygdsforening.se\/W_1989.015-300x192.png 300w\" sizes=\"auto, (max-width: 700px) 100vw, 700px\" \/><\/a><figcaption id=\"caption-attachment-3580\" class=\"wp-caption-text\">Anna-Greta Edvardsson expedierar en kund ur det rika sortimentet. Foto fr\u00e5n 1983.<\/figcaption><\/figure>\n","protected":false},"excerpt":{"rendered":"<p>I b\u00f6rjan p\u00e5 60-talet tog Karl-Erik Edvardsson med fru Anna-Greta \u00f6ver Hennings Konditori och namn\u00e4ndrade det till Vrigstads Conditori &amp;<\/p>\n","protected":false},"author":1,"featured_media":0,"parent":0,"menu_order":0,"comment_status":"closed","ping_status":"closed","template":"","meta":{"footnotes":""},"class_list":["post-3578","page","type-page","status-publish","hentry"],"_links":{"self":[{"href":"https:\/\/vrigstadshembygdsforening.se\/index.php?rest_route=\/wp\/v2\/pages\/3578","targetHints":{"allow":["GET"]}}],"collection":[{"href":"https:\/\/vrigstadshembygdsforening.se\/index.php?rest_route=\/wp\/v2\/pages"}],"about":[{"href":"https:\/\/vrigstadshembygdsforening.se\/index.php?rest_route=\/wp\/v2\/types\/page"}],"author":[{"embeddable":true,"href":"https:\/\/vrigstadshembygdsforening.se\/index.php?rest_route=\/wp\/v2\/users\/1"}],"replies":[{"embeddable":true,"href":"https:\/\/vrigstadshembygdsforening.se\/index.php?rest_route=%2Fwp%2Fv2%2Fcomments&post=3578"}],"version-history":[{"count":1,"href":"https:\/\/vrigstadshembygdsforening.se\/index.php?rest_route=\/wp\/v2\/pages\/3578\/revisions"}],"predecessor-version":[{"id":3581,"href":"https:\/\/vrigstadshembygdsforening.se\/index.php?rest_route=\/wp\/v2\/pages\/3578\/revisions\/3581"}],"wp:attachment":[{"href":"https:\/\/vrigstadshembygdsforening.se\/index.php?rest_route=%2Fwp%2Fv2%2Fmedia&parent=3578"}],"curies":[{"name":"wp","href":"https:\/\/api.w.org\/{rel}","templated":true}]}}