{"id":3531,"date":"2019-02-18T15:00:08","date_gmt":"2019-02-18T15:00:08","guid":{"rendered":"http:\/\/vrigstadshembygdsforening.se\/?page_id=3531"},"modified":"2019-02-18T15:00:08","modified_gmt":"2019-02-18T15:00:08","slug":"vrigstad-pizzeria","status":"publish","type":"page","link":"https:\/\/vrigstadshembygdsforening.se\/?page_id=3531","title":{"rendered":"Vrigstad pizzeria"},"content":{"rendered":"<p dir=\"LTR\" style=\"text-align: left;\" align=\"JUSTIFY\">Robin Met\u00e4 startade pizzerian i Torgfastigheten 8 \u00e5r 2013. Den 1 december 2015 tog Servet Toisd\u00f6ger \u00f6ver verksamheten.<\/p>\n<figure id=\"attachment_3532\" aria-describedby=\"caption-attachment-3532\" style=\"width: 700px\" class=\"wp-caption alignnone\"><a href=\"https:\/\/media.vrigstadshembygdsforening.se\/\/W_Vrigstad-pizzeria.jpg\"><img loading=\"lazy\" decoding=\"async\" class=\"size-full wp-image-3532\" src=\"https:\/\/media.vrigstadshembygdsforening.se\/\/W_Vrigstad-pizzeria.jpg\" alt=\"\" width=\"700\" height=\"411\" srcset=\"https:\/\/media.vrigstadshembygdsforening.se\/W_Vrigstad-pizzeria.jpg 700w, https:\/\/media.vrigstadshembygdsforening.se\/W_Vrigstad-pizzeria-300x176.jpg 300w\" sizes=\"auto, (max-width: 700px) 100vw, 700px\" \/><\/a><figcaption id=\"caption-attachment-3532\" class=\"wp-caption-text\">Servet Toisd\u00f6ger bakar pizza.<\/figcaption><\/figure>\n<p>&nbsp;<\/p>\n","protected":false},"excerpt":{"rendered":"<p>Robin Met\u00e4 startade pizzerian i Torgfastigheten 8 \u00e5r 2013. Den 1 december 2015 tog Servet Toisd\u00f6ger \u00f6ver verksamheten. &nbsp;<\/p>\n","protected":false},"author":1,"featured_media":0,"parent":0,"menu_order":0,"comment_status":"closed","ping_status":"closed","template":"","meta":{"footnotes":""},"class_list":["post-3531","page","type-page","status-publish","hentry"],"_links":{"self":[{"href":"https:\/\/vrigstadshembygdsforening.se\/index.php?rest_route=\/wp\/v2\/pages\/3531","targetHints":{"allow":["GET"]}}],"collection":[{"href":"https:\/\/vrigstadshembygdsforening.se\/index.php?rest_route=\/wp\/v2\/pages"}],"about":[{"href":"https:\/\/vrigstadshembygdsforening.se\/index.php?rest_route=\/wp\/v2\/types\/page"}],"author":[{"embeddable":true,"href":"https:\/\/vrigstadshembygdsforening.se\/index.php?rest_route=\/wp\/v2\/users\/1"}],"replies":[{"embeddable":true,"href":"https:\/\/vrigstadshembygdsforening.se\/index.php?rest_route=%2Fwp%2Fv2%2Fcomments&post=3531"}],"version-history":[{"count":1,"href":"https:\/\/vrigstadshembygdsforening.se\/index.php?rest_route=\/wp\/v2\/pages\/3531\/revisions"}],"predecessor-version":[{"id":3533,"href":"https:\/\/vrigstadshembygdsforening.se\/index.php?rest_route=\/wp\/v2\/pages\/3531\/revisions\/3533"}],"wp:attachment":[{"href":"https:\/\/vrigstadshembygdsforening.se\/index.php?rest_route=%2Fwp%2Fv2%2Fmedia&parent=3531"}],"curies":[{"name":"wp","href":"https:\/\/api.w.org\/{rel}","templated":true}]}}