{"id":3447,"date":"2019-02-17T17:38:27","date_gmt":"2019-02-17T17:38:27","guid":{"rendered":"http:\/\/vrigstadshembygdsforening.se\/?page_id=3447"},"modified":"2019-02-17T17:38:27","modified_gmt":"2019-02-17T17:38:27","slug":"vimar-karlssons-akeri-ab","status":"publish","type":"page","link":"https:\/\/vrigstadshembygdsforening.se\/?page_id=3447","title":{"rendered":"Vimar Karlssons \u00c5keri AB"},"content":{"rendered":"<p dir=\"LTR\" style=\"text-align: left;\" align=\"JUSTIFY\">Vimar Karlsson startade sitt \u00e5keri 1965, d\u00e5 han k\u00f6pte en mj\u00f6lkbil av Ragnvald Larsson och \u00f6vertog samtidigt en mj\u00f6lklinje. Fr\u00e5n b\u00f6rjan k\u00f6rde han ocks\u00e5 gods fr\u00e5n f\u00f6retag i trakten till och fr\u00e5n j\u00e4rnv\u00e4gsstationen i Stockaryd.<\/p>\n<p dir=\"LTR\" style=\"text-align: left;\" align=\"JUSTIFY\">Han upph\u00f6rde med mj\u00f6lklinjen en vecka efter att han p\u00e5b\u00f6rjat postk\u00f6rningen \u00e5r 1971.<\/p>\n<p dir=\"LTR\" style=\"text-align: left;\" align=\"JUSTIFY\">Fr\u00e5n 1971 till 2012 hade \u00e5keriet avtal med Posten om h\u00e4mtning och l\u00e4mning av post till N\u00e4ssj\u00f6. Avtalet omfattade alla dagar p\u00e5 \u00e5ret. De h\u00e4mtade posten p\u00e5 morgonen i N\u00e4ssj\u00f6 och distribuerade den till Vetlanda, S\u00e4vsj\u00f6, Vrigstad, Stockaryd och R\u00f6rvik. P\u00e5 kv\u00e4llen t\u00f6mdes samtliga postl\u00e5dor i S\u00e4vsj\u00f6 kommun, utom i S\u00e4vsj\u00f6 t\u00e4tort som sk\u00f6ttes av Posten sj\u00e4lva.<\/p>\n<p dir=\"LTR\" style=\"text-align: left;\" align=\"JUSTIFY\">1991 ombildades f\u00f6retaget till ett aktiebolag.<\/p>\n<p dir=\"LTR\" style=\"text-align: left;\" align=\"JUSTIFY\">S\u00f6nerna Rolf och Jonas b\u00f6rjade k\u00f6ra extra \u00e5t \u00e5keriet redan p\u00e5 90-talet. 2013 tog de \u00f6ver f\u00f6retaget. Samma \u00e5r k\u00f6pte man Jonasson &amp; Nilssons tidigare lokal, G\u00e4stgivaregatan 15.<\/p>\n<p dir=\"LTR\" style=\"text-align: left;\" align=\"JUSTIFY\">Idag k\u00f6r man mest styckegods \u00e5t f\u00f6retag i\u00a0regionen, bl.a. mycket m\u00f6beltransporter.<\/p>\n<figure id=\"attachment_3448\" aria-describedby=\"caption-attachment-3448\" style=\"width: 700px\" class=\"wp-caption alignnone\"><a href=\"https:\/\/media.vrigstadshembygdsforening.se\/\/W_Wimar-Karlsson_1.jpg\"><img loading=\"lazy\" decoding=\"async\" class=\"size-full wp-image-3448\" src=\"https:\/\/media.vrigstadshembygdsforening.se\/\/W_Wimar-Karlsson_1.jpg\" alt=\"\" width=\"700\" height=\"638\" srcset=\"https:\/\/media.vrigstadshembygdsforening.se\/W_Wimar-Karlsson_1.jpg 700w, https:\/\/media.vrigstadshembygdsforening.se\/W_Wimar-Karlsson_1-300x273.jpg 300w\" sizes=\"auto, (max-width: 700px) 100vw, 700px\" \/><\/a><figcaption id=\"caption-attachment-3448\" class=\"wp-caption-text\">Wimar Karlsson 1971, n\u00e4r han k\u00f6rde sin sista mj\u00f6lktransport.<\/figcaption><\/figure>\n<figure id=\"attachment_3449\" aria-describedby=\"caption-attachment-3449\" style=\"width: 700px\" class=\"wp-caption alignnone\"><a href=\"https:\/\/media.vrigstadshembygdsforening.se\/\/W_Wimars.jpg\"><img loading=\"lazy\" decoding=\"async\" class=\"size-full wp-image-3449\" src=\"https:\/\/media.vrigstadshembygdsforening.se\/\/W_Wimars.jpg\" alt=\"\" width=\"700\" height=\"429\" srcset=\"https:\/\/media.vrigstadshembygdsforening.se\/W_Wimars.jpg 700w, https:\/\/media.vrigstadshembygdsforening.se\/W_Wimars-300x184.jpg 300w\" sizes=\"auto, (max-width: 700px) 100vw, 700px\" \/><\/a><figcaption id=\"caption-attachment-3449\" class=\"wp-caption-text\">Jonas Hj\u00e4lmeby och Rolf Karlsson framf\u00f6r ett par av f\u00f6retagets bilar.<\/figcaption><\/figure>\n","protected":false},"excerpt":{"rendered":"<p>Vimar Karlsson startade sitt \u00e5keri 1965, d\u00e5 han k\u00f6pte en mj\u00f6lkbil av Ragnvald Larsson och \u00f6vertog samtidigt en mj\u00f6lklinje. Fr\u00e5n<\/p>\n","protected":false},"author":1,"featured_media":0,"parent":0,"menu_order":0,"comment_status":"closed","ping_status":"closed","template":"","meta":{"footnotes":""},"class_list":["post-3447","page","type-page","status-publish","hentry"],"_links":{"self":[{"href":"https:\/\/vrigstadshembygdsforening.se\/index.php?rest_route=\/wp\/v2\/pages\/3447","targetHints":{"allow":["GET"]}}],"collection":[{"href":"https:\/\/vrigstadshembygdsforening.se\/index.php?rest_route=\/wp\/v2\/pages"}],"about":[{"href":"https:\/\/vrigstadshembygdsforening.se\/index.php?rest_route=\/wp\/v2\/types\/page"}],"author":[{"embeddable":true,"href":"https:\/\/vrigstadshembygdsforening.se\/index.php?rest_route=\/wp\/v2\/users\/1"}],"replies":[{"embeddable":true,"href":"https:\/\/vrigstadshembygdsforening.se\/index.php?rest_route=%2Fwp%2Fv2%2Fcomments&post=3447"}],"version-history":[{"count":1,"href":"https:\/\/vrigstadshembygdsforening.se\/index.php?rest_route=\/wp\/v2\/pages\/3447\/revisions"}],"predecessor-version":[{"id":3450,"href":"https:\/\/vrigstadshembygdsforening.se\/index.php?rest_route=\/wp\/v2\/pages\/3447\/revisions\/3450"}],"wp:attachment":[{"href":"https:\/\/vrigstadshembygdsforening.se\/index.php?rest_route=%2Fwp%2Fv2%2Fmedia&parent=3447"}],"curies":[{"name":"wp","href":"https:\/\/api.w.org\/{rel}","templated":true}]}}

Vimar Karlssons Åkeri AB

<p dir="LTR" style="text-align: left;" align="JUSTIFY">Vimar Karlsson startade sitt åkeri 1965, då han köpte en mjölkbil av Ragnvald Larsson och övertog samtidigt en mjölklinje. Från början körde han också gods från företag i trakten till och från järnvägsstationen i Stockaryd.</p>
<p dir="LTR" style="text-align: left;" align="JUSTIFY">Han upphörde med mjölklinjen en vecka efter att han påbörjat postkörningen år 1971.</p>
<p dir="LTR" style="text-align: left;" align="JUSTIFY">Från 1971 till 2012 hade åkeriet avtal med Posten om hämtning och lämning av post till Nässjö. Avtalet omfattade alla dagar på året. De hämtade posten på morgonen i Nässjö och distribuerade den till Vetlanda, Sävsjö, Vrigstad, Stockaryd och Rörvik. På kvällen tömdes samtliga postlådor i Sävsjö kommun, utom i Sävsjö tätort som sköttes av Posten själva.</p>
<p dir="LTR" style="text-align: left;" align="JUSTIFY">1991 ombildades företaget till ett aktiebolag.</p>
<p dir="LTR" style="text-align: left;" align="JUSTIFY">Sönerna Rolf och Jonas började köra extra åt åkeriet redan på 90-talet. 2013 tog de över företaget. Samma år köpte man Jonasson &amp; Nilssons tidigare lokal, Gästgivaregatan 15.</p>
<p dir="LTR" style="text-align: left;" align="JUSTIFY">Idag kör man mest styckegods åt företag i regionen, bl.a. mycket möbeltransporter.</p>
<figure id="attachment_3448" aria-describedby="caption-attachment-3448" style="width: 700px" class="wp-caption alignnone"><a href="https://media.vrigstadshembygdsforening.se//W_Wimar-Karlsson_1.jpg"><img loading="lazy" decoding="async" class="size-full wp-image-3448" src="https://media.vrigstadshembygdsforening.se//W_Wimar-Karlsson_1.jpg" alt="" width="700" height="638" srcset="https://media.vrigstadshembygdsforening.se/W_Wimar-Karlsson_1.jpg 700w, https://media.vrigstadshembygdsforening.se/W_Wimar-Karlsson_1-300x273.jpg 300w" sizes="auto, (max-width: 700px) 100vw, 700px" /></a><figcaption id="caption-attachment-3448" class="wp-caption-text">Wimar Karlsson 1971, när han körde sin sista mjölktransport.</figcaption></figure>
<figure id="attachment_3449" aria-describedby="caption-attachment-3449" style="width: 700px" class="wp-caption alignnone"><a href="https://media.vrigstadshembygdsforening.se//W_Wimars.jpg"><img loading="lazy" decoding="async" class="size-full wp-image-3449" src="https://media.vrigstadshembygdsforening.se//W_Wimars.jpg" alt="" width="700" height="429" srcset="https://media.vrigstadshembygdsforening.se/W_Wimars.jpg 700w, https://media.vrigstadshembygdsforening.se/W_Wimars-300x184.jpg 300w" sizes="auto, (max-width: 700px) 100vw, 700px" /></a><figcaption id="caption-attachment-3449" class="wp-caption-text">Jonas Hjälmeby och Rolf Karlsson framför ett par av företagets bilar.</figcaption></figure>

<p>Vimar Karlsson startade sitt åkeri 1965, då han köpte en mjölkbil av Ragnvald Larsson och övertog samtidigt en mjölklinje. Från</p>
