{"id":3417,"date":"2019-02-17T17:05:35","date_gmt":"2019-02-17T17:05:35","guid":{"rendered":"http:\/\/vrigstadshembygdsforening.se\/?page_id=3417"},"modified":"2019-02-17T17:05:35","modified_gmt":"2019-02-17T17:05:35","slug":"jb-transport-ab","status":"publish","type":"page","link":"https:\/\/vrigstadshembygdsforening.se\/?page_id=3417","title":{"rendered":"JB Transport AB"},"content":{"rendered":"<p dir=\"LTR\" style=\"text-align: left;\" align=\"JUSTIFY\">Det b\u00f6rjade 1937 d\u00e5 Sture Brog\u00e5rd, Jonny Brog\u00e5rds far, startade Brog\u00e5rds \u00c5keri i Hylletofta. F\u00f6rsta<br \/>\nbilen var en Volvo av 1937-\u00e5rs modell. Bilen var ett mellanting mellan buss och lastbil med en stor hytt f\u00f6r tio passagerare. P\u00e5 f\u00f6rmiddagarna k\u00f6rdes bl.a. mj\u00f6lk och post. P\u00e5 eftermiddagarna var det massaved till Vaggeryd som transporterades p\u00e5 flaket.<\/p>\n<p dir=\"LTR\" style=\"text-align: left;\" align=\"JUSTIFY\">Under kriget k\u00f6rde Sture ved \u00e5t Br\u00e4nslekommissionen och fick d\u00e4rmed tillg\u00e5ng till b\u00e5de bensin och d\u00e4ck \u2013 men i ransonerade m\u00e4ngder. Antalet bilar \u00f6kade successivt. 1966 k\u00f6pte s\u00f6nerna Jonny och Claes-Peter in sig i f\u00f6retaget, med 25 % vardera. 1985 s\u00e5ldes hela f\u00f6retaget, med totalt tolv bilar, till S\u00e4vsj\u00f6 Transport AB.<\/p>\n<p dir=\"LTR\" style=\"text-align: left;\" align=\"JUSTIFY\">1986 startade Jonny Brog\u00e5rd i egen regi, J B Transport AB, och hade d\u00e5 ett flisekipage. F\u00f6retaget v\u00e4xte och 1997 flyttade man till Vrigstad. D\u00e5 hyrde man in sig hos Ragnvald Larsson p\u00e5 \u00c5karev\u00e4gen 2 i Vrigstad. 1994 b\u00f6rjade Jonnys son Martin i f\u00f6retaget och han blev transportledare 1997.<\/p>\n<p dir=\"LTR\" style=\"text-align: left;\" align=\"JUSTIFY\">\u00c5r 2000 k\u00f6pte Martin 50 % av f\u00f6retaget och \u00e5ret efter tilltr\u00e4dde han som vd efter Jonny. I b\u00f6rjan av 2000-talet f\u00f6rv\u00e4rvade f\u00f6retaget fastigheten p\u00e5 \u00c5karev\u00e4gen. 2010 f\u00f6rv\u00e4rvade Martin ytterligare 40 % av aktierna och i mars 2013 k\u00f6pte han resterande del f\u00f6r att bli ensam\u00e4gare tillsammans med sin fru Jeanette.<\/p>\n<p dir=\"LTR\" style=\"text-align: left;\" align=\"JUSTIFY\">I dag har f\u00f6retaget utvecklats till att omfatta sju bilar och 17 anst\u00e4llda. Huvudtransporterna \u00e4r flis men allt eftersom JB-transport expanderat transporteras numera \u00e4ven mycket \u00f6vrigt gods t.ex. virke, valstr\u00e5d, wellpapp m.m.<\/p>\n<p dir=\"LTR\" style=\"text-align: left;\" align=\"JUSTIFY\">Numera har f\u00f6retaget \u00e4ven en lastbil med p\u00e5h\u00e4ngstruck som levererar kutterbalar till b\u00f6nder m.m. F\u00f6retaget sk\u00f6ter \u00e4ven stackning och utlastning p\u00e5 tre stycken br\u00e4nsleterminaler med egna lastmaskiner.<\/p>\n<figure id=\"attachment_3419\" aria-describedby=\"caption-attachment-3419\" style=\"width: 700px\" class=\"wp-caption alignnone\"><a href=\"https:\/\/media.vrigstadshembygdsforening.se\/\/W_Johnny_B.jpg\"><img loading=\"lazy\" decoding=\"async\" class=\"size-full wp-image-3419\" src=\"https:\/\/media.vrigstadshembygdsforening.se\/\/W_Johnny_B.jpg\" alt=\"\" width=\"700\" height=\"468\" srcset=\"https:\/\/media.vrigstadshembygdsforening.se\/W_Johnny_B.jpg 700w, https:\/\/media.vrigstadshembygdsforening.se\/W_Johnny_B-300x201.jpg 300w\" sizes=\"auto, (max-width: 700px) 100vw, 700px\" \/><\/a><figcaption id=\"caption-attachment-3419\" class=\"wp-caption-text\">Johnny Brog\u00e5rd med en Volvo fr\u00e5n 1961.<\/figcaption><\/figure>\n<figure id=\"attachment_3418\" aria-describedby=\"caption-attachment-3418\" style=\"width: 700px\" class=\"wp-caption alignnone\"><a href=\"https:\/\/media.vrigstadshembygdsforening.se\/\/W_JB.jpg\"><img loading=\"lazy\" decoding=\"async\" class=\"size-full wp-image-3418\" src=\"https:\/\/media.vrigstadshembygdsforening.se\/\/W_JB.jpg\" alt=\"\" width=\"700\" height=\"411\" srcset=\"https:\/\/media.vrigstadshembygdsforening.se\/W_JB.jpg 700w, https:\/\/media.vrigstadshembygdsforening.se\/W_JB-300x176.jpg 300w\" sizes=\"auto, (max-width: 700px) 100vw, 700px\" \/><\/a><figcaption id=\"caption-attachment-3418\" class=\"wp-caption-text\">Martin Brog\u00e5rd framf\u00f6r n\u00e5gra av f\u00f6retagets lastbilar.<\/figcaption><\/figure>\n","protected":false},"excerpt":{"rendered":"<p>Det b\u00f6rjade 1937 d\u00e5 Sture Brog\u00e5rd, Jonny Brog\u00e5rds far, startade Brog\u00e5rds \u00c5keri i Hylletofta. F\u00f6rsta bilen var en Volvo av<\/p>\n","protected":false},"author":1,"featured_media":0,"parent":0,"menu_order":0,"comment_status":"closed","ping_status":"closed","template":"","meta":{"footnotes":""},"class_list":["post-3417","page","type-page","status-publish","hentry"],"_links":{"self":[{"href":"https:\/\/vrigstadshembygdsforening.se\/index.php?rest_route=\/wp\/v2\/pages\/3417","targetHints":{"allow":["GET"]}}],"collection":[{"href":"https:\/\/vrigstadshembygdsforening.se\/index.php?rest_route=\/wp\/v2\/pages"}],"about":[{"href":"https:\/\/vrigstadshembygdsforening.se\/index.php?rest_route=\/wp\/v2\/types\/page"}],"author":[{"embeddable":true,"href":"https:\/\/vrigstadshembygdsforening.se\/index.php?rest_route=\/wp\/v2\/users\/1"}],"replies":[{"embeddable":true,"href":"https:\/\/vrigstadshembygdsforening.se\/index.php?rest_route=%2Fwp%2Fv2%2Fcomments&post=3417"}],"version-history":[{"count":1,"href":"https:\/\/vrigstadshembygdsforening.se\/index.php?rest_route=\/wp\/v2\/pages\/3417\/revisions"}],"predecessor-version":[{"id":3420,"href":"https:\/\/vrigstadshembygdsforening.se\/index.php?rest_route=\/wp\/v2\/pages\/3417\/revisions\/3420"}],"wp:attachment":[{"href":"https:\/\/vrigstadshembygdsforening.se\/index.php?rest_route=%2Fwp%2Fv2%2Fmedia&parent=3417"}],"curies":[{"name":"wp","href":"https:\/\/api.w.org\/{rel}","templated":true}]}}