{"id":34,"date":"2015-07-12T14:35:10","date_gmt":"2015-07-12T14:35:10","guid":{"rendered":"http:\/\/vrigstadshembygdsforening.se\/?page_id=34"},"modified":"2020-08-18T16:34:38","modified_gmt":"2020-08-18T16:34:38","slug":"fakta-om-vrigstad-byggnader-gamla-bankgarden","status":"publish","type":"page","link":"https:\/\/vrigstadshembygdsforening.se\/?page_id=34","title":{"rendered":"Gamla Bankg\u00e5rden"},"content":{"rendered":"<p>Gamla Bankg\u00e5rden i Vrigstad \u00e4r ett f\u00f6rs\u00f6k att \u00e5terskapa n\u00e5got av atmosf\u00e4ren i en banklokal i b\u00f6rjan av f\u00f6rra seklet. H\u00e4r kan intresserade f\u00e5 en uppfattning om hur verksamheten bedrevs och hur inredning och hj\u00e4lpmedel s\u00e5g ut.<br \/>\nLokalerna i gamla Bankg\u00e5rden skall emellertid inte bara beses. Avsikten \u00e4r att styrelserummet skall kunna anv\u00e4ndas som sammantr\u00e4desrum och att bankexpeditionen vid speciella tillf\u00e4llen skall kunna bemannas och fungera som den en g\u00e5ng gjorde.<\/p>\n<p><a href=\"https:\/\/media.vrigstadshembygdsforening.se\/\/2015\/07\/Bankgarden.jpg\"><img loading=\"lazy\" decoding=\"async\" class=\"alignnone size-full wp-image-56\" src=\"https:\/\/media.vrigstadshembygdsforening.se\/\/2015\/07\/Bankgarden.jpg\" alt=\"Gamla Bankg\u00e5rden i Vrigstad\" width=\"600\" height=\"328\" srcset=\"https:\/\/media.vrigstadshembygdsforening.se\/2015\/07\/Bankgarden.jpg 600w, https:\/\/media.vrigstadshembygdsforening.se\/2015\/07\/Bankgarden-300x164.jpg 300w\" sizes=\"auto, (max-width: 600px) 100vw, 600px\" \/><\/a><br \/>\nLokalerna i gamla Bankg\u00e5rden skall emellertid inte bara beses. Avsikten \u00e4r att styrelserummet skall kunna anv\u00e4ndas som sammantr\u00e4desrum och att bankexpeditionen vid speciella tillf\u00e4llen skall kunna bemannas och fungera som den en g\u00e5ng gjorde. F\u00f6rhoppningen \u00e4r ocks\u00e5 att Gamla Bankg\u00e5rden skall vidareutvecklas och dess samlingar tillf\u00f6ras fler f\u00f6rem\u00e5l fr\u00e5n svunna dagar.<\/p>\n<p><strong>Bakgrund<\/strong><br \/>\nUnder \u00e5ren 1985-1987 gjordes en inventering i enheten J\u00f6nk\u00f6ping inom Sparbanken ALFA f\u00f6r att unders\u00f6ka om m\u00f6bler, inventarier och andra f\u00f6rem\u00e5l fr\u00e5n \u00e4ldre tider fanns bevarade i s\u00e5dan omfattning att de kunde sammanf\u00f6ras till n\u00e5gon form av museum.<\/p>\n<p>Inventeringen utf\u00f6ll positivt och man besl\u00f6t att f\u00f6rverkliga tanken. I den gamla sparbankslokalen i Vrigstad skulle man \u00e5terskapa den ursprungliga milj\u00f6n f\u00f6r att visa hur en sparbanksexpedition, ett kamrersrum och ett styrelserum s\u00e5g ut vid b\u00f6rjan av 1900-talet.<\/p>\n<p>Att g\u00e5 \u00e4nnu l\u00e4ngre tillbaka i tiden var inte m\u00f6jligt, bl. a. av det sk\u00e4let att sparbankerna d\u00e5 ofta saknade egna fastigheter. Rum f\u00f6r de f\u00e5 expeditionstillf\u00e4llena &#8211; i regel en f\u00f6rmiddag i veckan &#8211; st\u00e4lldes till f\u00f6rfogande i offentliga byggnader och verksamheten sk\u00f6ttes p\u00e5 frivillighetens grund. Dessutom finns mycket litet bevarat i fr\u00e5ga om m\u00f6bler fr\u00e5n den tidigaste verksamheten. Siktet st\u00e4lldes d\u00e4rf\u00f6r in p\u00e5 b\u00f6rjan av seklet, inte minst d\u00e4rf\u00f6r att den nu tidstroget inredda expeditionslokalen togs i bruk av Vrigstads Sparbank \u00e5r 1913.<\/p>\n<p>Inventering, planering och genomf\u00f6rande av detta projekt har letts av tv\u00e5 pensionerade tj\u00e4nstem\u00e4n i banken, Lennart Ringstedt, J\u00f6nk\u00f6ping, och Ingmar Carlson, N\u00e4ssj\u00f6, b\u00e5da med m\u00e5ng\u00e5rig tj\u00e4nstg\u00f6ring i sparbanken och med m\u00e5nga personaliga minnen fr\u00e5n och stora kunskaper om g\u00e5ngna tiders sparbanksverksamhet. Resultatet av deras med aldrig sinande intresse och entusiasm bedrivna arbete \u00e4r Gamla Bankg\u00e5rden i Vrigstad.<\/p>\n<p><strong>Tre generationers bankbyggnader<\/strong><br \/>\nVrigstads Sparbank var fr\u00e5n sitt stiftande \u00e5r 1867 fram till 1886 inrymd i den r\u00f6da byggnad som ligger med l\u00e5ngsidan mot \u00e5n. Banklokalen utgjordes av ett mindre rum p\u00e5 andra v\u00e5ningen, enligt protokollet m\u00f6blerad &#8221;med 14 stycken simpla stolar och ett dito st\u00f6rre bord&#8221;. Detta hus liksom huvudbyggnaden mot v\u00e4gen \u00e4gdes d\u00e5 av bankens grundare och f\u00f6rste ordf\u00f6rande, provinsiall\u00e4karen C. D. Lindskog. N\u00e4r han dog 1885 blev fastigheten till salu och f\u00f6rslag v\u00e4cktes att banken skulle f\u00f6rv\u00e4rva den, men vid ett extra huvudmannasammantr\u00e4de f\u00f6ll f\u00f6rslaget med 14 r\u00f6ster mot 6.<\/p>\n<p>I st\u00e4llet flyttade man in som hyresg\u00e4st i en fastighet vid torget, d\u00e4r man stannade till 1913. D\u00e5 hade doktor Lindskogs fastighet p\u00e5 nytt blivit till salu, och nu k\u00f6pte man f\u00f6r 10 000 kronor de hus som det 1886 hade ansetts &#8221;l\u00e4ttsinnigt att sl\u00f6sa bort reservfonden p\u00e5&#8221;.<\/p>\n<p>Huvudbyggnaden, som byggts p\u00e5 1840-talet av ett bolag och d\u00e4rf\u00f6r gick under namnet &#8221;Bolagsg\u00e5rden&#8221;, undergick nu en genomgripande renovering under ledning av bankens m\u00e5ng\u00e5rige kamrer, landsfiskalen Alfred Dahl. P\u00e5 h\u00f6sten 1913 flyttade banken f\u00f6r f\u00f6rsta g\u00e5ngen in i sitt eget hus, med en expeditionslokal utrustad just med den pulpet och de m\u00f6bler som nu st\u00e5r p\u00e5 plats, och i de lokaler, d\u00e4r interi\u00f6rer och samlingar fr\u00e5n denna tid nu presenteras.<\/p>\n<p>Fastighetens exteri\u00f6r har, s\u00e5 l\u00e5ngt som det varit m\u00f6jligt, \u00e5terf\u00e5tt det utseende den hade inflyttnings\u00e5ret 1913 och banklokalen har som n\u00e4mnts f\u00f6rsetts med den ursprungliga inredningen. H\u00e4r drev sedan Vrigstads Sparbank sin verksamhet till 1960, d\u00e5 det nuvarande bankhuset stod f\u00e4rdigt p\u00e5 en annan del av tomten och som efter om- och tillbyggnad 1983 nu utg\u00f6r en modern och \u00e4ndam\u00e5lsenlig banklokal.<\/p>\n<p><a href=\"https:\/\/media.vrigstadshembygdsforening.se\/\/2015\/07\/banktre.gif\"><img loading=\"lazy\" decoding=\"async\" class=\"alignnone size-full wp-image-58\" src=\"https:\/\/media.vrigstadshembygdsforening.se\/\/2015\/07\/banktre.gif\" alt=\"banktre\" width=\"440\" height=\"266\"><\/a><br \/>\nP\u00e5 samma tomt finns allts\u00e5 tre generationers bankbyggnader: det r\u00f6da huset, d\u00e4r banken fanns under sina f\u00f6rsta 19 \u00e5r, huset mot v\u00e4gen, d\u00e4r banken verkade fr\u00e5n 1913 till 1960 och slutligen det nuvarande bankhuset. De tre byggnaderna omger en vacker lummig g\u00e5rd med stora l\u00f6nnar och bildar en unik milj\u00f6 med ytterst gynnsamma f\u00f6ruts\u00e4ttningar f\u00f6r att levandeg\u00f6ra n\u00e5got av g\u00e5ngna tiders bankverksamhet och att erinra om sparbankens historia och utveckling.<\/p>\n<p><strong>Kronol\u00e4nsman Alfred Dahls l\u00e4genhet<\/strong><br \/>\nGamla Bankg\u00e5rden i Vrigstad och dess Bankmuseum fick under 2003 en ny attraktion. Genom Sparbanksstiftelsen Alfa:s ekonomiska st\u00f6d kunde bankkamreren och kronol\u00e4nsmannen Alfred Dahls v\u00e5ning restaureras och \u00e4r nu ett v\u00e4rdefullt komplement till bankmuseet. H\u00e4r har gjorts ett f\u00f6rs\u00f6k att \u00e5terskapa n\u00e5got av atmosf\u00e4ren i ett sm\u00e5borgerligt hem fr\u00e5n 1900-talets b\u00f6rjan. Med skickliga hantverkares kunnande och intresse har v\u00e5ningen restaurerats. N\u00e4r man nu tr\u00e4der in i v\u00e5ningen f\u00e5r man en k\u00e4nsla av att h\u00e4r har tiden st\u00e5tt stilla sedan familjen Dahl flyttade in 1898.<\/p>\n<p>Text och bilder \u00e4r delvis h\u00e4mtade ur Sparbanken Alfas, enhetens J\u00f6nk\u00f6ping, skrift Gamla Bankg\u00e5rden i Vrigstad.<\/p>\n","protected":false},"excerpt":{"rendered":"<p>Gamla Bankg\u00e5rden i Vrigstad \u00e4r ett f\u00f6rs\u00f6k att \u00e5terskapa n\u00e5got av atmosf\u00e4ren i en banklokal i b\u00f6rjan av f\u00f6rra seklet.<\/p>\n","protected":false},"author":1,"featured_media":0,"parent":0,"menu_order":0,"comment_status":"closed","ping_status":"closed","template":"","meta":{"footnotes":""},"class_list":["post-34","page","type-page","status-publish","hentry"],"_links":{"self":[{"href":"https:\/\/vrigstadshembygdsforening.se\/index.php?rest_route=\/wp\/v2\/pages\/34","targetHints":{"allow":["GET"]}}],"collection":[{"href":"https:\/\/vrigstadshembygdsforening.se\/index.php?rest_route=\/wp\/v2\/pages"}],"about":[{"href":"https:\/\/vrigstadshembygdsforening.se\/index.php?rest_route=\/wp\/v2\/types\/page"}],"author":[{"embeddable":true,"href":"https:\/\/vrigstadshembygdsforening.se\/index.php?rest_route=\/wp\/v2\/users\/1"}],"replies":[{"embeddable":true,"href":"https:\/\/vrigstadshembygdsforening.se\/index.php?rest_route=%2Fwp%2Fv2%2Fcomments&post=34"}],"version-history":[{"count":7,"href":"https:\/\/vrigstadshembygdsforening.se\/index.php?rest_route=\/wp\/v2\/pages\/34\/revisions"}],"predecessor-version":[{"id":4346,"href":"https:\/\/vrigstadshembygdsforening.se\/index.php?rest_route=\/wp\/v2\/pages\/34\/revisions\/4346"}],"wp:attachment":[{"href":"https:\/\/vrigstadshembygdsforening.se\/index.php?rest_route=%2Fwp%2Fv2%2Fmedia&parent=34"}],"curies":[{"name":"wp","href":"https:\/\/api.w.org\/{rel}","templated":true}]}}