{"id":31,"date":"2015-07-12T14:34:16","date_gmt":"2015-07-12T14:34:16","guid":{"rendered":"http:\/\/vrigstadshembygdsforening.se\/?page_id=31"},"modified":"2020-08-18T16:28:14","modified_gmt":"2020-08-18T16:28:14","slug":"fakta-om-vrigstad-byggnader-bolagsgarden","status":"publish","type":"page","link":"https:\/\/vrigstadshembygdsforening.se\/?page_id=31","title":{"rendered":"Bolagsg\u00e5rden"},"content":{"rendered":"<p>Bolagsg\u00e5rden kallades huset t. v. p\u00e5 bilden, nordv\u00e4st om \u00e5bron. Det byggdes i b\u00f6rjan av 1840-talet av ett bolag, bl. a. f\u00f6r att f\u00e5 lokaler till l\u00e4kare och apotek.<\/p>\n<p><a href=\"https:\/\/media.vrigstadshembygdsforening.se\/\/2015\/07\/Fakta_bygg_bolagsgd.jpg\"><img loading=\"lazy\" decoding=\"async\" class=\"alignnone size-full wp-image-898\" src=\"https:\/\/media.vrigstadshembygdsforening.se\/\/2015\/07\/Fakta_bygg_bolagsgd.jpg\" alt=\"Fakta_bygg_bolagsgd\" width=\"700\" height=\"401\" srcset=\"https:\/\/media.vrigstadshembygdsforening.se\/2015\/07\/Fakta_bygg_bolagsgd.jpg 700w, https:\/\/media.vrigstadshembygdsforening.se\/2015\/07\/Fakta_bygg_bolagsgd-300x172.jpg 300w\" sizes=\"auto, (max-width: 700px) 100vw, 700px\" \/><\/a><br \/>\nVrigstads f\u00f6rste provinsiall\u00e4kare, d:r C A B\u00e4ckstr\u00f6m, flyttade in h\u00e4r \u00e5r 1846 och apoteket, som till en b\u00f6rjan var filial till apoteket i J\u00f6nk\u00f6ping, \u00f6ppnades 1842 i den v\u00e4stra delen av huset. I \u00f6stra utbyggnaden \u00f6ppnade patron Johan Ek p\u00e5 1880-talet en filialbutik, som f\u00f6restods av hans bror Axel.<\/p>\n<p>Provinsiall\u00e4karen C D Lindskog var vid sin d\u00f6d \u00e5r 1885 ensam \u00e4gare till huset. Hans sterbhus s\u00e5lde det till fru Elin Gustafsch\u00f6ld, som \u00e5r 1913 i sin tur s\u00e5lde det till Vrigstads Sparbank. Banken hade sedan sina lokaler h\u00e4r fram till 1960, d\u00e5 nuvarande sparbankshuset byggdes.<\/p>\n<p>Huset till h\u00f6ger, p\u00e5 bilden ovan, \u00e4r \u00e4ldre \u00e4n Bolagsg\u00e5rden. H\u00e4r hade sparbanken sina f\u00f6rsta lokaler under \u00e5ren 1867-1886 och h\u00e4r bodde p\u00e5 1850-talet kantor Sven Granqvist, morfar till s\u00e5ngarbr\u00f6derna Ralf. Under n\u00e5gra m\u00e5nader h\u00f6sten 1856 var den v\u00e4rldsber\u00f6mda s\u00e5ngerskan Kristina Nilsson g\u00e4st hos kantor Granqvist och fick av honom sina f\u00f6rsta s\u00e5ng- och musiklektioner. Hon kom till augustimarknaden 1856 i s\u00e4llskap med sin bror Sven och bj\u00f6rnt\u00e4mjaren Kalle Kruse, en v\u00e4lk\u00e4nd figur p\u00e5 den tidens marknader. Alla husen t.h. p\u00e5 bilden \u00e4r nu borta. Det hus som nu st\u00e5r p\u00e5 tomten byggdes 1910.<\/p>\n","protected":false},"excerpt":{"rendered":"<p>Bolagsg\u00e5rden kallades huset t. v. p\u00e5 bilden, nordv\u00e4st om \u00e5bron. Det byggdes i b\u00f6rjan av 1840-talet av ett bolag, bl.<\/p>\n","protected":false},"author":1,"featured_media":0,"parent":0,"menu_order":0,"comment_status":"closed","ping_status":"closed","template":"","meta":{"footnotes":""},"class_list":["post-31","page","type-page","status-publish","hentry"],"_links":{"self":[{"href":"https:\/\/vrigstadshembygdsforening.se\/index.php?rest_route=\/wp\/v2\/pages\/31","targetHints":{"allow":["GET"]}}],"collection":[{"href":"https:\/\/vrigstadshembygdsforening.se\/index.php?rest_route=\/wp\/v2\/pages"}],"about":[{"href":"https:\/\/vrigstadshembygdsforening.se\/index.php?rest_route=\/wp\/v2\/types\/page"}],"author":[{"embeddable":true,"href":"https:\/\/vrigstadshembygdsforening.se\/index.php?rest_route=\/wp\/v2\/users\/1"}],"replies":[{"embeddable":true,"href":"https:\/\/vrigstadshembygdsforening.se\/index.php?rest_route=%2Fwp%2Fv2%2Fcomments&post=31"}],"version-history":[{"count":7,"href":"https:\/\/vrigstadshembygdsforening.se\/index.php?rest_route=\/wp\/v2\/pages\/31\/revisions"}],"predecessor-version":[{"id":4329,"href":"https:\/\/vrigstadshembygdsforening.se\/index.php?rest_route=\/wp\/v2\/pages\/31\/revisions\/4329"}],"wp:attachment":[{"href":"https:\/\/vrigstadshembygdsforening.se\/index.php?rest_route=%2Fwp%2Fv2%2Fmedia&parent=31"}],"curies":[{"name":"wp","href":"https:\/\/api.w.org\/{rel}","templated":true}]}}