{"id":3022,"date":"2019-02-15T10:33:40","date_gmt":"2019-02-15T10:33:40","guid":{"rendered":"http:\/\/vrigstadshembygdsforening.se\/?page_id=3022"},"modified":"2019-02-15T10:33:40","modified_gmt":"2019-02-15T10:33:40","slug":"arnold-arvidssons-bilverkstad","status":"publish","type":"page","link":"https:\/\/vrigstadshembygdsforening.se\/?page_id=3022","title":{"rendered":"Arnold Arvidssons Bilverkstad"},"content":{"rendered":"<p dir=\"LTR\" style=\"text-align: left;\" align=\"JUSTIFY\">I b\u00f6rjan av 70-talet, efter att ha slutat p\u00e5 Nyn\u00e4s-macken, startade Arnold en bilverkstad. Han k\u00f6pte den lokal som Nordiska Tr\u00e4hus hade anv\u00e4nt n\u00e5gra m\u00e5nader till sin nystartade produktion, p\u00e5 G\u00e4stgivaregatan 17.<\/p>\n<p dir=\"LTR\" style=\"text-align: left;\" align=\"JUSTIFY\">F\u00f6r att anpassa lokalen till bilverkstad gjordes en sm\u00f6rjgrop och senare gjordes en tillbyggnad med tv\u00e4tthall. Arnold anst\u00e4llde Nils Johansson som medhj\u00e4lpare.<\/p>\n<p dir=\"LTR\" style=\"text-align: left;\" align=\"JUSTIFY\">Arnold bedrev r\u00f6relsen till b\u00f6rjan p\u00e5 80-talet. Fastigheten hade han kvar som garage och f\u00f6rr\u00e5d fram till b\u00f6rjan av 90-talet.<\/p>\n<p>&nbsp;<\/p>\n","protected":false},"excerpt":{"rendered":"<p>I b\u00f6rjan av 70-talet, efter att ha slutat p\u00e5 Nyn\u00e4s-macken, startade Arnold en bilverkstad. Han k\u00f6pte den lokal som Nordiska<\/p>\n","protected":false},"author":1,"featured_media":0,"parent":0,"menu_order":0,"comment_status":"closed","ping_status":"closed","template":"","meta":{"footnotes":""},"class_list":["post-3022","page","type-page","status-publish","hentry"],"_links":{"self":[{"href":"https:\/\/vrigstadshembygdsforening.se\/index.php?rest_route=\/wp\/v2\/pages\/3022","targetHints":{"allow":["GET"]}}],"collection":[{"href":"https:\/\/vrigstadshembygdsforening.se\/index.php?rest_route=\/wp\/v2\/pages"}],"about":[{"href":"https:\/\/vrigstadshembygdsforening.se\/index.php?rest_route=\/wp\/v2\/types\/page"}],"author":[{"embeddable":true,"href":"https:\/\/vrigstadshembygdsforening.se\/index.php?rest_route=\/wp\/v2\/users\/1"}],"replies":[{"embeddable":true,"href":"https:\/\/vrigstadshembygdsforening.se\/index.php?rest_route=%2Fwp%2Fv2%2Fcomments&post=3022"}],"version-history":[{"count":1,"href":"https:\/\/vrigstadshembygdsforening.se\/index.php?rest_route=\/wp\/v2\/pages\/3022\/revisions"}],"predecessor-version":[{"id":3023,"href":"https:\/\/vrigstadshembygdsforening.se\/index.php?rest_route=\/wp\/v2\/pages\/3022\/revisions\/3023"}],"wp:attachment":[{"href":"https:\/\/vrigstadshembygdsforening.se\/index.php?rest_route=%2Fwp%2Fv2%2Fmedia&parent=3022"}],"curies":[{"name":"wp","href":"https:\/\/api.w.org\/{rel}","templated":true}]}}