{"id":2920,"date":"2019-02-14T16:33:52","date_gmt":"2019-02-14T16:33:52","guid":{"rendered":"http:\/\/vrigstadshembygdsforening.se\/?page_id=2920"},"modified":"2019-02-14T16:33:52","modified_gmt":"2019-02-14T16:33:52","slug":"byggmastare-enoch-karlsson","status":"publish","type":"page","link":"https:\/\/vrigstadshembygdsforening.se\/?page_id=2920","title":{"rendered":"Byggm\u00e4stare Enoch Karlsson"},"content":{"rendered":"<p dir=\"LTR\" style=\"text-align: left;\" align=\"JUSTIFY\">Enock Karlsson f\u00f6ddes 1895. Han l\u00e4rdes upp av\u00a0fadern Edvard och \u00e5kte i b\u00f6rjan av 30-talet runt som &#8221;bondsnickare&#8221; p\u00e5 olika platser. I mitten av 30-talet startade han f\u00f6retaget, som jobbade med b\u00e5de nybyggnationer och reparationer.<\/p>\n<p dir=\"LTR\" style=\"text-align: left;\" align=\"JUSTIFY\">P\u00e5 50-talet s\u00e5lde han \u00e4ven Elektrolux kylsk\u00e5p och H\u00e5K\u00e5 persienner.<\/p>\n<p dir=\"LTR\" style=\"text-align: left;\" align=\"JUSTIFY\">Anst\u00e4llda var bl.a. Weimar Lilja, G\u00f6sta Svensson, Enebo, samt s\u00f6nerna Erik och Evald Karlsson. Erik jobbade kvar i f\u00f6retaget tills det avvecklades 1970.<\/p>\n<p>&nbsp;<\/p>\n","protected":false},"excerpt":{"rendered":"<p>Enock Karlsson f\u00f6ddes 1895. Han l\u00e4rdes upp av\u00a0fadern Edvard och \u00e5kte i b\u00f6rjan av 30-talet runt som &#8221;bondsnickare&#8221; p\u00e5 olika<\/p>\n","protected":false},"author":1,"featured_media":0,"parent":0,"menu_order":0,"comment_status":"closed","ping_status":"closed","template":"","meta":{"footnotes":""},"class_list":["post-2920","page","type-page","status-publish","hentry"],"_links":{"self":[{"href":"https:\/\/vrigstadshembygdsforening.se\/index.php?rest_route=\/wp\/v2\/pages\/2920","targetHints":{"allow":["GET"]}}],"collection":[{"href":"https:\/\/vrigstadshembygdsforening.se\/index.php?rest_route=\/wp\/v2\/pages"}],"about":[{"href":"https:\/\/vrigstadshembygdsforening.se\/index.php?rest_route=\/wp\/v2\/types\/page"}],"author":[{"embeddable":true,"href":"https:\/\/vrigstadshembygdsforening.se\/index.php?rest_route=\/wp\/v2\/users\/1"}],"replies":[{"embeddable":true,"href":"https:\/\/vrigstadshembygdsforening.se\/index.php?rest_route=%2Fwp%2Fv2%2Fcomments&post=2920"}],"version-history":[{"count":1,"href":"https:\/\/vrigstadshembygdsforening.se\/index.php?rest_route=\/wp\/v2\/pages\/2920\/revisions"}],"predecessor-version":[{"id":2921,"href":"https:\/\/vrigstadshembygdsforening.se\/index.php?rest_route=\/wp\/v2\/pages\/2920\/revisions\/2921"}],"wp:attachment":[{"href":"https:\/\/vrigstadshembygdsforening.se\/index.php?rest_route=%2Fwp%2Fv2%2Fmedia&parent=2920"}],"curies":[{"name":"wp","href":"https:\/\/api.w.org\/{rel}","templated":true}]}}

Byggmästare Enoch Karlsson

<p dir="LTR" style="text-align: left;" align="JUSTIFY">Enock Karlsson föddes 1895. Han lärdes upp av fadern Edvard och åkte i början av 30-talet runt som &#8221;bondsnickare&#8221; på olika platser. I mitten av 30-talet startade han företaget, som jobbade med både nybyggnationer och reparationer.</p>
<p dir="LTR" style="text-align: left;" align="JUSTIFY">På 50-talet sålde han även Elektrolux kylskåp och HåKå persienner.</p>
<p dir="LTR" style="text-align: left;" align="JUSTIFY">Anställda var bl.a. Weimar Lilja, Gösta Svensson, Enebo, samt sönerna Erik och Evald Karlsson. Erik jobbade kvar i företaget tills det avvecklades 1970.</p>
<p>&nbsp;</p>

<p>Enock Karlsson föddes 1895. Han lärdes upp av fadern Edvard och åkte i början av 30-talet runt som &#8221;bondsnickare&#8221; på olika</p>
