{"id":2792,"date":"2019-02-13T20:59:48","date_gmt":"2019-02-13T20:59:48","guid":{"rendered":"http:\/\/vrigstadshembygdsforening.se\/?page_id=2792"},"modified":"2019-02-13T20:59:48","modified_gmt":"2019-02-13T20:59:48","slug":"winks-smedja-och-platslageri","status":"publish","type":"page","link":"https:\/\/vrigstadshembygdsforening.se\/?page_id=2792","title":{"rendered":"Winks smedja och pl\u00e5tslageri"},"content":{"rendered":"<p dir=\"LTR\" style=\"text-align: left;\" align=\"JUSTIFY\">Johan Peter Vink (1831-1913) var smed i Vrigstad. Smedjan l\u00e5g alldeles s\u00f6der om Lunnabergs ladug\u00e5rd, vid v\u00e4gen ned till M\u00e5nsag\u00e5rden.<\/p>\n<p dir=\"LTR\" style=\"text-align: left;\" align=\"JUSTIFY\">Johan var en skicklig hovslagare. Var det br\u00e5ttom skodde han en h\u00e4st p\u00e5 en halvtimme. Sonen Carl Wink (1857-1931) tog \u00f6ver smedjan. Under hans tid omvandlades smedjan till pl\u00e5tslagerir\u00f6relse och verksamheten flyttades till en verkstad intill\u00a0boningshuset vid V\u00e4xj\u00f6v\u00e4gen.<\/p>\n<p dir=\"LTR\" style=\"text-align: left;\" align=\"JUSTIFY\">N\u00e4r kronoj\u00e4garen i Vrigstad Per Hallstr\u00f6m (1857-1930) konstruerat sin ber\u00f6mda s\u00e5ddkanna f\u00f6r fr\u00f6s\u00e5dd gick uppdraget att tillverka den till den yrkesskicklige smeden Carl Wink.<\/p>\n<p dir=\"LTR\" style=\"text-align: left;\" align=\"JUSTIFY\">Priset p\u00e5 en s\u00e5ddkanna var 4 kronor 1912, en kostnad som snart sparades in, d\u00e5 kannan avsev\u00e4rt minskade fr\u00f6\u00e5tg\u00e5ngen.<\/p>\n<p dir=\"LTR\" style=\"text-align: left;\" align=\"JUSTIFY\">Kronoj\u00e4gare Hallstr\u00f6ms son, Erik, har ber\u00e4ttat i en bandad intervju f\u00f6ljande historia: &#8221;Erik och hans j\u00e4mngamla kamrat Ragnar Lindegren satt och lekte strax intill Vinks smedja vid v\u00e4gen till M\u00e5nsag\u00e5rden. Pl\u00f6tsligt h\u00f6rdes en skarp knall.<br \/>\nUt ur smedjan kommer Henrik Vink springande med en kolsvart skrikande figur efter sig. Ragnar ropar f\u00f6rskr\u00e4ckt, &#8221;Nu springer vi, det \u00e4r dj\u00e4vulen&#8221;. Men Erik tyckte sig k\u00e4nna igen r\u00f6sten, s\u00e5 han f\u00f6rs\u00f6kte lugna Ragnar.<br \/>\nDet visade sig att Henrik, som var v\u00e4ldigt beg\u00e5vad och tekniskt intresserad, skulle g\u00f6ra sig en pistol. Men n\u00e5got gick snett och krutladdningen gick av. Detta gjorde att k\u00e5pan \u00f6ver \u00e4ssjan i smedjan f\u00f6ll ner och decenniers lagrad sot f\u00f6ll \u00f6ver farfadern Johan, som nu jagade sonsonen f\u00f6r att ge honom en avhyvling.&#8221;<\/p>\n<p dir=\"LTR\" style=\"text-align: left;\" align=\"JUSTIFY\">Carls son Henrik, f\u00f6dd 1893, tog \u00f6ver r\u00f6relsen efter fadern och efter Henrik blev det hans<br \/>\ns\u00f6ner Verner och Holger, som fortsatte med pl\u00e5tslageriverksamheten.<\/p>\n<p dir=\"LTR\" style=\"text-align: left;\" align=\"JUSTIFY\">Verner och Holger Vink uppf\u00f6rde en ny verkstad vid Stockarydsv\u00e4gen 1964 och den gamla vid V\u00e4xj\u00f6v\u00e4gen revs 1970 f\u00f6r att ge plats f\u00f6r ny bebyggelse.<\/p>\n<p dir=\"LTR\" style=\"text-align: left;\" align=\"JUSTIFY\">I den nya verkstaden var de som mest fem\u00a0anst\u00e4llda. 1999 \u00f6vertog Verner och Holgers systerson Lars-Gunnar Johansson f\u00f6retaget, som nu kort och gott kallades Vinks Pl\u00e5tslageri.<\/p>\n<p dir=\"LTR\" style=\"text-align: left;\" align=\"JUSTIFY\">Efter 15 \u00e5r som \u00e4gare s\u00e5lde, i maj 2014, Lars-Gunnar f\u00f6retaget till Mikael Lorents, Lammhult och Olle Karlsson, Ryd, R\u00f6rvik.<\/p>\n<figure id=\"attachment_2793\" aria-describedby=\"caption-attachment-2793\" style=\"width: 700px\" class=\"wp-caption alignnone\"><a href=\"https:\/\/media.vrigstadshembygdsforening.se\/\/W_1979.064.png\"><img loading=\"lazy\" decoding=\"async\" class=\"size-full wp-image-2793\" src=\"https:\/\/media.vrigstadshembygdsforening.se\/\/W_1979.064.png\" alt=\"\" width=\"700\" height=\"481\" srcset=\"https:\/\/media.vrigstadshembygdsforening.se\/W_1979.064.png 700w, https:\/\/media.vrigstadshembygdsforening.se\/W_1979.064-300x206.png 300w\" sizes=\"auto, (max-width: 700px) 100vw, 700px\" \/><\/a><figcaption id=\"caption-attachment-2793\" class=\"wp-caption-text\">Winks hus och verkstad vid V\u00e4xj\u00f6v\u00e4gen p\u00e5 1920-talet. Det lilla sk\u00e5pet p\u00e5 knuten inneh\u00e5ller en brandlur. Vid brand gavs larm genom att man bl\u00e5ste i luren . Ett tiotal sk\u00e5p var utplacerade i samh\u00e4llet.<\/figcaption><\/figure>\n<figure id=\"attachment_2795\" aria-describedby=\"caption-attachment-2795\" style=\"width: 700px\" class=\"wp-caption alignnone\"><a href=\"https:\/\/media.vrigstadshembygdsforening.se\/\/W_1979.375.png\"><img loading=\"lazy\" decoding=\"async\" class=\"size-full wp-image-2795\" src=\"https:\/\/media.vrigstadshembygdsforening.se\/\/W_1979.375.png\" alt=\"\" width=\"700\" height=\"480\" srcset=\"https:\/\/media.vrigstadshembygdsforening.se\/W_1979.375.png 700w, https:\/\/media.vrigstadshembygdsforening.se\/W_1979.375-300x206.png 300w\" sizes=\"auto, (max-width: 700px) 100vw, 700px\" \/><\/a><figcaption id=\"caption-attachment-2795\" class=\"wp-caption-text\">Smeden Carl Vink med s\u00f6nerna Hjalmar och Henrik 1912. P\u00e5 v\u00e4ggen h\u00e4nger ett antal av Hallstr\u00f6ms s\u00e5ddkannor.<\/figcaption><\/figure>\n<figure id=\"attachment_2794\" aria-describedby=\"caption-attachment-2794\" style=\"width: 700px\" class=\"wp-caption alignnone\"><a href=\"https:\/\/media.vrigstadshembygdsforening.se\/\/W_1979.238.png\"><img loading=\"lazy\" decoding=\"async\" class=\"size-full wp-image-2794\" src=\"https:\/\/media.vrigstadshembygdsforening.se\/\/W_1979.238.png\" alt=\"\" width=\"700\" height=\"291\" srcset=\"https:\/\/media.vrigstadshembygdsforening.se\/W_1979.238.png 700w, https:\/\/media.vrigstadshembygdsforening.se\/W_1979.238-300x125.png 300w\" sizes=\"auto, (max-width: 700px) 100vw, 700px\" \/><\/a><figcaption id=\"caption-attachment-2794\" class=\"wp-caption-text\">Annons f\u00f6r Hallstr\u00f6ms s\u00e5ddkannor 1915.<\/figcaption><\/figure>\n<figure id=\"attachment_2796\" aria-describedby=\"caption-attachment-2796\" style=\"width: 700px\" class=\"wp-caption alignnone\"><a href=\"https:\/\/media.vrigstadshembygdsforening.se\/\/W_1986.057.png\"><img loading=\"lazy\" decoding=\"async\" class=\"size-full wp-image-2796\" src=\"https:\/\/media.vrigstadshembygdsforening.se\/\/W_1986.057.png\" alt=\"\" width=\"700\" height=\"552\" srcset=\"https:\/\/media.vrigstadshembygdsforening.se\/W_1986.057.png 700w, https:\/\/media.vrigstadshembygdsforening.se\/W_1986.057-300x237.png 300w\" sizes=\"auto, (max-width: 700px) 100vw, 700px\" \/><\/a><figcaption id=\"caption-attachment-2796\" class=\"wp-caption-text\">Stefan Johansson och Holger Vink jobbar med takgenomf\u00f6rningar. Foto fr\u00e5n 1979.<\/figcaption><\/figure>\n<figure id=\"attachment_2797\" aria-describedby=\"caption-attachment-2797\" style=\"width: 700px\" class=\"wp-caption alignnone\"><a href=\"https:\/\/media.vrigstadshembygdsforening.se\/\/W_2014.064.png\"><img loading=\"lazy\" decoding=\"async\" class=\"size-full wp-image-2797\" src=\"https:\/\/media.vrigstadshembygdsforening.se\/\/W_2014.064.png\" alt=\"\" width=\"700\" height=\"628\" srcset=\"https:\/\/media.vrigstadshembygdsforening.se\/W_2014.064.png 700w, https:\/\/media.vrigstadshembygdsforening.se\/W_2014.064-300x269.png 300w\" sizes=\"auto, (max-width: 700px) 100vw, 700px\" \/><\/a><figcaption id=\"caption-attachment-2797\" class=\"wp-caption-text\">1999 \u00f6vertog Lars-Gunnar Johansson f\u00f6retaget och 15 \u00e5r senare s\u00e4ljer han det vidare. Foto fr\u00e5n 2014.<\/figcaption><\/figure>\n<figure id=\"attachment_2798\" aria-describedby=\"caption-attachment-2798\" style=\"width: 700px\" class=\"wp-caption alignnone\"><a href=\"https:\/\/media.vrigstadshembygdsforening.se\/\/W_Vinks_plat.jpg\"><img loading=\"lazy\" decoding=\"async\" class=\"size-full wp-image-2798\" src=\"https:\/\/media.vrigstadshembygdsforening.se\/\/W_Vinks_plat.jpg\" alt=\"\" width=\"700\" height=\"465\" srcset=\"https:\/\/media.vrigstadshembygdsforening.se\/W_Vinks_plat.jpg 700w, https:\/\/media.vrigstadshembygdsforening.se\/W_Vinks_plat-300x199.jpg 300w\" sizes=\"auto, (max-width: 700px) 100vw, 700px\" \/><\/a><figcaption id=\"caption-attachment-2798\" class=\"wp-caption-text\">De nya \u00e4garna av Vinks Pl\u00e5tslageri: Olle Karlsson och Mikael Lorents. P\u00e5 bilden tillsammans med l\u00e4rlingen Andreas Nielson.<\/figcaption><\/figure>\n<p>&nbsp;<\/p>\n","protected":false},"excerpt":{"rendered":"<p>Johan Peter Vink (1831-1913) var smed i Vrigstad. Smedjan l\u00e5g alldeles s\u00f6der om Lunnabergs ladug\u00e5rd, vid v\u00e4gen ned till M\u00e5nsag\u00e5rden.<\/p>\n","protected":false},"author":1,"featured_media":0,"parent":0,"menu_order":0,"comment_status":"closed","ping_status":"closed","template":"","meta":{"footnotes":""},"class_list":["post-2792","page","type-page","status-publish","hentry"],"_links":{"self":[{"href":"https:\/\/vrigstadshembygdsforening.se\/index.php?rest_route=\/wp\/v2\/pages\/2792","targetHints":{"allow":["GET"]}}],"collection":[{"href":"https:\/\/vrigstadshembygdsforening.se\/index.php?rest_route=\/wp\/v2\/pages"}],"about":[{"href":"https:\/\/vrigstadshembygdsforening.se\/index.php?rest_route=\/wp\/v2\/types\/page"}],"author":[{"embeddable":true,"href":"https:\/\/vrigstadshembygdsforening.se\/index.php?rest_route=\/wp\/v2\/users\/1"}],"replies":[{"embeddable":true,"href":"https:\/\/vrigstadshembygdsforening.se\/index.php?rest_route=%2Fwp%2Fv2%2Fcomments&post=2792"}],"version-history":[{"count":1,"href":"https:\/\/vrigstadshembygdsforening.se\/index.php?rest_route=\/wp\/v2\/pages\/2792\/revisions"}],"predecessor-version":[{"id":2799,"href":"https:\/\/vrigstadshembygdsforening.se\/index.php?rest_route=\/wp\/v2\/pages\/2792\/revisions\/2799"}],"wp:attachment":[{"href":"https:\/\/vrigstadshembygdsforening.se\/index.php?rest_route=%2Fwp%2Fv2%2Fmedia&parent=2792"}],"curies":[{"name":"wp","href":"https:\/\/api.w.org\/{rel}","templated":true}]}}