{"id":279,"date":"2015-07-14T17:59:22","date_gmt":"2015-07-14T17:59:22","guid":{"rendered":"http:\/\/vrigstadshembygdsforening.se\/?page_id=279"},"modified":"2018-12-06T15:11:37","modified_gmt":"2018-12-06T15:11:37","slug":"2015-2","status":"publish","type":"page","link":"https:\/\/vrigstadshembygdsforening.se\/?page_id=279","title":{"rendered":"Medlemsskrift 2015"},"content":{"rendered":"<h1><strong>En h\u00e4lsning fr\u00e5n Vrigstads Hembygdsf\u00f6rening 2015<\/strong><\/h1>\n<p><a href=\"https:\/\/media.vrigstadshembygdsforening.se\/\/2015\/07\/MS15_1.jpg\"><img loading=\"lazy\" decoding=\"async\" class=\" size-full wp-image-883 alignleft\" src=\"https:\/\/media.vrigstadshembygdsforening.se\/\/2015\/07\/MS15_1.jpg\" alt=\"MS15_1\" width=\"350\" height=\"439\" srcset=\"https:\/\/media.vrigstadshembygdsforening.se\/2015\/07\/MS15_1.jpg 350w, https:\/\/media.vrigstadshembygdsforening.se\/2015\/07\/MS15_1-239x300.jpg 239w\" sizes=\"auto, (max-width: 350px) 100vw, 350px\" \/><\/a>En bild fr\u00e5n v\u00e5rt bildarkiv som inneh\u00e5ller \u00f6ver 5 200 bilder, de\u00a0 \u00e4ldsta fr\u00e5n 1865.<\/p>\n<p>F\u00f6r 50 \u00e5r sedan, den 5 september 1965, avt\u00e4cktes en minnessten bredvid Sparbankshuset \u00f6ver s\u00e5ngerskan Kristina Nilsson. Stenen\u00a0 avt\u00e4cktes i samband med Hembygdsf\u00f6rbundets sommarresa med cirka 300 deltagare.<\/p>\n<p>T.v. Hembygdsf\u00f6rbundets ordf\u00f6rande d\u00e5varande landsh\u00f6vdingen Sven af Geijerstam, tillsammans med Christina Nilsson-Gottlow, en sl\u00e4kting till Kristina Nilsson, samt ordf\u00f6randen i Gudmundsgillet Sigfrid Leifland.<\/p>\n<p>&nbsp;<\/p>\n<p>&nbsp;<\/p>\n<p><strong>Inneh\u00e5ll<\/strong>:<br \/>\nInbjudan till Vrigstads Hembygdsf\u00f6renings \u00e5rsm\u00f6te<br \/>\nN\u00e5gra bilder fr\u00e5n Vrigstad \u2013 50 och 100 \u00e5r gamla (ur bildarkivet) Bildarkivet<br \/>\nBarndomshemmet av riksdagsmannen Oscar Carlstr\u00f6m<\/p>\n<p><strong>Inbjudan till \u00e5rsm\u00f6te med Vrigstads hembygdsf\u00f6rening<\/strong><br \/>\nV\u00e4lkommen till \u00e5rsm\u00f6te med Vrigstads Hembygdsf\u00f6rening torsdagen den 9 april, kl. 19.00 i F\u00f6rsamlingshemmet.<\/p>\n<p><strong>Program<\/strong>:<br \/>\n\u2022 \u00c5rsm\u00f6tesf\u00f6rhandlingar.<br \/>\n\u2022 2014 \u00e5rs verksamhetsber\u00e4ttelse presenteras i ord och bild av Stig Marz.<br \/>\n\u2022 Stig Marz visar videoklipp.<br \/>\n\u2022 Servering och lotterier.<\/p>\n<p>Gamla och nya medlemmar h\u00e4lsas hj\u00e4rtligt v\u00e4lkomna!<\/p>\n<p><strong>Bilder fr\u00e5n Vrigstad \u00e5r 1915<\/strong><a href=\"https:\/\/media.vrigstadshembygdsforening.se\/\/2015\/07\/MS15_2.jpg\"><img loading=\"lazy\" decoding=\"async\" class=\"alignnone size-full wp-image-884\" src=\"https:\/\/media.vrigstadshembygdsforening.se\/\/2015\/07\/MS15_2.jpg\" alt=\"MS15_2\" width=\"700\" height=\"468\" srcset=\"https:\/\/media.vrigstadshembygdsforening.se\/2015\/07\/MS15_2.jpg 700w, https:\/\/media.vrigstadshembygdsforening.se\/2015\/07\/MS15_2-300x201.jpg 300w\" sizes=\"auto, (max-width: 700px) 100vw, 700px\" \/><\/a><br \/>\nAdrian K\u00e4llstr\u00f6m hade m\u00f6belsnickeri fr\u00e5n 1800-talets slut till 1927 d\u00e5 verkstaden brann ner. D\u00e5 drevs fabriken av s\u00f6nerna sedan fadern g\u00e5tt ur tiden 1926. I d\u00f6rren kikar Fredrik K\u00e4llstr\u00f6m fram och l\u00e4ngst till h\u00f6ger sitter Edvin Karlsson, Lunden. Hj\u00e4lp oss g\u00e4rna \u00a0att identifiera \u00f6vriga p\u00e5 bilden.<\/p>\n<p><a href=\"https:\/\/media.vrigstadshembygdsforening.se\/\/2015\/07\/Aldsta_hus.jpg\"><img loading=\"lazy\" decoding=\"async\" class=\"alignnone size-full wp-image-80\" src=\"https:\/\/media.vrigstadshembygdsforening.se\/\/2015\/07\/Aldsta_hus.jpg\" alt=\"Aldsta_hus\" width=\"700\" height=\"386\" srcset=\"https:\/\/media.vrigstadshembygdsforening.se\/2015\/07\/Aldsta_hus.jpg 700w, https:\/\/media.vrigstadshembygdsforening.se\/2015\/07\/Aldsta_hus-300x165.jpg 300w\" sizes=\"auto, (max-width: 700px) 100vw, 700px\" \/><\/a>J.K. Bengtssons aff\u00e4r. H\u00e4r bedrev Albert Wadell diversehandel fr\u00e5n mitten av 1860-talet. Aff\u00e4r och fastighet \u00f6vertogs 1901 av J.K. Bengtsson, vanligen kallad \u201dKilo\u201d, som 1931 eftertr\u00e4ddes av John Johansson. Aff\u00e4ren upph\u00f6rde 1968, som d\u00e5 sedan 1947 innehafts av Gunnar Gustafsson. Sedan dess har det varit bibliotek i fastigheten samt sporthandel och nu en tygaff\u00e4r.<\/p>\n<p><strong>Bilder fr\u00e5n Vrigstad \u00e5r 1965<\/strong><br \/>\n<a href=\"https:\/\/media.vrigstadshembygdsforening.se\/\/2015\/07\/MS15_4.jpg\"><img loading=\"lazy\" decoding=\"async\" class=\"alignnone size-full wp-image-885\" src=\"https:\/\/media.vrigstadshembygdsforening.se\/\/2015\/07\/MS15_4.jpg\" alt=\"MS15_4\" width=\"700\" height=\"345\" srcset=\"https:\/\/media.vrigstadshembygdsforening.se\/2015\/07\/MS15_4.jpg 700w, https:\/\/media.vrigstadshembygdsforening.se\/2015\/07\/MS15_4-300x148.jpg 300w\" sizes=\"auto, (max-width: 700px) 100vw, 700px\" \/><\/a><br \/>\nVrigstad V\u00e4rdshus 1965. Byggnaden var pr\u00e4stg\u00e5rd, troligen fr\u00e5n 1600-talets senare del, till 1895. Den blev \u00e5lderdomshem 1895-1960. Fastigheten brann ner till grunden 1976 och byggdes sedan upp i nuvarande skepnad.<\/p>\n<p><a href=\"https:\/\/media.vrigstadshembygdsforening.se\/\/2015\/07\/MS15_5.jpg\"><img loading=\"lazy\" decoding=\"async\" class=\"alignnone size-full wp-image-886\" src=\"https:\/\/media.vrigstadshembygdsforening.se\/\/2015\/07\/MS15_5.jpg\" alt=\"MS15_5\" width=\"700\" height=\"438\" srcset=\"https:\/\/media.vrigstadshembygdsforening.se\/2015\/07\/MS15_5.jpg 700w, https:\/\/media.vrigstadshembygdsforening.se\/2015\/07\/MS15_5-300x188.jpg 300w\" sizes=\"auto, (max-width: 700px) 100vw, 700px\" \/><\/a><br \/>\nUnder 1960-talets b\u00f6rjan \u00e4ndrade Vrigstads Sport och l\u00e4derindustri inriktning p\u00e5 sin produktion och b\u00f6rjade tillverka t\u00e4lt. P\u00e5 bilden syns bl.a. Irene Karlsson i produktionslokalen.<\/p>\n<p><a href=\"https:\/\/media.vrigstadshembygdsforening.se\/\/2015\/07\/MS15_6.jpg\"><img loading=\"lazy\" decoding=\"async\" class=\"alignnone size-full wp-image-887\" src=\"https:\/\/media.vrigstadshembygdsforening.se\/\/2015\/07\/MS15_6.jpg\" alt=\"MS15_6\" width=\"700\" height=\"432\" srcset=\"https:\/\/media.vrigstadshembygdsforening.se\/2015\/07\/MS15_6.jpg 700w, https:\/\/media.vrigstadshembygdsforening.se\/2015\/07\/MS15_6-300x185.jpg 300w\" sizes=\"auto, (max-width: 700px) 100vw, 700px\" \/><\/a><br \/>\nVintern 1965 klarade en bil, som kom fr\u00e5n V\u00e4xj\u00f6, inte kurvtagningen utan fick sladd och hamnade i \u00e5n. Isen h\u00f6ll och Vrigstads brandk\u00e5r var snabbt p\u00e5 plats och kunde b\u00e4rga bilen.<\/p>\n<p><strong>Hembygdsf\u00f6reningens bildarkiv<\/strong><br \/>\nV\u00e5rt bildarkiv v\u00e4xer hela tiden och omfattar nu \u00f6ver 5\u00a0200 bilder, som finns tillg\u00e4ngliga f\u00f6r besk\u00e5dan p\u00e5 biblioteket. Nu \u00e4r dessutom \u00f6ver 2\u00a0000 av dem utlagda p\u00e5 v\u00e5r hemsida (bilder tagna p\u00e5 1950-talet och tidigare).\u00a0 D\u00e4r finns ocks\u00e5 ett motivregister d\u00e4r man kan s\u00f6ka bilderna.<br \/>\nAlla bilder \u00e4r inskannade och vi s\u00e4ljer bildfilerna f\u00f6r 10 kr\/styck.<\/p>\n<p><strong>Barndomshemmet<\/strong><br \/>\nF\u00f6rra \u00e5ret presenterade vi ett avsnitt ur riksdagsmannen Oscar Carlstr\u00f6ms nedtecknade minnen. H\u00e4r kommer en direkt forts\u00e4ttning p\u00e5 f\u00f6rsta avsnittet, som han kallade f\u00f6r \u201dF\u00f6delsesocknen Vrigstad\u201d. Den ber\u00e4ttelse vi nu presenterar kallar han \u201dBarndomshemmet\u201d. Oscar f\u00f6ddes 1879 i Holkaryd Kurag\u00e5rd. S\u00e5 h\u00e4r ber\u00e4ttar han om hemmet.<\/p>\n<p>Barndomshemmet<br \/>\nEfter denna lilla orientering av barndomshemmets bel\u00e4genhet i socknen och snabbteckningen av Vrigstads samh\u00e4lle som medelpunkt \u00e5terv\u00e4nda vi till Kurag\u00e5rd, 1\/4 mt. stort, med omkring 10 hektar odlad jord och r\u00e4tt vidlyftiga skogs- och hagmarker. P\u00e5 g\u00e5rden f\u00f6ddes hj\u00e4lpligen 5 kor, ett par oxar och 3 \u00e1 4 ungdjur samt h\u00e4st, ett tiotal f\u00e5r och n\u00e5gra grisar j\u00e4mte en del h\u00f6ns. Efter tidens brukningsmetoder sk\u00f6ttes jorden v\u00e4l. Den var inte vidare stenbunden, men var av delvis karg beskaffenhet och som man d\u00e5 \u00e4nnu ej f\u00e5tt riktigt klart f\u00f6r sig kalkens betydelse, bar den s\u00e4llan n\u00e5gon kl\u00f6versk\u00f6rd att r\u00e4kna med. Skog fanns det nog gott om, men den hade d\u00e5 intet egentligt pris. Far s\u00e5lde slipers till utskylderna \u2013 90 \u00f6re stycket f\u00f6r 5 tums k\u00e4rna och en och tio f\u00f6r 6 tums. Det var inte utan att det var litet sp\u00e4nning, n\u00e4r man tog ner en fura, innan man efter fallet fick se, vilken k\u00e4rna den inneh\u00f6ll.<\/p>\n<p>Dessutom h\u00f6ggs 25 famnar barrved \u00e5rligen till avsalu, 6 kvarters l\u00e5ng och tre alnar i h\u00f6jd och bredd. Vid framkomsten till Vrigstad hos k\u00f6paren betalades den med 5 kronor famnen. Det var lagom dagsverke med karl och oxar att forsla fram veden dit.<br \/>\nUr ladug\u00e5rden kommo inte m\u00e5nga pengar in. Sm\u00f6ret beh\u00f6vde mor f\u00f6r att k\u00f6pa litet till huset \u2013 specerier, garn till bomullskl\u00e4nningar \u00e5t sig sj\u00e4lv och flickorna m.m. som tarvas i ett enkelt hush\u00e5ll. Sedan fick ullen fr\u00e5n f\u00e5ren svara f\u00f6r rusth\u00e5llet i kl\u00e4desv\u00e4g b\u00e5de p\u00e5 mans- och spinnsidan. Skodonen tillverkades av slaktdjurens hudar och tillverkningen av s\u00e5v\u00e4l dessa som kl\u00e4derna ombes\u00f6rjdes av skomakare och skr\u00e4ddare, som gingo fr\u00e5n g\u00e5rd till g\u00e5rd.<\/p>\n<p><a href=\"https:\/\/media.vrigstadshembygdsforening.se\/\/2015\/07\/MS15_7.jpg\"><img loading=\"lazy\" decoding=\"async\" class=\"alignnone size-full wp-image-889\" src=\"https:\/\/media.vrigstadshembygdsforening.se\/\/2015\/07\/MS15_7.jpg\" alt=\"MS15_7\" width=\"700\" height=\"429\" srcset=\"https:\/\/media.vrigstadshembygdsforening.se\/2015\/07\/MS15_7.jpg 700w, https:\/\/media.vrigstadshembygdsforening.se\/2015\/07\/MS15_7-300x184.jpg 300w\" sizes=\"auto, (max-width: 700px) 100vw, 700px\" \/><\/a><br \/>\nHolkaryd Kurag\u00e5rd som den ser ut idag.<\/p>\n<p>Mellangifterna vid det \u00e5rliga ombytet av oxar g\u00e5vo v\u00e4l s\u00e5 d\u00e4r en hundra kronor och f\u00f6rs\u00e4ljningen av ungn\u00f6t och n\u00e5gon sp\u00e4dkalv gav v\u00e4l ungef\u00e4r lika mycket.<br \/>\nN\u00e5gra sm\u00e5grisar, om lyckan var god, inbringade s\u00e5 d\u00e4r femtio kronor och ett par sk\u00e5llingar kanske hundra. Det var just inga k\u00f6rf\u00f6rtj\u00e4nster, ty h\u00e4sten var i regel ungh\u00e4st, men vid ombyte av denna blev det kanske en hundrakrona vart annat \u00e5r. Det blev nu ingen st\u00f6rre omslutning i kassar\u00f6relsen p\u00e5 ett s\u00e5dant jordbruk, men utgifterna fingo bli d\u00e4refter och det g\u00e4llde att h\u00e5lla h\u00e5rt om pungen.<\/p>\n<p>Sparsamheten m\u00e5ste bli en dygd, som b\u00e5de \u00e4ldre och yngre fingo l\u00e4ra.<br \/>\nMen det var ingen fattigdom i bondehemmen av denna typ i bygden och byalagen sk\u00f6tte i regel om den \u201dsocialhj\u00e4lp\u201d, som beh\u00f6vdes f\u00f6r de s\u00e4mst st\u00e4llda \u2013 torparfolket och backstugesittare \u2013 ej skulle beh\u00f6va anlita fattigv\u00e5rden. Det gick d\u00e5 och d\u00e5 en kruka mj\u00f6lk till dem och d\u00e5 en ko hade kalvat, blev det en kalvpannkaka eller vid slakt en och annan \u201dsmakekorv\u201d, som gick samma v\u00e4g. Far l\u00e4t en gammal knekt, som hette Kreutz, bygga sig en stuga p\u00e5 \u00e4gorna strax intill g\u00e5rden \u00e5t skogskanten till och jag har som barn otaliga g\u00e5nger uppvaktat i den stugan i omf\u00f6rm\u00e4lda \u00e4renden.<br \/>\n<a href=\"https:\/\/media.vrigstadshembygdsforening.se\/\/2015\/07\/MS15_8.jpg\"><img loading=\"lazy\" decoding=\"async\" class=\"alignnone size-full wp-image-888\" src=\"https:\/\/media.vrigstadshembygdsforening.se\/\/2015\/07\/MS15_8.jpg\" alt=\"MS15_8\" width=\"700\" height=\"492\" srcset=\"https:\/\/media.vrigstadshembygdsforening.se\/2015\/07\/MS15_8.jpg 700w, https:\/\/media.vrigstadshembygdsforening.se\/2015\/07\/MS15_8-300x211.jpg 300w\" sizes=\"auto, (max-width: 700px) 100vw, 700px\" \/><\/a><br \/>\nTorpet Aspelunden som byggdes av soldaten Creutz. Foto \u00e4r taget i b\u00f6rjan av 50-talet, strax f\u00f6re rivningen av torpet.<\/p>\n<p>Och si, jag fick s\u00e4llan g\u00e5 d\u00e4rifr\u00e5n utan f\u00e4gning med kaffe och dopp! Hur kunde detta vara fatt? Ja, Kreutz hade 24 kronor om \u00e5ret i knektpension och dessutom gick han emellan\u00e5t i arbete hos far och tj\u00e4nade n\u00e5gra kronor med det och mor Kreutz sk\u00f6tte sina h\u00f6ns v\u00e4l och p\u00e5 v\u00e5ngen, som han fick uppodla kring stugan, blev potatis till husbehov och en del gr\u00f6nsaker. F\u00f6r \u00f6vrigt var det ju inte bara fr\u00e5n v\u00e5rt hem Kreutzens fingo hj\u00e4lp. Det var n\u00e4stan halva byalaget med om, ty det fanns inte s\u00e5 m\u00e5nga beh\u00f6vande i byn, som bestod av ett tiotal jordbruk av huvudsakligen samma storlek som v\u00e5rt och d\u00e4r endast en g\u00e5rd hade underlydande torpare. Ty de g\u00e5rdar, som \u00e5stadkommo verklig fattigdom p\u00e5 den tiden och vilka rekryterade fattigstugorna, voro framf\u00f6r allt herreg\u00e5rdarna. Lundholmen, den vackra jordbruks- och skogsegendomen, som ligger mellan Holkaryd och Vrigstad, hade sin dryga andel i detta. D\u00e4r funnos v\u00e4l p\u00e5 den tiden ett 30-tal torpare, av vilka de flesta gjorde dagsverken p\u00e5 g\u00e5rden 2 \u00e1 3 dagar i veckan. En hel del av dem avslutade sitt livsdagsverke p\u00e5 fattighuset i Vrigstad.<br \/>\nNu \u00e4ro dessb\u00e4ttre alla dagsverkstorpen borta eller utarrenderade i penninglega och d\u00e4rmed ocks\u00e5 rekryteringen fr\u00e5n dem till \u00e5lderdomshemmet avskriven.<\/p>\n<p>Men vi \u00e5terv\u00e4nda till Kurag\u00e5rden och bebyggelsen d\u00e4r. Ja, ladug\u00e5rden var gammal, d\u00e5 far ett par \u00e5r f\u00f6re min f\u00f6delse k\u00f6pte g\u00e5rden, l\u00e4t han bygga en ny 1887. Det s\u00e4ger en del om de ekonomiska f\u00f6rh\u00e5llandena, att fast\u00e4n det gamla hypoteket p\u00e5 fastigheten var n\u00e4ra utg\u00e5nget, s\u00e5 m\u00e5ste far ta ett nytt f\u00f6r att kunna bygga ladug\u00e5rden. Virke fanns ju p\u00e5 g\u00e5rden och hela byggkostnaden i \u00f6vrigt r\u00f6rde sig v\u00e4l omkring 800 kronor. Det var inte l\u00e4tt att komma \u00f6ver en st\u00f6rre summa pengar p\u00e5 ett litet jordbruk d\u00e5.<\/p>\n<p>Boningshuset var nybyggt n\u00e5gra \u00e5r innan far tilltr\u00e4dde g\u00e5rden, och var ganska rymlig, ett v\u00e4ldigt stort rum i ena \u00e4ndan p\u00e5 huset, en n\u00e5got mindre kammare i andra \u00e4ndan j\u00e4mte skafferi samt k\u00f6k och f\u00f6rstuga i mitten. Det var h\u00f6gt i tak och ingen brist p\u00e5 luftkubiker, men det var kallt. Det fanns emellertid gott om ved och far s\u00e5g till att det h\u00f6lls j\u00e4mn fyr i r\u00f6rspisen under vinterkv\u00e4llarna. Den d\u00e4r r\u00f6rspisen hade av n\u00e5gon anledning oljem\u00e5lats \u2013 det var ju inte vidare praktiskt, ty d\u00e5 den blev \u00f6verhettad, sprack m\u00e5lningen s\u00f6nder och det var ett ideligt pl\u00e5strande med vitlimning f\u00f6r att h\u00e5lla den n\u00e5got s\u00e5 n\u00e4r snygg. Men den d\u00e4r gamla r\u00f6rspisen st\u00e5r \u00e4nnu kvar i Kurag\u00e5rdens storstuga och eftersom han och jag \u00e4ro s\u00e5 gamla bekanta och han i min barndom n\u00e4stan r\u00e4knades till familjen, m\u00e5ste jag nu, innan jag b\u00f6rjar denna historia, fara ut och h\u00e4lsa p\u00e5 honom ett tag, Han vet m\u00e4mligen det mesta om mina barndoms- och ungdoms\u00e5r i hemmet och jag har lockats med honom att ber\u00e4tta en liten saga om hur livet tedde sig kring honom under de h\u00e4r \u00e5ren.<\/p>\n<p>Vi f\u00e5r kanske anledning att \u00e5terkomma n\u00e4sta \u00e5r och h\u00f6ra vidare vad den gamla r\u00f6rspisen och Oscar har att ber\u00e4tta.<\/p>\n","protected":false},"excerpt":{"rendered":"<p>En h\u00e4lsning fr\u00e5n Vrigstads Hembygdsf\u00f6rening 2015 En bild fr\u00e5n v\u00e5rt bildarkiv som inneh\u00e5ller \u00f6ver 5 200 bilder, de\u00a0 \u00e4ldsta fr\u00e5n<\/p>\n","protected":false},"author":1,"featured_media":0,"parent":0,"menu_order":0,"comment_status":"open","ping_status":"open","template":"","meta":{"footnotes":""},"class_list":["post-279","page","type-page","status-publish","hentry"],"_links":{"self":[{"href":"https:\/\/vrigstadshembygdsforening.se\/index.php?rest_route=\/wp\/v2\/pages\/279","targetHints":{"allow":["GET"]}}],"collection":[{"href":"https:\/\/vrigstadshembygdsforening.se\/index.php?rest_route=\/wp\/v2\/pages"}],"about":[{"href":"https:\/\/vrigstadshembygdsforening.se\/index.php?rest_route=\/wp\/v2\/types\/page"}],"author":[{"embeddable":true,"href":"https:\/\/vrigstadshembygdsforening.se\/index.php?rest_route=\/wp\/v2\/users\/1"}],"replies":[{"embeddable":true,"href":"https:\/\/vrigstadshembygdsforening.se\/index.php?rest_route=%2Fwp%2Fv2%2Fcomments&post=279"}],"version-history":[{"count":11,"href":"https:\/\/vrigstadshembygdsforening.se\/index.php?rest_route=\/wp\/v2\/pages\/279\/revisions"}],"predecessor-version":[{"id":2150,"href":"https:\/\/vrigstadshembygdsforening.se\/index.php?rest_route=\/wp\/v2\/pages\/279\/revisions\/2150"}],"wp:attachment":[{"href":"https:\/\/vrigstadshembygdsforening.se\/index.php?rest_route=%2Fwp%2Fv2%2Fmedia&parent=279"}],"curies":[{"name":"wp","href":"https:\/\/api.w.org\/{rel}","templated":true}]}}