{"id":2785,"date":"2019-02-13T19:50:06","date_gmt":"2019-02-13T19:50:06","guid":{"rendered":"http:\/\/vrigstadshembygdsforening.se\/?page_id=2785"},"modified":"2019-02-13T19:50:06","modified_gmt":"2019-02-13T19:50:06","slug":"kopparslagare-grell","status":"publish","type":"page","link":"https:\/\/vrigstadshembygdsforening.se\/?page_id=2785","title":{"rendered":"Kopparslagare Grell"},"content":{"rendered":"<p dir=\"LTR\" style=\"text-align: left;\" align=\"JUSTIFY\">Kopparslagaren Anders Grell, f\u00f6ddes 1801 i J\u00f6nk\u00f6ping. Han kom med familjen till Vrigstad 1848 fr\u00e5n\u00a0J\u00f6nk\u00f6ping. Det var en f\u00f6ljd av n\u00e4ringsfrihetsf\u00f6rordningen, som gjorde att hantverkare och andra n\u00e4ringsidkare nu fritt fick etablera sig p\u00e5 landsbygden. Familjen flyttade in i ett hus p\u00e5 Lunnabergs tomt. Huset brann ned 1884. Men d\u00e5 hade Grell flyttat d\u00e4rifr\u00e5n och bodde sedan 1868 i sin fastighet Torsborg med nuvarande adress V\u00e4xj\u00f6v\u00e4gen 13, mitt emot Lunnaberg.<\/p>\n<p dir=\"LTR\" style=\"text-align: left;\" align=\"JUSTIFY\">Om han redan fr\u00e5n b\u00f6rjan uppf\u00f6rde sin verkstad, som fortfarande finns kvar, intill fastigheten V\u00e4xj\u00f6v\u00e4gen 13, eller om han byggde den samtidigt med fastigheten \u00e4r oklart.<\/p>\n<p dir=\"LTR\" style=\"text-align: left;\" align=\"JUSTIFY\">N\u00e4r Anders Grell gick ur tiden 1874 \u00f6vertog sonen Anders Theodor r\u00f6relsen. Han var f\u00f6dd i J\u00f6nk\u00f6ping 1840. Modern gick bort 1882 och Anders Theodor anst\u00e4llde d\u00e5 en piga.<\/p>\n<p dir=\"LTR\" style=\"text-align: left;\" align=\"JUSTIFY\">Men det blev dyrt tyckte han, s\u00e5 snart ins\u00e5g han att ett gifterm\u00e5l skulle vara mera ekonomiskt. 1884 gifter han sig d\u00e4rf\u00f6r, inte med\u00a0pigan utan med Mathilda Charlotta Johansdotter fr\u00e5n Gettersryd, som var 19 \u00e5r yngre. Fem m\u00e5nader efter vigseln f\u00f6ds deras f\u00f6rsta barn.<\/p>\n<p dir=\"LTR\" style=\"text-align: left;\" align=\"JUSTIFY\">Det var h\u00f6g ljudniv\u00e5 i kopparslagarverkstaden. D\u00e4rf\u00f6r fick Anders Theodor en arbetsskada genom h\u00f6rselneds\u00e4ttning, som till slut gjorde att han blev d\u00f6v. Han registrerade sitt f\u00f6retag 1877-78.<\/p>\n<p dir=\"LTR\" style=\"text-align: left;\" align=\"JUSTIFY\">De f\u00f6ljande \u00e5ren fram till 1901 anges hans namn till Th. allts\u00e5 Theodor. Anders Theodor var 61 \u00e5r d\u00e5 sista ans\u00f6kan registrerats. Hur l\u00e4nge han fortsatte med verksamheten \u00e4r oklart. Han blev dock gammal. Han dog 1931 vid 91 \u00e5rs \u00e5lder. S\u00e5 l\u00e4nge h\u00f6ll han s\u00e4kert inte p\u00e5 att jobba.<\/p>\n<p dir=\"LTR\" style=\"text-align: left;\" align=\"JUSTIFY\">Anders Theodor var en skicklig yrkesman. Enligt Gustaf Dahl kunde han hamra ut en liten kaffekittel (leksaks?) av en fem\u00f6ring.<\/p>\n<p dir=\"LTR\" style=\"text-align: left;\" align=\"JUSTIFY\">Anders Theodor l\u00e5g vid sin bortg\u00e5ng 1931 p\u00e5 \u00f6verv\u00e5ningen, d\u00e4r han ocks\u00e5 kistlades. Den tr\u00e5nga trappan st\u00e4llde till besv\u00e4r n\u00e4r kistan skulle b\u00e4ras ned. Henrik och Hjalmar Vink tillkallades och lyckades l\u00f6sa problemet.<\/p>\n<p dir=\"LTR\" style=\"text-align: left;\" align=\"JUSTIFY\">Theodor var en &#8221;datumm\u00e4nniska&#8221;. Han satte\u00a0potatisen den 1 maj oavsett hur v\u00e4dret var. Han tog f\u00f6rsta badet samma datum. Efter premi\u00e4rbadet sade han till dem han m\u00f6tte: &#8221;Nu kan ni bada f\u00f6r nu \u00e4r vattnet rent&#8221;.<\/p>\n<p dir=\"LTR\" style=\"text-align: left;\" align=\"JUSTIFY\">Dottern Adina var s.k. hems\u00f6mmerska. Hon var mycket skicklig och sydde flick- och damkl\u00e4der. Birgith Vink-Johansson har ber\u00e4ttat att Adina sydde b\u00e5de hennes konfirmations- och brudkl\u00e4nning. Adinas syster Olivia hj\u00e4lpte Adina med att sy f\u00e5llar. Hon hade en liten egenhet. F\u00f6r varje stygn hon tog &#8221;sn\u00f6rvlade&#8221; hon till n\u00e4r hon drog n\u00e5len genom f\u00e5llen.<\/p>\n<figure id=\"attachment_2786\" aria-describedby=\"caption-attachment-2786\" style=\"width: 700px\" class=\"wp-caption alignnone\"><a href=\"https:\/\/media.vrigstadshembygdsforening.se\/\/W_1992.034.png\"><img loading=\"lazy\" decoding=\"async\" class=\"size-full wp-image-2786\" src=\"https:\/\/media.vrigstadshembygdsforening.se\/\/W_1992.034.png\" alt=\"\" width=\"700\" height=\"486\" srcset=\"https:\/\/media.vrigstadshembygdsforening.se\/W_1992.034.png 700w, https:\/\/media.vrigstadshembygdsforening.se\/W_1992.034-300x208.png 300w\" sizes=\"auto, (max-width: 700px) 100vw, 700px\" \/><\/a><figcaption id=\"caption-attachment-2786\" class=\"wp-caption-text\">Kopparslagare Anders Theodor Grell med hustru Mathilda och barnen Emmy, Hulda, Olivia och Adina samt Huldas man Karl Lund\u00e9n. Bilden fr\u00e5n omkring 1915.<\/figcaption><\/figure>\n","protected":false},"excerpt":{"rendered":"<p>Kopparslagaren Anders Grell, f\u00f6ddes 1801 i J\u00f6nk\u00f6ping. Han kom med familjen till Vrigstad 1848 fr\u00e5n\u00a0J\u00f6nk\u00f6ping. Det var en f\u00f6ljd av<\/p>\n","protected":false},"author":1,"featured_media":0,"parent":0,"menu_order":0,"comment_status":"closed","ping_status":"closed","template":"","meta":{"footnotes":""},"class_list":["post-2785","page","type-page","status-publish","hentry"],"_links":{"self":[{"href":"https:\/\/vrigstadshembygdsforening.se\/index.php?rest_route=\/wp\/v2\/pages\/2785","targetHints":{"allow":["GET"]}}],"collection":[{"href":"https:\/\/vrigstadshembygdsforening.se\/index.php?rest_route=\/wp\/v2\/pages"}],"about":[{"href":"https:\/\/vrigstadshembygdsforening.se\/index.php?rest_route=\/wp\/v2\/types\/page"}],"author":[{"embeddable":true,"href":"https:\/\/vrigstadshembygdsforening.se\/index.php?rest_route=\/wp\/v2\/users\/1"}],"replies":[{"embeddable":true,"href":"https:\/\/vrigstadshembygdsforening.se\/index.php?rest_route=%2Fwp%2Fv2%2Fcomments&post=2785"}],"version-history":[{"count":1,"href":"https:\/\/vrigstadshembygdsforening.se\/index.php?rest_route=\/wp\/v2\/pages\/2785\/revisions"}],"predecessor-version":[{"id":2787,"href":"https:\/\/vrigstadshembygdsforening.se\/index.php?rest_route=\/wp\/v2\/pages\/2785\/revisions\/2787"}],"wp:attachment":[{"href":"https:\/\/vrigstadshembygdsforening.se\/index.php?rest_route=%2Fwp%2Fv2%2Fmedia&parent=2785"}],"curies":[{"name":"wp","href":"https:\/\/api.w.org\/{rel}","templated":true}]}}