{"id":2721,"date":"2019-02-13T16:55:31","date_gmt":"2019-02-13T16:55:31","guid":{"rendered":"http:\/\/vrigstadshembygdsforening.se\/?page_id=2721"},"modified":"2019-02-13T16:55:31","modified_gmt":"2019-02-13T16:55:31","slug":"vrigstad-glashytta-vrigstad-kristallhytta","status":"publish","type":"page","link":"https:\/\/vrigstadshembygdsforening.se\/?page_id=2721","title":{"rendered":"Vrigstad Glashytta\/Vrigstad Kristallhytta"},"content":{"rendered":"<p dir=\"LTR\" style=\"text-align: left;\" align=\"JUSTIFY\">Lagom till v\u00e5rmarknaden den 22 maj 1982 \u00f6ppnades en ny industri i Vrigstad. Det var en glashytta, den f\u00f6rsta i ortens historia. I Lundbergs pressgjuteris gamla lokaler hade en ugn egenh\u00e4ndigt byggts av \u00e4garna till hyttan Evert St\u00e5hl och Herman H\u00f6gg. B\u00e5da hade tidigare jobbat p\u00e5 Eken\u00e4s Glasbruk. F\u00f6retaget avvecklades i augusti -83.<\/p>\n<p dir=\"LTR\" style=\"text-align: left;\" align=\"JUSTIFY\">En nystart under namnet Vrigstad Kristallhytta gjordes redan i september 1983. \u00c4gare var Herman och Manfred Wintersteller, Alex Matusch och Ingvald Westholm. Bl.a. producerades nu mer slipat glas \u00e4n tidigare.<\/p>\n<p dir=\"LTR\" style=\"text-align: left;\" align=\"JUSTIFY\">I maj 1986 kn\u00f6t de den k\u00e4nde formgivaren Erik H\u00f6glund till sig, men det hj\u00e4lpte inte. De sista \u00e5ren var tillverkningen inriktad p\u00e5 glasprodukter, som k\u00f6ptes av f\u00f6retag att anv\u00e4ndas som presenter och reklam.<\/p>\n<p style=\"text-align: left;\">L\u00f6nsamheten var f\u00f6r d\u00e5lig och 1992 lades verksamheten i Vrigstad ned och man flyttade produktionen till \u00d6land.<\/p>\n<figure id=\"attachment_2722\" aria-describedby=\"caption-attachment-2722\" style=\"width: 700px\" class=\"wp-caption alignnone\"><a href=\"https:\/\/media.vrigstadshembygdsforening.se\/\/W_1982.179.png\"><img loading=\"lazy\" decoding=\"async\" class=\"size-full wp-image-2722\" src=\"https:\/\/media.vrigstadshembygdsforening.se\/\/W_1982.179.png\" alt=\"\" width=\"700\" height=\"573\" srcset=\"https:\/\/media.vrigstadshembygdsforening.se\/W_1982.179.png 700w, https:\/\/media.vrigstadshembygdsforening.se\/W_1982.179-300x246.png 300w\" sizes=\"auto, (max-width: 700px) 100vw, 700px\" \/><\/a><figcaption id=\"caption-attachment-2722\" class=\"wp-caption-text\">Herman H\u00f6gg i hyttan 1982.<\/figcaption><\/figure>\n<figure id=\"attachment_2723\" aria-describedby=\"caption-attachment-2723\" style=\"width: 500px\" class=\"wp-caption alignnone\"><a href=\"https:\/\/media.vrigstadshembygdsforening.se\/\/W_1983.1128.png\"><img loading=\"lazy\" decoding=\"async\" class=\"size-full wp-image-2723\" src=\"https:\/\/media.vrigstadshembygdsforening.se\/\/W_1983.1128.png\" alt=\"\" width=\"500\" height=\"664\" srcset=\"https:\/\/media.vrigstadshembygdsforening.se\/W_1983.1128.png 500w, https:\/\/media.vrigstadshembygdsforening.se\/W_1983.1128-226x300.png 226w\" sizes=\"auto, (max-width: 500px) 100vw, 500px\" \/><\/a><figcaption id=\"caption-attachment-2723\" class=\"wp-caption-text\">Vrigstad Kristallhytta med Herman och Manfred Wintersteller 1983.<\/figcaption><\/figure>\n<figure id=\"attachment_2724\" aria-describedby=\"caption-attachment-2724\" style=\"width: 700px\" class=\"wp-caption alignnone\"><a href=\"https:\/\/media.vrigstadshembygdsforening.se\/\/W_Vd-glashyttaTidningsklipp_86.jpg\"><img loading=\"lazy\" decoding=\"async\" class=\"size-full wp-image-2724\" src=\"https:\/\/media.vrigstadshembygdsforening.se\/\/W_Vd-glashyttaTidningsklipp_86.jpg\" alt=\"\" width=\"700\" height=\"308\" srcset=\"https:\/\/media.vrigstadshembygdsforening.se\/W_Vd-glashyttaTidningsklipp_86.jpg 700w, https:\/\/media.vrigstadshembygdsforening.se\/W_Vd-glashyttaTidningsklipp_86-300x132.jpg 300w\" sizes=\"auto, (max-width: 700px) 100vw, 700px\" \/><\/a><figcaption id=\"caption-attachment-2724\" class=\"wp-caption-text\">Konstn\u00e4ren Erik H\u00f6glund och Norbert Wintersteller p\u00e5 tidningsklipp fr\u00e5n 1985.<\/figcaption><\/figure>\n","protected":false},"excerpt":{"rendered":"<p>Lagom till v\u00e5rmarknaden den 22 maj 1982 \u00f6ppnades en ny industri i Vrigstad. Det var en glashytta, den f\u00f6rsta i<\/p>\n","protected":false},"author":1,"featured_media":0,"parent":0,"menu_order":0,"comment_status":"closed","ping_status":"closed","template":"","meta":{"footnotes":""},"class_list":["post-2721","page","type-page","status-publish","hentry"],"_links":{"self":[{"href":"https:\/\/vrigstadshembygdsforening.se\/index.php?rest_route=\/wp\/v2\/pages\/2721","targetHints":{"allow":["GET"]}}],"collection":[{"href":"https:\/\/vrigstadshembygdsforening.se\/index.php?rest_route=\/wp\/v2\/pages"}],"about":[{"href":"https:\/\/vrigstadshembygdsforening.se\/index.php?rest_route=\/wp\/v2\/types\/page"}],"author":[{"embeddable":true,"href":"https:\/\/vrigstadshembygdsforening.se\/index.php?rest_route=\/wp\/v2\/users\/1"}],"replies":[{"embeddable":true,"href":"https:\/\/vrigstadshembygdsforening.se\/index.php?rest_route=%2Fwp%2Fv2%2Fcomments&post=2721"}],"version-history":[{"count":1,"href":"https:\/\/vrigstadshembygdsforening.se\/index.php?rest_route=\/wp\/v2\/pages\/2721\/revisions"}],"predecessor-version":[{"id":2725,"href":"https:\/\/vrigstadshembygdsforening.se\/index.php?rest_route=\/wp\/v2\/pages\/2721\/revisions\/2725"}],"wp:attachment":[{"href":"https:\/\/vrigstadshembygdsforening.se\/index.php?rest_route=%2Fwp%2Fv2%2Fmedia&parent=2721"}],"curies":[{"name":"wp","href":"https:\/\/api.w.org\/{rel}","templated":true}]}}