{"id":2709,"date":"2019-02-13T16:43:00","date_gmt":"2019-02-13T16:43:00","guid":{"rendered":"http:\/\/vrigstadshembygdsforening.se\/?page_id=2709"},"modified":"2019-02-13T16:43:00","modified_gmt":"2019-02-13T16:43:00","slug":"tefa-plast-ab","status":"publish","type":"page","link":"https:\/\/vrigstadshembygdsforening.se\/?page_id=2709","title":{"rendered":"TEFA-PLAST AB"},"content":{"rendered":"<p dir=\"LTR\" align=\"JUSTIFY\">\u00c5r 1977 startade Bengt Dahlquist f\u00f6retaget TEFA-PLAST AB i Runstedtska F\u00e4rgeriets lokaler. H\u00e4r tillverkades plastdetaljer till elkomponenter till i<br \/>\nhuvudsak belysningsindustrin.<\/p>\n<p dir=\"LTR\" align=\"JUSTIFY\">F\u00f6retagets f\u00f6rsta order var till IKEA, som best\u00e4llde 650 000 detaljer f\u00f6r leverans till Singapore d\u00e4r de skulle monteras in i belysningsarmaturer. F\u00f6retaget hade en anst\u00e4lld.<\/p>\n<p>Den 31 augusti 2002 s\u00e5lde Bengt f\u00f6retaget till en branschkollega i Ljungby.<\/p>\n<figure id=\"attachment_2710\" aria-describedby=\"caption-attachment-2710\" style=\"width: 700px\" class=\"wp-caption alignnone\"><a href=\"https:\/\/media.vrigstadshembygdsforening.se\/\/W_1983.1413.png\"><img loading=\"lazy\" decoding=\"async\" class=\"size-full wp-image-2710\" src=\"https:\/\/media.vrigstadshembygdsforening.se\/\/W_1983.1413.png\" alt=\"\" width=\"700\" height=\"595\" srcset=\"https:\/\/media.vrigstadshembygdsforening.se\/W_1983.1413.png 700w, https:\/\/media.vrigstadshembygdsforening.se\/W_1983.1413-300x255.png 300w\" sizes=\"auto, (max-width: 700px) 100vw, 700px\" \/><\/a><figcaption id=\"caption-attachment-2710\" class=\"wp-caption-text\">Vivianne Andersson och Bengt Dahlquist tittar p\u00e5 n\u00e5gra av de tillverkade plastdetaljerna. Foto fr\u00e5n 1983.<\/figcaption><\/figure>\n<p>&nbsp;<\/p>\n","protected":false},"excerpt":{"rendered":"<p>\u00c5r 1977 startade Bengt Dahlquist f\u00f6retaget TEFA-PLAST AB i Runstedtska F\u00e4rgeriets lokaler. H\u00e4r tillverkades plastdetaljer till elkomponenter till i huvudsak<\/p>\n","protected":false},"author":1,"featured_media":0,"parent":0,"menu_order":0,"comment_status":"closed","ping_status":"closed","template":"","meta":{"footnotes":""},"class_list":["post-2709","page","type-page","status-publish","hentry"],"_links":{"self":[{"href":"https:\/\/vrigstadshembygdsforening.se\/index.php?rest_route=\/wp\/v2\/pages\/2709","targetHints":{"allow":["GET"]}}],"collection":[{"href":"https:\/\/vrigstadshembygdsforening.se\/index.php?rest_route=\/wp\/v2\/pages"}],"about":[{"href":"https:\/\/vrigstadshembygdsforening.se\/index.php?rest_route=\/wp\/v2\/types\/page"}],"author":[{"embeddable":true,"href":"https:\/\/vrigstadshembygdsforening.se\/index.php?rest_route=\/wp\/v2\/users\/1"}],"replies":[{"embeddable":true,"href":"https:\/\/vrigstadshembygdsforening.se\/index.php?rest_route=%2Fwp%2Fv2%2Fcomments&post=2709"}],"version-history":[{"count":1,"href":"https:\/\/vrigstadshembygdsforening.se\/index.php?rest_route=\/wp\/v2\/pages\/2709\/revisions"}],"predecessor-version":[{"id":2711,"href":"https:\/\/vrigstadshembygdsforening.se\/index.php?rest_route=\/wp\/v2\/pages\/2709\/revisions\/2711"}],"wp:attachment":[{"href":"https:\/\/vrigstadshembygdsforening.se\/index.php?rest_route=%2Fwp%2Fv2%2Fmedia&parent=2709"}],"curies":[{"name":"wp","href":"https:\/\/api.w.org\/{rel}","templated":true}]}}