{"id":2643,"date":"2019-02-12T20:55:44","date_gmt":"2019-02-12T20:55:44","guid":{"rendered":"http:\/\/vrigstadshembygdsforening.se\/?page_id=2643"},"modified":"2019-02-12T21:00:18","modified_gmt":"2019-02-12T21:00:18","slug":"tra-sagat-och-hyvlat","status":"publish","type":"page","link":"https:\/\/vrigstadshembygdsforening.se\/?page_id=2643","title":{"rendered":"Tr\u00e4 &#8211; s\u00e5gat och hyvlat"},"content":{"rendered":"<p dir=\"LTR\" align=\"LEFT\"><a href=\"https:\/\/vrigstadshembygdsforening.se\/?page_id=2608\">Artur Karlssons s\u00e5gverk<\/a><br \/>\n<a href=\"https:\/\/vrigstadshembygdsforening.se\/?page_id=2611\">Bj\u00e4llebo s\u00e5g<br \/>\n<\/a><a href=\"https:\/\/vrigstadshembygdsforening.se\/?page_id=2614\">Helmer Andersson<br \/>\n<\/a><a href=\"https:\/\/vrigstadshembygdsforening.se\/?page_id=2617\">Hjalmar Johanssons s\u00e5gverk<br \/>\n<\/a><a href=\"https:\/\/vrigstadshembygdsforening.se\/?page_id=2619\">Hj\u00e4rteryds s\u00e5g<br \/>\n<\/a><a href=\"https:\/\/vrigstadshembygdsforening.se\/?page_id=2621\">Holkaryds Skatteg\u00e5rds s\u00e5g<br \/>\n<\/a><a href=\"https:\/\/vrigstadshembygdsforening.se\/?page_id=2623\">JMC Timber AB<br \/>\n<\/a><a href=\"https:\/\/vrigstadshembygdsforening.se\/?page_id=2627\">Lammafors s\u00e5g<br \/>\n<\/a><a href=\"https:\/\/vrigstadshembygdsforening.se\/?page_id=2631\">Olofssons Hyvleri AB<br \/>\n<\/a><a href=\"https:\/\/vrigstadshembygdsforening.se\/?page_id=2636\">PJ Johanssons s\u00e5g<br \/>\n<\/a><a href=\"https:\/\/vrigstadshembygdsforening.se\/?page_id=2645\">S\u00e5gverk och virkeshandel<br \/>\n<\/a><a href=\"https:\/\/vrigstadshembygdsforening.se\/?page_id=2639\">Vrigstad Tr\u00e4f\u00f6r\u00e4dling AB<\/a><\/p>\n<p>&nbsp;<\/p>\n","protected":false},"excerpt":{"rendered":"<p>Artur Karlssons s\u00e5gverk Bj\u00e4llebo s\u00e5g Helmer Andersson Hjalmar Johanssons s\u00e5gverk Hj\u00e4rteryds s\u00e5g Holkaryds Skatteg\u00e5rds s\u00e5g JMC Timber AB Lammafors s\u00e5g<\/p>\n","protected":false},"author":1,"featured_media":0,"parent":0,"menu_order":0,"comment_status":"closed","ping_status":"closed","template":"","meta":{"footnotes":""},"class_list":["post-2643","page","type-page","status-publish","hentry"],"_links":{"self":[{"href":"https:\/\/vrigstadshembygdsforening.se\/index.php?rest_route=\/wp\/v2\/pages\/2643","targetHints":{"allow":["GET"]}}],"collection":[{"href":"https:\/\/vrigstadshembygdsforening.se\/index.php?rest_route=\/wp\/v2\/pages"}],"about":[{"href":"https:\/\/vrigstadshembygdsforening.se\/index.php?rest_route=\/wp\/v2\/types\/page"}],"author":[{"embeddable":true,"href":"https:\/\/vrigstadshembygdsforening.se\/index.php?rest_route=\/wp\/v2\/users\/1"}],"replies":[{"embeddable":true,"href":"https:\/\/vrigstadshembygdsforening.se\/index.php?rest_route=%2Fwp%2Fv2%2Fcomments&post=2643"}],"version-history":[{"count":3,"href":"https:\/\/vrigstadshembygdsforening.se\/index.php?rest_route=\/wp\/v2\/pages\/2643\/revisions"}],"predecessor-version":[{"id":2648,"href":"https:\/\/vrigstadshembygdsforening.se\/index.php?rest_route=\/wp\/v2\/pages\/2643\/revisions\/2648"}],"wp:attachment":[{"href":"https:\/\/vrigstadshembygdsforening.se\/index.php?rest_route=%2Fwp%2Fv2%2Fmedia&parent=2643"}],"curies":[{"name":"wp","href":"https:\/\/api.w.org\/{rel}","templated":true}]}}