{"id":2614,"date":"2019-02-12T20:26:42","date_gmt":"2019-02-12T20:26:42","guid":{"rendered":"http:\/\/vrigstadshembygdsforening.se\/?page_id=2614"},"modified":"2019-02-12T20:26:42","modified_gmt":"2019-02-12T20:26:42","slug":"helmer-andersson","status":"publish","type":"page","link":"https:\/\/vrigstadshembygdsforening.se\/?page_id=2614","title":{"rendered":"Helmer Andersson"},"content":{"rendered":"<p dir=\"LTR\" style=\"text-align: left;\" align=\"JUSTIFY\">\u00c5r 1947 \u00f6vertogs Hjalmar Johanssons s\u00e5gverk av Helmer Andersson. 1962 flyttade Helmer verksamheten till en plan vid Stockarydsv\u00e4gen.<\/p>\n<p dir=\"LTR\" style=\"text-align: left;\" align=\"JUSTIFY\">Det var en modem anl\u00e4ggning med eldriven s\u00e5g best\u00e5ende av stockb\u00e4nk, klyvs\u00e5g och dubbelt kantverk. Helmer drev r\u00f6relsen till 1964 d\u00e5 Rune Olofsson k\u00f6pte s\u00e5gen.<\/p>\n<p style=\"text-align: left;\">Se Olofssons Hyvleri AB.<\/p>\n<figure id=\"attachment_2615\" aria-describedby=\"caption-attachment-2615\" style=\"width: 700px\" class=\"wp-caption alignnone\"><a href=\"https:\/\/media.vrigstadshembygdsforening.se\/\/W_Helmer-Andersson.jpg\"><img loading=\"lazy\" decoding=\"async\" class=\"size-full wp-image-2615\" src=\"https:\/\/media.vrigstadshembygdsforening.se\/\/W_Helmer-Andersson.jpg\" alt=\"\" width=\"700\" height=\"550\" srcset=\"https:\/\/media.vrigstadshembygdsforening.se\/W_Helmer-Andersson.jpg 700w, https:\/\/media.vrigstadshembygdsforening.se\/W_Helmer-Andersson-300x236.jpg 300w\" sizes=\"auto, (max-width: 700px) 100vw, 700px\" \/><\/a><figcaption id=\"caption-attachment-2615\" class=\"wp-caption-text\">Helmer och Anna Andersson i samband med festligheter d\u00e5 Rune Olofsson k\u00f6pte s\u00e5gen 1964.<\/figcaption><\/figure>\n<p>&nbsp;<\/p>\n","protected":false},"excerpt":{"rendered":"<p>\u00c5r 1947 \u00f6vertogs Hjalmar Johanssons s\u00e5gverk av Helmer Andersson. 1962 flyttade Helmer verksamheten till en plan vid Stockarydsv\u00e4gen. Det var<\/p>\n","protected":false},"author":1,"featured_media":0,"parent":0,"menu_order":0,"comment_status":"closed","ping_status":"closed","template":"","meta":{"footnotes":""},"class_list":["post-2614","page","type-page","status-publish","hentry"],"_links":{"self":[{"href":"https:\/\/vrigstadshembygdsforening.se\/index.php?rest_route=\/wp\/v2\/pages\/2614","targetHints":{"allow":["GET"]}}],"collection":[{"href":"https:\/\/vrigstadshembygdsforening.se\/index.php?rest_route=\/wp\/v2\/pages"}],"about":[{"href":"https:\/\/vrigstadshembygdsforening.se\/index.php?rest_route=\/wp\/v2\/types\/page"}],"author":[{"embeddable":true,"href":"https:\/\/vrigstadshembygdsforening.se\/index.php?rest_route=\/wp\/v2\/users\/1"}],"replies":[{"embeddable":true,"href":"https:\/\/vrigstadshembygdsforening.se\/index.php?rest_route=%2Fwp%2Fv2%2Fcomments&post=2614"}],"version-history":[{"count":1,"href":"https:\/\/vrigstadshembygdsforening.se\/index.php?rest_route=\/wp\/v2\/pages\/2614\/revisions"}],"predecessor-version":[{"id":2616,"href":"https:\/\/vrigstadshembygdsforening.se\/index.php?rest_route=\/wp\/v2\/pages\/2614\/revisions\/2616"}],"wp:attachment":[{"href":"https:\/\/vrigstadshembygdsforening.se\/index.php?rest_route=%2Fwp%2Fv2%2Fmedia&parent=2614"}],"curies":[{"name":"wp","href":"https:\/\/api.w.org\/{rel}","templated":true}]}}