{"id":2608,"date":"2019-02-12T20:22:40","date_gmt":"2019-02-12T20:22:40","guid":{"rendered":"http:\/\/vrigstadshembygdsforening.se\/?page_id=2608"},"modified":"2019-02-12T20:22:40","modified_gmt":"2019-02-12T20:22:40","slug":"artur-karlssons-sagverk","status":"publish","type":"page","link":"https:\/\/vrigstadshembygdsforening.se\/?page_id=2608","title":{"rendered":"Artur Karlssons s\u00e5gverk"},"content":{"rendered":"<p dir=\"LTR\" style=\"text-align: left;\" align=\"JUSTIFY\">Artur Karlssons s\u00e5gverk grundades 1933 och l\u00e5g alldeles utanf\u00f6r Vrigstad utefter Stockarydsv\u00e4gen. H\u00e4r f\u00f6r\u00e4dlades virke f\u00f6r export med 14 anst\u00e4llda. S\u00e5gverket var ett s.k. ARI-verk med stockcirkels\u00e5g, klyvs\u00e5g och dubbelt kantverk.<\/p>\n<p dir=\"LTR\" style=\"text-align: left;\" align=\"JUSTIFY\">Virket vidaref\u00f6r\u00e4dlades till stor del i hyvleri med 5-kuttriga hyvelmaskiner. 1954 ombildades<br \/>\nr\u00f6relsen till aktiebolag. Bolaget drevs till 1977 d\u00e5 verksamheten lades ned och inventarierna auktionerades bort.<\/p>\n<figure id=\"attachment_2609\" aria-describedby=\"caption-attachment-2609\" style=\"width: 700px\" class=\"wp-caption alignnone\"><a href=\"https:\/\/media.vrigstadshembygdsforening.se\/\/W_2013.022.png\"><img loading=\"lazy\" decoding=\"async\" class=\"size-full wp-image-2609\" src=\"https:\/\/media.vrigstadshembygdsforening.se\/\/W_2013.022.png\" alt=\"\" width=\"700\" height=\"473\" srcset=\"https:\/\/media.vrigstadshembygdsforening.se\/W_2013.022.png 700w, https:\/\/media.vrigstadshembygdsforening.se\/W_2013.022-300x203.png 300w\" sizes=\"auto, (max-width: 700px) 100vw, 700px\" \/><\/a><figcaption id=\"caption-attachment-2609\" class=\"wp-caption-text\">Carl-Uno Karlsson i Sunnerby S\u00f6derg\u00e5rd med sina s\u00f6ner. Fr.v. Artur, Martin, Carl-Uno, Bernhard och Simon.<\/figcaption><\/figure>\n<p>&nbsp;<\/p>\n","protected":false},"excerpt":{"rendered":"<p>Artur Karlssons s\u00e5gverk grundades 1933 och l\u00e5g alldeles utanf\u00f6r Vrigstad utefter Stockarydsv\u00e4gen. H\u00e4r f\u00f6r\u00e4dlades virke f\u00f6r export med 14 anst\u00e4llda.<\/p>\n","protected":false},"author":1,"featured_media":0,"parent":0,"menu_order":0,"comment_status":"closed","ping_status":"closed","template":"","meta":{"footnotes":""},"class_list":["post-2608","page","type-page","status-publish","hentry"],"_links":{"self":[{"href":"https:\/\/vrigstadshembygdsforening.se\/index.php?rest_route=\/wp\/v2\/pages\/2608","targetHints":{"allow":["GET"]}}],"collection":[{"href":"https:\/\/vrigstadshembygdsforening.se\/index.php?rest_route=\/wp\/v2\/pages"}],"about":[{"href":"https:\/\/vrigstadshembygdsforening.se\/index.php?rest_route=\/wp\/v2\/types\/page"}],"author":[{"embeddable":true,"href":"https:\/\/vrigstadshembygdsforening.se\/index.php?rest_route=\/wp\/v2\/users\/1"}],"replies":[{"embeddable":true,"href":"https:\/\/vrigstadshembygdsforening.se\/index.php?rest_route=%2Fwp%2Fv2%2Fcomments&post=2608"}],"version-history":[{"count":1,"href":"https:\/\/vrigstadshembygdsforening.se\/index.php?rest_route=\/wp\/v2\/pages\/2608\/revisions"}],"predecessor-version":[{"id":2610,"href":"https:\/\/vrigstadshembygdsforening.se\/index.php?rest_route=\/wp\/v2\/pages\/2608\/revisions\/2610"}],"wp:attachment":[{"href":"https:\/\/vrigstadshembygdsforening.se\/index.php?rest_route=%2Fwp%2Fv2%2Fmedia&parent=2608"}],"curies":[{"name":"wp","href":"https:\/\/api.w.org\/{rel}","templated":true}]}}