{"id":2584,"date":"2019-02-12T16:45:57","date_gmt":"2019-02-12T16:45:57","guid":{"rendered":"http:\/\/vrigstadshembygdsforening.se\/?page_id=2584"},"modified":"2019-02-12T16:45:57","modified_gmt":"2019-02-12T16:45:57","slug":"toffelmakare-oskar-svensson","status":"publish","type":"page","link":"https:\/\/vrigstadshembygdsforening.se\/?page_id=2584","title":{"rendered":"Toffelmakare Oskar Svensson"},"content":{"rendered":"<p dir=\"LTR\" style=\"text-align: left;\" align=\"JUSTIFY\">Oskar Svensson startade sitt toffelmakeri i Sk\u00e4rb\u00e4cken 1914. Sk\u00e4rb\u00e4cken ligger vid V\u00e4xj\u00f6v\u00e4gen p\u00e5 Sunnerby \u00d6streg\u00e5rds mark. 1916-1917 var det en enorm efterfr\u00e5gan p\u00e5 tr\u00e4tofflor och p\u00e5 marknaderna d\u00e4r han deltog s\u00e5ldes lagret snabbt ut.<\/p>\n<p dir=\"LTR\" style=\"text-align: left;\" align=\"JUSTIFY\">Som mest producerades 35-40 tr\u00e4tofflor per dag. Under 30- och 40-talet levererades hans tofflor till tre aff\u00e4rer i Vrigstad och en i Stockaryd. \u00c4nnu in p\u00e5 50-talet p\u00e5gick produktionen \u2013 om \u00e4n i mindre skala.<\/p>\n<p style=\"text-align: left;\">I en intervju 1950 ber\u00e4ttar Oskar Svensson om efterfr\u00e5gan som har sjunkit. De vanliga svarta tofflorna kostar 4,75 kronor. Helr\u00f6da tofflor kostar 6 kronor och tofflor med r\u00f6d kant framtill kostar 5 kronor. &#8221;Det \u00e4r bara en och annan h\u00f6gf\u00e4rdig fru som stoltserar i r\u00f6da. Och s\u00e5 stockholmarna, som g\u00e4star h\u00e4r i bygden, de ska f\u00f6rst\u00e5s ha r\u00f6da&#8221;.<\/p>\n<figure id=\"attachment_2585\" aria-describedby=\"caption-attachment-2585\" style=\"width: 400px\" class=\"wp-caption alignnone\"><a href=\"https:\/\/media.vrigstadshembygdsforening.se\/\/W_1979.013.png\"><img loading=\"lazy\" decoding=\"async\" class=\"size-full wp-image-2585\" src=\"https:\/\/media.vrigstadshembygdsforening.se\/\/W_1979.013.png\" alt=\"\" width=\"400\" height=\"572\" srcset=\"https:\/\/media.vrigstadshembygdsforening.se\/W_1979.013.png 400w, https:\/\/media.vrigstadshembygdsforening.se\/W_1979.013-210x300.png 210w\" sizes=\"auto, (max-width: 400px) 100vw, 400px\" \/><\/a><figcaption id=\"caption-attachment-2585\" class=\"wp-caption-text\">Oskar och Ida Svensson utanf\u00f6r sitt hus Sk\u00e4rb\u00e4cken cirka 1920.<\/figcaption><\/figure>\n<p>&nbsp;<\/p>\n","protected":false},"excerpt":{"rendered":"<p>Oskar Svensson startade sitt toffelmakeri i Sk\u00e4rb\u00e4cken 1914. Sk\u00e4rb\u00e4cken ligger vid V\u00e4xj\u00f6v\u00e4gen p\u00e5 Sunnerby \u00d6streg\u00e5rds mark. 1916-1917 var det en<\/p>\n","protected":false},"author":1,"featured_media":0,"parent":0,"menu_order":0,"comment_status":"closed","ping_status":"closed","template":"","meta":{"footnotes":""},"class_list":["post-2584","page","type-page","status-publish","hentry"],"_links":{"self":[{"href":"https:\/\/vrigstadshembygdsforening.se\/index.php?rest_route=\/wp\/v2\/pages\/2584","targetHints":{"allow":["GET"]}}],"collection":[{"href":"https:\/\/vrigstadshembygdsforening.se\/index.php?rest_route=\/wp\/v2\/pages"}],"about":[{"href":"https:\/\/vrigstadshembygdsforening.se\/index.php?rest_route=\/wp\/v2\/types\/page"}],"author":[{"embeddable":true,"href":"https:\/\/vrigstadshembygdsforening.se\/index.php?rest_route=\/wp\/v2\/users\/1"}],"replies":[{"embeddable":true,"href":"https:\/\/vrigstadshembygdsforening.se\/index.php?rest_route=%2Fwp%2Fv2%2Fcomments&post=2584"}],"version-history":[{"count":1,"href":"https:\/\/vrigstadshembygdsforening.se\/index.php?rest_route=\/wp\/v2\/pages\/2584\/revisions"}],"predecessor-version":[{"id":2586,"href":"https:\/\/vrigstadshembygdsforening.se\/index.php?rest_route=\/wp\/v2\/pages\/2584\/revisions\/2586"}],"wp:attachment":[{"href":"https:\/\/vrigstadshembygdsforening.se\/index.php?rest_route=%2Fwp%2Fv2%2Fmedia&parent=2584"}],"curies":[{"name":"wp","href":"https:\/\/api.w.org\/{rel}","templated":true}]}}