{"id":247,"date":"2015-07-13T20:49:49","date_gmt":"2015-07-13T20:49:49","guid":{"rendered":"http:\/\/vrigstadshembygdsforening.se\/?page_id=247"},"modified":"2020-08-18T15:38:22","modified_gmt":"2020-08-18T15:38:22","slug":"vrigstads-marknad","status":"publish","type":"page","link":"https:\/\/vrigstadshembygdsforening.se\/?page_id=247","title":{"rendered":"Vrigstads marknad"},"content":{"rendered":"<p><span style=\"font-family: Verdana; font-size: small;\">Marknaden i Vrigstad har mycket gamla anor, s\u00e4kert sedan medeltiden. Det \u00e4ldsta skriftliga dokumentet \u00e4r fr\u00e5n 1591, d\u00e4r kungen Johan III ger borgarna i V\u00e4xj\u00f6 f\u00f6rnyat tillst\u00e5nd att &#8221;hava deres handel p\u00e5 r\u00e4ttan marknadstid vid V\u00e4rnamo och Vrigstad&#8221;.<\/span><\/p>\n<p>Nu h\u00e5lls marknaden tv\u00e5 g\u00e5nger om \u00e5ret, i maj och augusti, d\u00e5 tusentals bes\u00f6kare kommer. F\u00f6rr h\u00f6lls den tre g\u00e5nger om \u00e5ret med stor handel i bl. a. lin och hudar, men st\u00f6rst och viktigast var handeln med h\u00e4star, oxar och andra n\u00f6tkreatur.<\/p>\n<p><a href=\"https:\/\/media.vrigstadshembygdsforening.se\/\/2015\/07\/kultmarknad.jpg\"><img loading=\"lazy\" decoding=\"async\" class=\"alignnone wp-image-248 size-full\" src=\"https:\/\/media.vrigstadshembygdsforening.se\/\/2015\/07\/kultmarknad.jpg\" alt=\"kultmarknad\" width=\"700\" height=\"419\" srcset=\"https:\/\/media.vrigstadshembygdsforening.se\/2015\/07\/kultmarknad.jpg 700w, https:\/\/media.vrigstadshembygdsforening.se\/2015\/07\/kultmarknad-300x180.jpg 300w\" sizes=\"auto, (max-width: 700px) 100vw, 700px\" \/><\/a>Bleckslagare fr\u00e5n S\u00e4vsj\u00f6 g\u00f6r aff\u00e4rer p\u00e5 Vrigstads marknad.<\/p>\n","protected":false},"excerpt":{"rendered":"<p>Marknaden i Vrigstad har mycket gamla anor, s\u00e4kert sedan medeltiden. Det \u00e4ldsta skriftliga dokumentet \u00e4r fr\u00e5n 1591, d\u00e4r kungen Johan<\/p>\n","protected":false},"author":1,"featured_media":0,"parent":0,"menu_order":0,"comment_status":"closed","ping_status":"open","template":"","meta":{"footnotes":""},"class_list":["post-247","page","type-page","status-publish","hentry"],"_links":{"self":[{"href":"https:\/\/vrigstadshembygdsforening.se\/index.php?rest_route=\/wp\/v2\/pages\/247","targetHints":{"allow":["GET"]}}],"collection":[{"href":"https:\/\/vrigstadshembygdsforening.se\/index.php?rest_route=\/wp\/v2\/pages"}],"about":[{"href":"https:\/\/vrigstadshembygdsforening.se\/index.php?rest_route=\/wp\/v2\/types\/page"}],"author":[{"embeddable":true,"href":"https:\/\/vrigstadshembygdsforening.se\/index.php?rest_route=\/wp\/v2\/users\/1"}],"replies":[{"embeddable":true,"href":"https:\/\/vrigstadshembygdsforening.se\/index.php?rest_route=%2Fwp%2Fv2%2Fcomments&post=247"}],"version-history":[{"count":2,"href":"https:\/\/vrigstadshembygdsforening.se\/index.php?rest_route=\/wp\/v2\/pages\/247\/revisions"}],"predecessor-version":[{"id":4297,"href":"https:\/\/vrigstadshembygdsforening.se\/index.php?rest_route=\/wp\/v2\/pages\/247\/revisions\/4297"}],"wp:attachment":[{"href":"https:\/\/vrigstadshembygdsforening.se\/index.php?rest_route=%2Fwp%2Fv2%2Fmedia&parent=247"}],"curies":[{"name":"wp","href":"https:\/\/api.w.org\/{rel}","templated":true}]}}