{"id":2314,"date":"2019-02-05T15:34:01","date_gmt":"2019-02-05T15:34:01","guid":{"rendered":"http:\/\/vrigstadshembygdsforening.se\/?page_id=2314"},"modified":"2019-02-05T15:34:01","modified_gmt":"2019-02-05T15:34:01","slug":"lunnaberg","status":"publish","type":"page","link":"https:\/\/vrigstadshembygdsforening.se\/?page_id=2314","title":{"rendered":"Lunnaberg"},"content":{"rendered":"<p dir=\"LTR\" align=\"JUSTIFY\"><span style=\"font-size: medium;\">G\u00e5rden Lunnaberg har gamla anor. H\u00e4r drevs g\u00e4stgiveri mellan \u00e5ren 1666-1688. <\/span>\u00c5r 1871 kom Andreas Ferdinand Lundberg tillsammans med hustrun Anna Cathrina som arrendator till Lunnaberg och tio \u00e5r senare k\u00f6pte de g\u00e5rden. A.F. Lundberg avled 1907 och d\u00e5 tog en av s\u00f6nerna, Johan<br \/>\nRobert, \u00f6ver g\u00e5rden. J.R. Lundberg avled 1962, men redan \u00e5r 1948 \u00f6vertog sonen Olof (Olle) och Marianne Lundberg drift och \u00e4gande.<\/p>\n<p dir=\"LTR\" align=\"JUSTIFY\">Djurbes\u00e4ttningen bestod d\u00e5 av 8-10 kor, 5 suggor, 15 ungdjur och 30 h\u00f6ns. \u00c5kerarealen var p\u00e5 cirka 20 ha \u00e5ker samt tillh\u00f6rande skogsareal p\u00e5 120 ha. D\u00e5 brukades den s\u00e5 kallade &#8221;Sandsl\u00e4ttstr\u00e4dan&#8221;, vilken gick \u00e4nda ner till nuvarande Valborg Lundbergs villa p\u00e5 V\u00e4xj\u00f6v\u00e4gen 9. Mekaniseringen av jordbruket hade b\u00f6rjat d\u00e5, det fanns maskiner s\u00e5som traktor och sj\u00e4lvbindare p\u00e5 g\u00e5rden.<\/p>\n<p dir=\"LTR\" align=\"JUSTIFY\">Under 1960 och-70-talen ut\u00f6kades djurbes\u00e4ttningen. Investeringar gjordes i byggnaderna f\u00f6r att underl\u00e4tta arbetet och \u00e5kerarealen ut\u00f6kades med arrenden. Sonen Per gick 1978 in i driften tillsammans med pappan Olle och sonen Hans \u00f6vertog pappans del n\u00e5gra \u00e5r senare.<\/p>\n<p dir=\"LTR\" align=\"JUSTIFY\">De f\u00f6rsta \u00e5ren p\u00e5 1980-talet bedrevs den mest omfattade verksamheten p\u00e5 g\u00e5rden. Djurbes\u00e4ttningen bestod av 45 kor och 65 ungdjur. D\u00e5 arrenderades \u00e4ven Carlstr\u00f6ms ladug\u00e5rd i M\u00e5nsag\u00e5rden. Total \u00e5kerareal med arrenden uppgick nu till 65 ha. Total mj\u00f6lkleverans uppgick till 1 600 liter\/varannan dag.<\/p>\n<p dir=\"LTR\" align=\"JUSTIFY\">\u00c5r 1983 var det sista \u00e5ret som det bedrevs mj\u00f6lk- och djurproduktion p\u00e5 Lunnaberg. G\u00e5rden hade exproprierats av S\u00e4vsj\u00f6 kommun, som beh\u00f6vde marken till utbyggnad av samh\u00e4llet. \u00c5kerarealen blev d\u00e4rmed f\u00f6r liten till denna nu s\u00e5 omfattande verksamhet.<\/p>\n<p dir=\"LTR\" align=\"JUSTIFY\">Br\u00f6derna Hans och Per Lundberg flyttade d\u00e4rf\u00f6r driften till den f\u00f6rv\u00e4rvade fastigheten<br \/>\nRavelsmark i Gr\u00e4nna. Fastigheten \u00e4r kvar i sl\u00e4kten Lundberg, nu bor Olle och Mariannes yngste son Lars med familj i mang\u00e5rdsbyggnaden p\u00e5 Lunnaberg.<\/p>\n<p dir=\"LTR\" align=\"JUSTIFY\"><a href=\"https:\/\/media.vrigstadshembygdsforening.se\/\/W_Untitled-1.png\"><img loading=\"lazy\" decoding=\"async\" class=\"alignnone size-full wp-image-2315\" src=\"https:\/\/media.vrigstadshembygdsforening.se\/\/W_Untitled-1.png\" alt=\"\" width=\"700\" height=\"473\" srcset=\"https:\/\/media.vrigstadshembygdsforening.se\/W_Untitled-1.png 700w, https:\/\/media.vrigstadshembygdsforening.se\/W_Untitled-1-300x203.png 300w\" sizes=\"auto, (max-width: 700px) 100vw, 700px\" \/><\/a><\/p>\n<p dir=\"LTR\" align=\"LEFT\">Lunnaberg sett fr\u00e5n ovan p\u00e5 1940-talet.<\/p>\n<p><a href=\"https:\/\/media.vrigstadshembygdsforening.se\/\/W_Untitled-2.png\"><img loading=\"lazy\" decoding=\"async\" class=\"size-full wp-image-2316 alignleft\" src=\"https:\/\/media.vrigstadshembygdsforening.se\/\/W_Untitled-2.png\" alt=\"\" width=\"400\" height=\"340\" srcset=\"https:\/\/media.vrigstadshembygdsforening.se\/W_Untitled-2.png 400w, https:\/\/media.vrigstadshembygdsforening.se\/W_Untitled-2-300x255.png 300w\" sizes=\"auto, (max-width: 400px) 100vw, 400px\" \/><\/a><\/p>\n<p dir=\"LTR\" align=\"LEFT\">En paus i skogsarbetet f\u00f6r Lars och Olle Lundberg.<\/p>\n<p dir=\"LTR\" align=\"LEFT\">\n<p dir=\"LTR\" align=\"LEFT\">\n<p dir=\"LTR\" align=\"LEFT\">\n<p dir=\"LTR\" align=\"LEFT\">\n<p dir=\"LTR\" align=\"LEFT\">\n<p dir=\"LTR\" align=\"LEFT\">\n<p dir=\"LTR\" align=\"LEFT\">\n<p dir=\"LTR\" align=\"LEFT\"><a href=\"https:\/\/media.vrigstadshembygdsforening.se\/\/W_Untitled-3.png\"><img loading=\"lazy\" decoding=\"async\" class=\"alignnone size-full wp-image-2317\" src=\"https:\/\/media.vrigstadshembygdsforening.se\/\/W_Untitled-3.png\" alt=\"\" width=\"700\" height=\"415\" srcset=\"https:\/\/media.vrigstadshembygdsforening.se\/W_Untitled-3.png 700w, https:\/\/media.vrigstadshembygdsforening.se\/W_Untitled-3-300x178.png 300w\" sizes=\"auto, (max-width: 700px) 100vw, 700px\" \/><\/a><\/p>\n<p dir=\"LTR\" align=\"LEFT\">Hans Lundberg k\u00f6r sk\u00f6rdetr\u00f6ska 1982.<\/p>\n","protected":false},"excerpt":{"rendered":"<p>G\u00e5rden Lunnaberg har gamla anor. H\u00e4r drevs g\u00e4stgiveri mellan \u00e5ren 1666-1688. \u00c5r 1871 kom Andreas Ferdinand Lundberg tillsammans med hustrun<\/p>\n","protected":false},"author":1,"featured_media":0,"parent":0,"menu_order":0,"comment_status":"closed","ping_status":"closed","template":"","meta":{"footnotes":""},"class_list":["post-2314","page","type-page","status-publish","hentry"],"_links":{"self":[{"href":"https:\/\/vrigstadshembygdsforening.se\/index.php?rest_route=\/wp\/v2\/pages\/2314","targetHints":{"allow":["GET"]}}],"collection":[{"href":"https:\/\/vrigstadshembygdsforening.se\/index.php?rest_route=\/wp\/v2\/pages"}],"about":[{"href":"https:\/\/vrigstadshembygdsforening.se\/index.php?rest_route=\/wp\/v2\/types\/page"}],"author":[{"embeddable":true,"href":"https:\/\/vrigstadshembygdsforening.se\/index.php?rest_route=\/wp\/v2\/users\/1"}],"replies":[{"embeddable":true,"href":"https:\/\/vrigstadshembygdsforening.se\/index.php?rest_route=%2Fwp%2Fv2%2Fcomments&post=2314"}],"version-history":[{"count":1,"href":"https:\/\/vrigstadshembygdsforening.se\/index.php?rest_route=\/wp\/v2\/pages\/2314\/revisions"}],"predecessor-version":[{"id":2318,"href":"https:\/\/vrigstadshembygdsforening.se\/index.php?rest_route=\/wp\/v2\/pages\/2314\/revisions\/2318"}],"wp:attachment":[{"href":"https:\/\/vrigstadshembygdsforening.se\/index.php?rest_route=%2Fwp%2Fv2%2Fmedia&parent=2314"}],"curies":[{"name":"wp","href":"https:\/\/api.w.org\/{rel}","templated":true}]}}