{"id":2302,"date":"2019-02-05T15:15:11","date_gmt":"2019-02-05T15:15:11","guid":{"rendered":"http:\/\/vrigstadshembygdsforening.se\/?page_id=2302"},"modified":"2019-02-05T15:15:34","modified_gmt":"2019-02-05T15:15:34","slug":"hultens-eko-gronsaker","status":"publish","type":"page","link":"https:\/\/vrigstadshembygdsforening.se\/?page_id=2302","title":{"rendered":"Hult\u00e9ns Eko Gr\u00f6nsaker"},"content":{"rendered":"<p dir=\"LTR\" align=\"JUSTIFY\">Sunnerby Norreg\u00e5rd \u00e4gs nu av Jeanette och Paul Hult\u00e9n. 2016 startade de Hult\u00e9ns Eko Gr\u00f6nsaker med ekologisk gr\u00f6nsaksodling i ett nyuppf\u00f6rt v\u00e4xthus och p\u00e5 friland. Man har f\u00f6rs\u00e4ljning p\u00e5 g\u00e5rden och till lokala handlare.<\/p>\n<p><a href=\"https:\/\/media.vrigstadshembygdsforening.se\/\/W_Eko2.jpg\"><img loading=\"lazy\" decoding=\"async\" class=\"size-full wp-image-2304 alignleft\" src=\"https:\/\/media.vrigstadshembygdsforening.se\/\/W_Eko2.jpg\" alt=\"\" width=\"400\" height=\"413\" srcset=\"https:\/\/media.vrigstadshembygdsforening.se\/W_Eko2.jpg 400w, https:\/\/media.vrigstadshembygdsforening.se\/W_Eko2-291x300.jpg 291w\" sizes=\"auto, (max-width: 400px) 100vw, 400px\" \/><\/a>Paul Hult\u00e9n sk\u00f6rdar gurka uppe vid v\u00e4xthustaket.<\/p>\n<p>&nbsp;<\/p>\n<p>&nbsp;<\/p>\n<p>&nbsp;<\/p>\n<p>&nbsp;<\/p>\n<p>&nbsp;<\/p>\n<p>&nbsp;<\/p>\n<p>&nbsp;<\/p>\n<p>&nbsp;<\/p>\n<p>&nbsp;<\/p>\n<p><a href=\"https:\/\/media.vrigstadshembygdsforening.se\/\/W_Eko1.jpg\"><img loading=\"lazy\" decoding=\"async\" class=\"alignnone size-full wp-image-2303\" src=\"https:\/\/media.vrigstadshembygdsforening.se\/\/W_Eko1.jpg\" alt=\"\" width=\"700\" height=\"435\" srcset=\"https:\/\/media.vrigstadshembygdsforening.se\/W_Eko1.jpg 700w, https:\/\/media.vrigstadshembygdsforening.se\/W_Eko1-300x186.jpg 300w\" sizes=\"auto, (max-width: 700px) 100vw, 700px\" \/><\/a><\/p>\n<p dir=\"LTR\" align=\"LEFT\">Hult\u00e9ns Eko Gr\u00f6nsaker d\u00e4r Jeanette och Paul Hult\u00e9n sk\u00f6rdar gr\u00f6nsaker p\u00e5 friland, tillsammans med en kund.<\/p>\n","protected":false},"excerpt":{"rendered":"<p>Sunnerby Norreg\u00e5rd \u00e4gs nu av Jeanette och Paul Hult\u00e9n. 2016 startade de Hult\u00e9ns Eko Gr\u00f6nsaker med ekologisk gr\u00f6nsaksodling i ett<\/p>\n","protected":false},"author":1,"featured_media":0,"parent":0,"menu_order":0,"comment_status":"closed","ping_status":"closed","template":"","meta":{"footnotes":""},"class_list":["post-2302","page","type-page","status-publish","hentry"],"_links":{"self":[{"href":"https:\/\/vrigstadshembygdsforening.se\/index.php?rest_route=\/wp\/v2\/pages\/2302","targetHints":{"allow":["GET"]}}],"collection":[{"href":"https:\/\/vrigstadshembygdsforening.se\/index.php?rest_route=\/wp\/v2\/pages"}],"about":[{"href":"https:\/\/vrigstadshembygdsforening.se\/index.php?rest_route=\/wp\/v2\/types\/page"}],"author":[{"embeddable":true,"href":"https:\/\/vrigstadshembygdsforening.se\/index.php?rest_route=\/wp\/v2\/users\/1"}],"replies":[{"embeddable":true,"href":"https:\/\/vrigstadshembygdsforening.se\/index.php?rest_route=%2Fwp%2Fv2%2Fcomments&post=2302"}],"version-history":[{"count":1,"href":"https:\/\/vrigstadshembygdsforening.se\/index.php?rest_route=\/wp\/v2\/pages\/2302\/revisions"}],"predecessor-version":[{"id":2305,"href":"https:\/\/vrigstadshembygdsforening.se\/index.php?rest_route=\/wp\/v2\/pages\/2302\/revisions\/2305"}],"wp:attachment":[{"href":"https:\/\/vrigstadshembygdsforening.se\/index.php?rest_route=%2Fwp%2Fv2%2Fmedia&parent=2302"}],"curies":[{"name":"wp","href":"https:\/\/api.w.org\/{rel}","templated":true}]}}